{"id":15904,"date":"2025-12-02T14:39:32","date_gmt":"2025-12-02T13:39:32","guid":{"rendered":"https:\/\/www.umanitaria.it\/alghero\/?post_type=appuntamento&#038;p=15904"},"modified":"2026-01-08T11:31:46","modified_gmt":"2026-01-08T10:31:46","slug":"15904","status":"publish","type":"appuntamento","link":"https:\/\/www.umanitaria.it\/alghero\/appuntamento\/15904\/","title":{"rendered":"Dicembre &#8217;25"},"content":{"rendered":"\n<p>Prosegue <strong>SCOMPOSTE \u2013 Storie di donne che non stanno al loro posto<\/strong>, la rassegna della Societ\u00e0 Umanitaria di Alghero che, attraverso proiezioni, incontri e spettacoli, esplora le discriminazione e le trasformazioni sociali che condizionano la vita delle donne. Il programma di dicembre guarda all\u2019educazione maschile e ai modelli di mascolinit\u00e0 trasmessi nella societ\u00e0, perch\u00e9 comprendere come vengono cresciuti i maschi significa capire le condizioni che definiscono, limitano o ostacolano il percorso delle donne.<\/p>\n","protected":false},"featured_media":15907,"template":"","meta":{"_acf_changed":true,"_seopress_robots_primary_cat":"","_seopress_titles_title":"","_seopress_titles_desc":"","_seopress_robots_index":"","inline_featured_image":false},"cultura":[155],"tag-cultura":[],"class_list":["post-15904","appuntamento","type-appuntamento","status-publish","has-post-thumbnail","hentry","cultura-scomposte"],"acf":[],"_links":{"self":[{"href":"https:\/\/www.umanitaria.it\/alghero\/wp-json\/wp\/v2\/appuntamento\/15904","targetHints":{"allow":["GET"]}}],"collection":[{"href":"https:\/\/www.umanitaria.it\/alghero\/wp-json\/wp\/v2\/appuntamento"}],"about":[{"href":"https:\/\/www.umanitaria.it\/alghero\/wp-json\/wp\/v2\/types\/appuntamento"}],"wp:featuredmedia":[{"embeddable":true,"href":"https:\/\/www.umanitaria.it\/alghero\/wp-json\/wp\/v2\/media\/15907"}],"wp:attachment":[{"href":"https:\/\/www.umanitaria.it\/alghero\/wp-json\/wp\/v2\/media?parent=15904"}],"wp:term":[{"taxonomy":"cultura","embeddable":true,"href":"https:\/\/www.umanitaria.it\/alghero\/wp-json\/wp\/v2\/cultura?post=15904"},{"taxonomy":"tag-cultura","embeddable":true,"href":"https:\/\/www.umanitaria.it\/alghero\/wp-json\/wp\/v2\/tag-cultura?post=15904"}],"curies":[{"name":"wp","href":"https:\/\/api.w.org\/{rel}","templated":true}]}}

<p>Prosegue <strong>SCOMPOSTE – Storie di donne che non stanno al loro posto</strong>, la rassegna della Società Umanitaria di Alghero che, attraverso proiezioni, incontri e spettacoli, esplora le discriminazione e le trasformazioni sociali che condizionano la vita delle donne. Il programma di dicembre guarda all’educazione maschile e ai modelli di mascolinità trasmessi nella società, perché comprendere come vengono cresciuti i maschi significa capire le condizioni che definiscono, limitano o ostacolano il percorso delle donne.</p>
