{"id":14997,"date":"2025-09-18T14:52:32","date_gmt":"2025-09-18T12:52:32","guid":{"rendered":"https:\/\/www.umanitaria.it\/alghero\/?page_id=14997"},"modified":"2025-09-23T16:55:36","modified_gmt":"2025-09-23T14:55:36","slug":"edizione-2024","status":"publish","type":"page","link":"https:\/\/www.umanitaria.it\/alghero\/cinema-delle-terre-e-del-mare-edizioni-passate\/edizione-2024\/","title":{"rendered":"Edizione 2024"},"content":{"rendered":"\n<p>I grandi film, le spiagge pi\u00f9 belle: <strong>da<\/strong> <strong>gioved\u00ec 11<\/strong> <strong>a<\/strong> <strong>marted\u00ec 25 luglio<\/strong> torna <strong>Cinema delle Terre del Mare<\/strong>, il Festival della <strong>Societ\u00e0 Umanitaria di Alghero<\/strong> che naviga lungo tutta la Riviera del Corallo, per un mese ricco di incontri e proiezioni vista mare.<\/p>\n\n\n\n<p>Tra gli ospiti di questa edizione registi e registe, autori e autrici italiani\/e e internazionali, i cui lavori sono stati accolti&nbsp;e premiati nei principali Festival del mondo. Molte le opere prime in programma, per un cartellone come sempre capace di sperimentare, osare e stupire. Animeranno le giornate di <strong>Cinema delle Terre del Mare<\/strong>, tra gli altri, <strong>Carlo Sironi<\/strong>, <strong>Amine Berrada<\/strong>, <strong>Paloma Zapata<\/strong>, <strong>Gianluca<\/strong> <strong>Vassallo<\/strong>, <strong>Federico Sacchi<\/strong>, <strong>Andrej Korovljev<\/strong>, oltre a <strong>Lucia Cardone <\/strong>e <strong>Giulia Simi<\/strong> dell\u2019Universit\u00e0 di Sassari.<\/p>\n\n\n\n<p>\u00abIl Festival \u2013 spiega la direttrice della Societ\u00e0 Umanitaria di Alghero <strong>Alessandra Sento<\/strong> &#8211; \u00e8 una dichiarazione d\u2019amore, un tributo e un omaggio alla settima arte e ai suoi rapporti con il mare. Un viaggio fisico e ideale che parte dal centro citt\u00e0, attraversa le pi\u00f9 suggestive spiagge del nostro litorale<strong> <\/strong>e si conclude a Capo Caccia, dove tutto \u00e8 cominciato nel lontano 1965 con il Meeting Internazionale del Cinema\u00bb.<\/p>\n\n\n\n<p><strong><mark style=\"background-color:rgba(0, 0, 0, 0)\" class=\"has-inline-color has-global-color-8-color\">L\u2019ANTEPRIMA. <\/mark><\/strong>Ma il viaggio di <strong>Cinema delle Terre del mare <\/strong>prende il largo gi\u00e0 <strong>sabato 6 luglio a<\/strong> <strong>Porto Ferro<\/strong>, l\u2019incantevole e profonda baia al limite nord della Riviera del Corallo. Nell\u2019area piscina del <strong>Baretto<\/strong>, a partire <strong>dalle 21<\/strong>, in programma una serata dal titolo <strong>A cena con <em>Mi fanno male i capelli<\/em><\/strong>. Una cena a bordo piscina accompagnata dalla proiezione del film di Roberta Torre <strong><em>Mi fanno male i capelli<\/em><\/strong>, presentato all\u2019ultima edizione della Festa del Cinema di Roma, con Alice Rohrwacher<strong> <\/strong>premiata come miglior attrice.<\/p>\n\n\n\n<p><strong><mark style=\"background-color:rgba(0, 0, 0, 0)\" class=\"has-inline-color has-global-color-8-color\">I FILM. <\/mark><\/strong>Un\u2019attenzione particolare per le opere prime di qualit\u00e0 e per le pellicole premiate nei pi\u00f9 importanti Festival del mondo. La selezione di Cinema delle Terre del Mare anche quest\u2019anno porta ad Alghero le storie pi\u00f9 interessanti del panorama italiano e internazionale. Si comincia <strong>gioved\u00ec 11 luglio<\/strong> nella <strong>Sala Conferenze de<\/strong> <strong>Lo Quarter<\/strong>, alle <strong>18<\/strong> con <strong><em>\u00c0ma Gloria \u2013 L\u2019estate di Cl\u00e9o<\/em> <\/strong>di Marie Amachoukeli, protagonista al Festival di Cannes 2023. Si prosegue poi nel <strong>Piazzale de Lo Quarter<\/strong> alle <strong>22<\/strong>, quando il regista <strong>Carlo Sironi<\/strong> &#8211; 40enne romano al suo secondo lungometraggio &#8211; sar\u00e0 presente in sala per la proiezione di <strong><em>Quell\u2019estate con Ir\u00e8ne<\/em><\/strong>, delicata e onirica storia di formazione accolta con grande entusiasmo all\u2019ultimo Festival di Berlino. Sar\u00e0 invece il direttore della fotografia <strong>Amine Berrada<\/strong>, nato e cresciuto a Casablanca ma parigino d\u2019adozione, il protagonista dell\u2019incontro d\u2019apertura di <strong>venerd\u00ec 12 luglio<\/strong>, alle <strong>18<\/strong> nella <strong>Sala Conferenze de Lo Quarter<\/strong>. A lui il compito di raccontare al pubblico <strong><em>Les meutes \u2013<\/em> <em>Noir Casablanca<\/em> <\/strong>di Kamal Lazraq, premio della Giuria Un Certain Regard al Festival di Cannes 2023. Il <strong>sabato<\/strong> di Cinema delle Terre del Mare si sposta in spiaggia, alle <strong>Bombarde<\/strong>, con ingresso alle <strong>22<\/strong> dallo stabilimento <strong>J&amp;B<\/strong>, per la proiezione di <strong><em>Afire \u2013 Il cielo brucia<\/em> <\/strong>di Christian Petzold, Orso d\u2019argento e Gran Premio della Giuria al Festival di Berlino 2023. La storia di quattro giovani che, durante una calda estate sul Mar Baltico, si ritrovano intrappolati in una casa vacanze, finendo per avvicinarsi e desiderarsi. <strong>Domenica 14 luglio<\/strong> si torna nella <strong>Sala Conferenze de Lo Quarter<\/strong>, dove alle <strong>18<\/strong> il regista <strong>Gianluca Vassallo<\/strong> presenta il suo primo lungometraggio: <strong><em>La Sedia<\/em><\/strong>, il racconto di una grottesca via crucis civile e familiare, in una Sardegna quasi trasfigurata, attraverso i suoi demoni e quelli della contemporaneit\u00e0. <strong>Luned\u00ec 15 luglio<\/strong> nuovo appuntamento internazionale grazie all\u2019incontro con il regista croato <strong>Andrej Korovljev <\/strong>e alla proiezione del suo <strong><em>Hotel Pula<\/em><\/strong>, struggente racconto di un gruppo di rifugiati reclusi in un vecchio albergo di Pola, alle met\u00e0 degli anni \u201990. Un evento in collaborazione con <strong>Trieste Film Festival<\/strong> in programma alle <strong>18<\/strong> nella <strong>Sala Conferenze de Lo Quarter<\/strong>. A seguire il Festival si sposta in spiaggia, al <strong>Summerbeach Village-Lido San Giovanni<\/strong>, dove alle <strong>22<\/strong> si proietta <strong><em>Paradise is burning<\/em>, <\/strong>della regista svedese Mika Gustafson, Premio Orizzonti miglior film a Venezia 2023.<\/p>\n\n\n\n<p><strong><mark style=\"background-color:rgba(0, 0, 0, 0)\" class=\"has-inline-color has-global-color-8-color\">EVENTI SPECIALI. <\/mark>Venerd\u00ec 12 luglio<\/strong> appuntamento alle <strong>21<\/strong> allo <strong>Stabilimento Rosanna<\/strong> nella <strong>spiaggia di<\/strong> <strong>Maria Pia<\/strong>, per una suggestiva esibizione di <strong>flamenco al tramonto<\/strong> a cura di <strong>Luis Doppio <\/strong>e <strong>Anna Marras<\/strong>. Una spettacolare anteprima in attesa delle <strong>22<\/strong>, quando verr\u00e0 proiettato <strong><em>La Singla<\/em><\/strong>,&nbsp; storia di un ballerina gitana che negli anni \u201850 diventa un fenomeno del flamenco a soli 17 anni, nonostante la sordit\u00e0. Interviene la regista <strong>Paloma Zapata<\/strong>, intervistata dal collega <strong>Marco Antonio Pani<\/strong>. <em>La Singla<\/em> \u00e8 stato premiato come miglior film al DocsBarcelona, miglior documentario al Moscow International Film Festival, e ha ricevuto la Menzione speciale al Krakow Film Festival. In collaborazione con l\u2019<strong>Ente Nazionale Sordi<\/strong> sezione Provinciale di Sassari, per la prima volta a Cinema delle Terre del Mare, l\u2019incontro sar\u00e0 <strong>tradotto in Lis<\/strong> <strong>da<\/strong> <strong>Maria Vittoria Lay<\/strong>. Altra serata particolare quella di <strong>domenica 14 luglio<\/strong>, sia per la cornice \u2013 il <strong>Nuraghe di Palmavera<\/strong> &#8211; che per lo spettacolo in programma, l\u2019esperienza d\u2019ascolto <em><strong>Miss Show Business<\/strong><\/em> &#8211; <strong><em>Judy Garland oltre l&#8217;arcobaleno<\/em><\/strong>, storytelling, musica, teatro, video e nuove tecnologie a cura del musicteller <strong>Federico Sacchi,<\/strong> &nbsp;protagonista della serata, dalle <strong>21.30<\/strong>. Lo spettacolo racconta la dolorosa e poetica storia di Judy Garland, una delle grandi voci della canzone americana. Un appuntamento in collaborazione con il Festival <strong>Abbabula<\/strong>, con biglietto a <strong>12\u20ac <\/strong>acquistabile su <strong>TicketOne<\/strong>. Per info: <mark style=\"background-color:rgba(0, 0, 0, 0)\" class=\"has-inline-color has-global-color-8-color\">Le Ragazze Terribili +39 079 27 82 75<\/mark>. Il mondo di Monica Vitti \u00e8 invece al centro della serata di <strong>marted\u00ec 16 luglio<\/strong>, alle <strong>21<\/strong> nella <strong>Sala Conferenze de Lo Quarter<\/strong>. <strong>Lucia Cardone<\/strong> e <strong>Giulia Simi<\/strong> dell\u2019Universit\u00e0 di Sassari introdurranno un grande classico del nostro cinema come <strong><em>Il deserto rosso<\/em> <\/strong>di Michelangelo Antonioni. L\u2019appuntamento \u00e8 parte di <strong>DaMA<\/strong> &#8211; <strong>Drawing a Map of Italian Actresses in Writing<\/strong>,&nbsp; progetto di ricerca multidisciplinare volto allo studio e alla mappatura digitale delle <em>divagrafie<\/em>, le forme di scrittura praticate dalle attrici. Nello specifico interverranno su <strong><em>Monica Vitti \u2013 attrice che scrive<\/em><\/strong>, e sul suo contributo al capolavoro di Antonioni. In collaborazione con il DUMAS dell\u2019Universit\u00e0 di Sassari. L\u2019ultimo grande appuntamento speciale del Festival, quello di chiusura, in collaborazione con ASD Polisportiva Sottorete, \u00e8 in programma <strong>marted\u00ec 25 luglio<\/strong>, a partire dalle <strong>22.30<\/strong> al <strong>Summerbeach Village\u2013Lido San Giovanni,<\/strong> dove andr\u00e0 in scena il <strong>VJ-set<\/strong> a cura del collettivo <strong>Ciao! Discoteca italiana<\/strong>. Non semplicemente una festa, piuttosto un vero e proprio progetto culturale, legato al recupero e alla diffusione del cantautorato italiano, e persino politico, visto l\u2019impegno del collettivo di promuovere la condivisione della musica in sale da ballo libere.<\/p>\n\n\n\n<p><strong><mark style=\"background-color:rgba(0, 0, 0, 0)\" class=\"has-inline-color has-global-color-8-color\">ALGHERO CITT\u00c0 DEL CINEMA, DUE ITINERARI CINETURISTICI. <\/mark><\/strong>Da un\u2019idea della Societ\u00e0 Umanitaria di Alghero tornano gli itinerari cineturistici: due tour alla scoperta del profondo legame tra la Riviera del Corallo e il grande cinema, per conservare e valorizzare la memoria audiovisiva della citt\u00e0, e rilanciare la candidatura di <strong>Alghero Citt\u00e0 del Cinema in Sardegna<\/strong>. Primo appuntamento <strong>sabato 13 luglio, <\/strong>con partenza alle <strong>9.30 <\/strong>dallo <strong>Scalo Tarantiello<\/strong>. <strong>Nadia Rondello<\/strong> (Societ\u00e0 Umanitaria) condurr\u00e0 i partecipanti in un <strong>tour a piedi<\/strong> per raccontare il momento in cui inizia l\u2019amore tra il cinema e Alghero. Dalla sceneggiatura di un film mai realizzato da <strong>Antonio Simon Mossa<\/strong>, architetto di fama internazionale con la passione del cinema, ai documentari di <strong>Fiorenzo Serra<\/strong> e <strong>Arturo Usai,<\/strong> storie di addii e ritorni, di pescatori antichi e di un mare, insieme ricchezza e dannazione. Per partecipare \u00e8 richiesta la prenotazione all\u2019indirizzo alghero@umanitaria.it.&nbsp;Il secondo tour, <strong>sabato 20 luglio, <\/strong>prevede un\u2019<strong>escursione in barca<\/strong> a bordo della motonave Neptunus.<strong> <\/strong>Partenza dalla<strong> Banchina Dogana<\/strong> alle<strong> 18.30 <\/strong>con destinazione <strong>Grotta di Nettuno &#8211; Capo Caccia<\/strong> sulle tracce de <strong><em>L\u2019Isola degli uomini pesce<\/em><\/strong>, l\u2019<em>adventure movie<\/em> di Sergio Martino girato nel 1978 all\u2019interno della Grotta. Una preziosa occasione di promozione del territorio attraverso il cinema, e di promozione del cinema attraverso il territorio, organizzata in collaborazione con la Cooperativa Le Ragazze Terribili e la Fondazione Alghero. L\u2019itinerario \u00e8 a cura di <strong>Nadia Rondello <\/strong>(Societ\u00e0 Umanitaria) e <strong>Marta Berretta<\/strong> (Fondazione Alghero). Ticket <strong>15\u20ac<\/strong>. Info e prenotazioni: <mark style=\"background-color:rgba(0, 0, 0, 0)\" class=\"has-inline-color has-global-color-8-color\">Societ\u00e0 Umanitaria +39 079 97 43 75 alghero@umanitaria.it | Le Ragazze Terribili +39 079 27 82 75<\/mark>.<\/p>\n\n\n\n<p><strong><mark style=\"background-color:rgba(0, 0, 0, 0)\" class=\"has-inline-color has-global-color-8-color\">PER I BAMBINI E LE BAMBINE. <\/mark><\/strong>Cinema delle Terre del Mare<strong> <\/strong>\u00e8 fatto anche di momenti di dedicati ai piccoli spettatori. <strong>Gioved\u00ec 18 <\/strong>e <strong>venerd\u00ec 19 luglio<\/strong>, al <strong>Summerbeach Village-Lido San Giovanni<\/strong>, due serate a cura dell\u2019associazione <strong>Fuori di Camper<\/strong>&nbsp;dedicate ai bambini e alle bambine tra i 5 e i 10 anni, in collaborazione con ASD Polisportiva Sottorete. Alle <strong>20.30 <\/strong>si comincia con il <strong>Giocacinema<\/strong>, a cura del<strong> MiniClub SummerBeach Ichnu<\/strong>. Alle <strong>21.30<\/strong> spazio alle proiezioni con i film <strong><em>Le avventure del piccolo Nicolas <\/em><\/strong>(gioved\u00ec 18), film francese di Amandine Fredon e Benjamin Massoubre; e <strong><em>Ernest e Celestine \u2013 L\u2019avventura delle 7 note<\/em><\/strong> (venerd\u00ec 19), anche in questo caso pellicola d\u2019oltralpe firmata da St\u00e9phane Aubier, Vincent Patar e Benjamin Renner. Per info e prenotazioni: <mark style=\"background-color:rgba(0, 0, 0, 0)\" class=\"has-inline-color has-global-color-8-color\">+39 340 40 35 118 | +39 349 63 34 711 Associazione Fuori di Camper<\/mark>.<\/p>\n\n\n\n<p><strong>Cinema delle Terre del Mare<\/strong> \u00e8 un progetto sostenuto dalla Regione Sardegna e patrocinato dal Comune di Alghero. Gode del contributo &nbsp;della Fondazione Alghero, della Fondazione di Sardegna e della Fondazione Sardegna Film Commission. Rientra nel cartellone #ALGHEROEXPERIENCE organizzato dalla Fondazione Alghero. Cinema delle Terre del Mare&nbsp;\u00e8 un processo libero, aperto e collettivo frutto della collaborazione tra Enti, associazioni&nbsp; e aziende del territorio: Summerbeach Village, ASD Polisportiva Sottorete, Il Baretto Eventi, Associazione Culturale Quartet, Le Ragazze Terribili, Coop S.I.L.T., Stabilimento Rosanna, J&amp;B Le Bombarde Beach, Fuori di Camper, Ichnu, &nbsp;Alghero Resort Country Hotel, Hotel El Balear e Nolauto Alghero.<\/p>\n\n\n\n<div class=\"wp-block-file\"><a id=\"wp-block-file--media-5551c106-5caf-4c4e-a8fd-a9a0a6917f76\" href=\"https:\/\/www.umanitaria.it\/alghero\/wp-content\/uploads\/sites\/7\/2025\/09\/CDTM2024.-Catalogo.pdf\"><strong>CATALOGO CDTM2024<\/strong><\/a><\/div>\n","protected":false},"excerpt":{"rendered":"<p>I grandi film, le spiagge pi\u00f9 belle: da gioved\u00ec 11 a marted\u00ec 25 luglio torna Cinema delle Terre del Mare, il Festival della Societ\u00e0 Umanitaria di Alghero che naviga lungo tutta la Riviera del Corallo, per un mese ricco di incontri e proiezioni vista mare. Tra gli ospiti di questa edizione registi e registe, autori &#8230; <a title=\"Edizione 2024\" class=\"read-more\" href=\"https:\/\/www.umanitaria.it\/alghero\/cinema-delle-terre-e-del-mare-edizioni-passate\/edizione-2024\/\" aria-label=\"Per saperne di pi\u00f9 su Edizione 2024\">Leggi tutto<\/a><\/p>\n","protected":false},"author":5,"featured_media":15262,"parent":14695,"menu_order":1,"comment_status":"closed","ping_status":"closed","template":"","meta":{"_acf_changed":false,"_seopress_robots_primary_cat":"","_seopress_titles_title":"","_seopress_titles_desc":"","_seopress_robots_index":"","inline_featured_image":false,"footnotes":""},"class_list":["post-14997","page","type-page","status-publish","has-post-thumbnail"],"acf":[],"_links":{"self":[{"href":"https:\/\/www.umanitaria.it\/alghero\/wp-json\/wp\/v2\/pages\/14997","targetHints":{"allow":["GET"]}}],"collection":[{"href":"https:\/\/www.umanitaria.it\/alghero\/wp-json\/wp\/v2\/pages"}],"about":[{"href":"https:\/\/www.umanitaria.it\/alghero\/wp-json\/wp\/v2\/types\/page"}],"author":[{"embeddable":true,"href":"https:\/\/www.umanitaria.it\/alghero\/wp-json\/wp\/v2\/users\/5"}],"replies":[{"embeddable":true,"href":"https:\/\/www.umanitaria.it\/alghero\/wp-json\/wp\/v2\/comments?post=14997"}],"version-history":[{"count":9,"href":"https:\/\/www.umanitaria.it\/alghero\/wp-json\/wp\/v2\/pages\/14997\/revisions"}],"predecessor-version":[{"id":15263,"href":"https:\/\/www.umanitaria.it\/alghero\/wp-json\/wp\/v2\/pages\/14997\/revisions\/15263"}],"up":[{"embeddable":true,"href":"https:\/\/www.umanitaria.it\/alghero\/wp-json\/wp\/v2\/pages\/14695"}],"wp:featuredmedia":[{"embeddable":true,"href":"https:\/\/www.umanitaria.it\/alghero\/wp-json\/wp\/v2\/media\/15262"}],"wp:attachment":[{"href":"https:\/\/www.umanitaria.it\/alghero\/wp-json\/wp\/v2\/media?parent=14997"}],"curies":[{"name":"wp","href":"https:\/\/api.w.org\/{rel}","templated":true}]}}