{"id":15071,"date":"2025-09-19T11:17:35","date_gmt":"2025-09-19T09:17:35","guid":{"rendered":"https:\/\/www.umanitaria.it\/alghero\/?page_id=15071"},"modified":"2025-09-24T17:48:34","modified_gmt":"2025-09-24T15:48:34","slug":"giornata-internazionale-della-donna-2025","status":"publish","type":"page","link":"https:\/\/www.umanitaria.it\/alghero\/giornata-internazionale-della-donna-edizioni-passate\/giornata-internazionale-della-donna-2025\/","title":{"rendered":"Che sia l&#8217;amore tutto ci\u00f2 che esiste"},"content":{"rendered":"\n<p>Il Centro di Alghero prende in prestito un verso della grande poetessa americana Emily Dickinson per la nuova rassegna sul cinema delle donne, dedicata quest\u2019anno al sentimento amoroso inteso in modo trasversale e multiforme, tra intimit\u00e0, impegno e passione. Sar\u00e0 il \u201cpasso a due\u201d tra poesia e canzone <strong><em>Ritratto in bianco e nero. Corrispondenze amorose, poetiche e musicali<\/em><\/strong> il 9 marzo, alle 18.30 al Teatro Civico di Alghero, ad aprire un percorso che attraverser\u00e0 tutto il mese di marzo. In scena, <strong>Franca Masu<\/strong>, autrice e interprete del progetto insieme all\u2019attore teatrale <strong>Giuseppe Ligios<\/strong>. Una donna e un uomo. Un dialogo fitto nel tempo lento della cura d\u2019amore, accompagnato dagli arrangiamenti di <strong>Luca Falomi<\/strong> (chitarra) e <strong>Salvatore Maiore <\/strong>(violoncello). Per info e prenotazioni: <mark style=\"background-color:rgba(0, 0, 0, 0)\" class=\"has-inline-color has-global-color-8-color\">+39 376 24 86 698\u00a0| <a href=\"mailto:prenota@teatrodinverno.it\">prenota@teatrodinverno.it<\/a><\/mark>.<\/p>\n\n\n\n<p>Il programma prosegue con la sezione cinematografica ospitata nella Sala Conferenze de Lo Quarter alle 19.00 a ingresso libero. Marted\u00ec 11 marzo<strong> <\/strong>si apre con il film di Aki Kaurismaki<em>, <strong>Foglie al vento<\/strong><\/em>, Premio della Giuria al Festival di Cannes 2023. Una storia d\u2019amore, tenera e dolce, tra un operaio meccanico e la cassiera di un supermercato alle prese con problemi economici. Solitudini che si incontrano in una Helsinki notturna. \u201cFoglie al vento\u201d di un mondo del lavoro alienante e feroce. Gioved\u00ec 13 marzo si procede con<em> <strong>Due<\/strong>,<\/em> esordio alla regia nel lungometraggio a soggetto di Filippo Meneghetti, regista e sceneggiatore. Candidato ai Golden Globe nel 2019 e vincitore di un C\u00e9sar come migliore opera prima, il film racconta la relazione tra due donne mature, Nina e Madeleine, che si amano segretamente da decenni. Un thriller di sentimenti che ha il coraggio di mettere al centro della storia temi come la vecchiaia e l\u2019omosessualit\u00e0, ancora troppo scomodi per una societ\u00e0 perbenista e benpensante. Marted\u00ec 18 marzo sar\u00e0 la volta di <em><strong>Rosalie<\/strong>,<\/em> della regista, direttrice della fotografia e art director St\u00e9phanie Di Giusto, presentato nella sezione Un Certain Regard a Cannes 2023. Nella Bretagna dell\u2018800, Rosalie, interpretata magistralmente da Nadia Tereszkievicz, una delle giovani star emergenti d&#8217;oltralpe, ha un segreto: da quando \u00e8 nata \u00e8 coperta di peli che suo padre ha rasato attentamente per anni per nascondere la propria vergogna. Suo marito Abel, che gestisce un locale senza pi\u00f9 avventori, sembra solo interessato alla sua dote per risanare gli ingenti debiti. Riuscir\u00e0 questa giovane e determinata eroina a farsi amare come lei ha imparato ad amare s\u00e9 stessa? Gioved\u00ec 20 marzo<strong> <\/strong>la sezione cinematografica si chiude con <em><strong>Coppia aperta quasi spalancata<\/strong><\/em>, della produttrice, autrice e regista Federica Di Giacomo, ispirato all&#8217;omonimo spettacolo di Franca Rame e Dario Fo. Un film sul desiderio di felicit\u00e0 tra documentario e metateatro. Un&#8217;esplorazione sulle modalit\u00e0 e le forme dell&#8217;amore nel mondo contemporaneo con una brillante e arguta Chiara Francini che si confronta sul tema complesso e poco conosciuto del poliamore.<\/p>\n\n\n\n<p>La rassegna si conclude Luned\u00ec 24 marzo a il T (via Kennedy 107), alle 18.30, con la presentazione del saggio <em><strong>L\u2019amore \u00e8 cambiato. L\u2019era post-romantica<\/strong><\/em> di <strong>Annalisa Ambrosio<\/strong>, direttrice didattica di Academy, corso di laurea triennale in scrittura della Scuola Holden di Torino. \u00ab\u00c8 possibile superare il mito tradizionale dell\u2019amore senza negarsi il piacere di perdere la testa per qualcuno?\u00bb si chiede l\u2019autrice. \u00abForse s\u00ec, a patto di capire che cosa fare se si \u00e8 innamorati nell\u2019era post-romantica. L\u2019amore \u00e8 cambiato perch\u00e9 la cultura terapeutica, l\u2019istituto giuridico del divorzio, le lotte dei movimenti LGBTQIA+ hanno allargato la morfologia delle relazioni amorose. La relazione amorosa non \u00e8 una sola\u00bb. Dialogher\u00e0 con l\u2019autrice, <strong>Elvira Conconi<\/strong>.<\/p>\n\n\n\n<p><strong><em>Che sia l\u2019amore tutto ci\u00f2 che esiste. Storie di donne tra cinema, parole e canzoni<\/em> <\/strong>\u00e8 un progetto del Centro Servizi Culturali di Alghero organizzato in collaborazione con la Compagnia Teatro d\u2019Inverno, il T, l\u2019Associazione Itinerandia e la Libreria Cyrano e il sostegno della Regione Autonoma della Sardegna e della Fondazione Alghero. <br>Info: <mark style=\"background-color:rgba(0, 0, 0, 0)\" class=\"has-inline-color has-global-color-8-color\"><a href=\"mailto:alghero@umanitaria.it\">alghero@umanitaria.it<\/a>&nbsp;| tel. 079 97 43 75<\/mark>.<\/p>\n\n\n\n<div class=\"wp-block-file\"><a id=\"wp-block-file--media-73f45c4b-9b40-4cf2-b5b3-45cdb5997be2\" href=\"https:\/\/www.umanitaria.it\/alghero\/wp-content\/uploads\/sites\/7\/2025\/09\/Che-sia-lamore-tutto-cio-che-esiste.-Locandina-web-scaled.png\"><strong>LOCANDINA<\/strong><\/a><\/div>\n","protected":false},"excerpt":{"rendered":"<p>Il Centro di Alghero prende in prestito un verso della grande poetessa americana Emily Dickinson per la nuova rassegna sul cinema delle donne, dedicata quest\u2019anno al sentimento amoroso inteso in modo trasversale e multiforme, tra intimit\u00e0, impegno e passione. Sar\u00e0 il \u201cpasso a due\u201d tra poesia e canzone Ritratto in bianco e nero. Corrispondenze amorose, &#8230; <a title=\"Che sia l&#8217;amore tutto ci\u00f2 che esiste\" class=\"read-more\" href=\"https:\/\/www.umanitaria.it\/alghero\/giornata-internazionale-della-donna-edizioni-passate\/giornata-internazionale-della-donna-2025\/\" aria-label=\"Per saperne di pi\u00f9 su Che sia l&#8217;amore tutto ci\u00f2 che esiste\">Leggi tutto<\/a><\/p>\n","protected":false},"author":8,"featured_media":15126,"parent":15069,"menu_order":0,"comment_status":"closed","ping_status":"closed","template":"","meta":{"_acf_changed":false,"_seopress_robots_primary_cat":"","_seopress_titles_title":"","_seopress_titles_desc":"","_seopress_robots_index":"","inline_featured_image":false,"footnotes":""},"class_list":["post-15071","page","type-page","status-publish","has-post-thumbnail"],"acf":[],"_links":{"self":[{"href":"https:\/\/www.umanitaria.it\/alghero\/wp-json\/wp\/v2\/pages\/15071","targetHints":{"allow":["GET"]}}],"collection":[{"href":"https:\/\/www.umanitaria.it\/alghero\/wp-json\/wp\/v2\/pages"}],"about":[{"href":"https:\/\/www.umanitaria.it\/alghero\/wp-json\/wp\/v2\/types\/page"}],"author":[{"embeddable":true,"href":"https:\/\/www.umanitaria.it\/alghero\/wp-json\/wp\/v2\/users\/8"}],"replies":[{"embeddable":true,"href":"https:\/\/www.umanitaria.it\/alghero\/wp-json\/wp\/v2\/comments?post=15071"}],"version-history":[{"count":15,"href":"https:\/\/www.umanitaria.it\/alghero\/wp-json\/wp\/v2\/pages\/15071\/revisions"}],"predecessor-version":[{"id":15372,"href":"https:\/\/www.umanitaria.it\/alghero\/wp-json\/wp\/v2\/pages\/15071\/revisions\/15372"}],"up":[{"embeddable":true,"href":"https:\/\/www.umanitaria.it\/alghero\/wp-json\/wp\/v2\/pages\/15069"}],"wp:featuredmedia":[{"embeddable":true,"href":"https:\/\/www.umanitaria.it\/alghero\/wp-json\/wp\/v2\/media\/15126"}],"wp:attachment":[{"href":"https:\/\/www.umanitaria.it\/alghero\/wp-json\/wp\/v2\/media?parent=15071"}],"curies":[{"name":"wp","href":"https:\/\/api.w.org\/{rel}","templated":true}]}}