{"id":15364,"date":"2025-09-24T17:41:25","date_gmt":"2025-09-24T15:41:25","guid":{"rendered":"https:\/\/www.umanitaria.it\/alghero\/?page_id=15364"},"modified":"2025-09-24T17:46:45","modified_gmt":"2025-09-24T15:46:45","slug":"il-cinema-invisibile-di-elsa-morante","status":"publish","type":"page","link":"https:\/\/www.umanitaria.it\/alghero\/giornata-internazionale-della-donna-edizioni-passate\/il-cinema-invisibile-di-elsa-morante\/","title":{"rendered":"Il cinema invisibile di Elsa Morante"},"content":{"rendered":"\n<p>Come di consueto la <strong>Societ\u00e0 Umanitaria di Alghero<\/strong> dedica il mese di marzo alle donne, quest\u2019anno con <strong><em>Il cinema invisibile di Elsa Morante<\/em><\/strong>, ciclo di appuntamenti che indaga il travagliato rapporto con la settima arte di una delle pi\u00f9 grandi scrittrici e intellettuali del Novecento, a cinquant\u2019anni dalla pubblicazione del suo romanzo pi\u00f9 celebre, <em>La Storia<\/em>.<\/p>\n\n\n\n<p>Si comincia marted\u00ec 19 marzo alle 19.00 nella Sala Conferenze del Complesso Lo Quarter con la proiezione di un film tratto da uno dei libri simbolo dell\u2019opera letteraria morantiana. La proiezione \u00e8 a ingresso libero ma per assistere \u00e8 necessario essere iscritti alla Mediateca della Societ\u00e0 Umanitaria di Alghero. Il tesseramento \u00e8 gratuito e pu\u00f2 avvenire in loco fino a mezz\u2019ora prima della proiezione o inviando una e-mail all\u2019indirizzo <mark style=\"background-color:rgba(0, 0, 0, 0)\" class=\"has-inline-color has-global-color-8-color\">mediateca.alghero@umanitaria.it<\/mark>. Alla proiezione seguir\u00e0 <em><strong>L\u2019isola di Arturo: dal romanzo al film<\/strong><\/em>, conversazione aperta con <strong>Giuliana Trampana<\/strong> e <strong>Giusy Salvio <\/strong>del CSC di Alghero. Gioved\u00ec 21, sempre alle 19.00, ma nella Mediateca della Societ\u00e0 Umanitaria di Alghero, <em><strong>Vita di un Premio Strega tra cinema, radio e piccolo schermo<\/strong>, <\/em>conversazione con <strong>Alessandra Sento<\/strong>, <strong>Nadia Rondello<\/strong> ed <strong>Emiliano Di Nolfo<\/strong> del CSC di Alghero. <\/p>\n\n\n\n<p>Gioved\u00ec 4 aprile alle 20.00 nella Sala Conferenze del Complesso Lo Quarter proiezione del docu-fantasy<strong> <em>Il mondo salvato dalle ragazzine<\/em><\/strong> di <strong>Maria Luisa Usai<\/strong>, presente in sala insieme ad alcune delle protagoniste del film. Il cortometraggio, prodotto dall\u2019ISRE (Istituto Superiore Regionale Etnografico della Sardegna) con il supporto della Fondazione Sardegna Film Commission e di ASCE (Associazione Sarda contro l\u2019emarginazione), ci porta nella vita e nell\u2019immaginario di cinque ragazze adolescenti nate a Sassari. Il titolo \u00e8 liberamente ispirato alla raccolta di poesie di Elsa Morante, <em>Il mondo salvato dai ragazzini<\/em>, di cui parler\u00e0 la saggista e critica letteraria <strong>Neria De Giovanni<\/strong><em>. <\/em>Alla serata parteciper\u00e0 anche <strong>Lucia Cardone<\/strong>, docente di Storia e Critica del cinema presso l\u2019Universit\u00e0 degli Studi di Sassari, con un approfondimento sull\u2019adolescenza femminile raccontata dal cinema. Sabato 6 aprile dalle 16.30 alle 19.00 al T, si terr\u00e0 il laboratorio di teatro\/performance e audiovisivo <em><strong>Mi faccio film nella testa<\/strong><\/em>, promosso da ASCE Sardegna e rivolto ad adolescenti dai 14 ai 19 anni. La partecipazione \u00e8 gratuita ma \u00e8 obbligatorio iscriversi telefonando al numero <mark style=\"background-color:rgba(0, 0, 0, 0)\" class=\"has-inline-color has-global-color-8-color\">+39 340 3403210<\/mark>. <em>Il cinema invisibile di Elsa Morante<\/em><strong><em> <\/em><\/strong>si conclude al T alle 20.00, con <em><strong>Incantesimi e altre adolescenze<\/strong><\/em>. Serata performativa, rivolta a tutt\u0259, con parole, musiche, magie, super-poteri dal mondo dell\u2019adolescenza, letture dall\u2019opera poetica di Elsa Morante, immagini di backstage del corto <em>Il mondo salvato dalle ragazzine<\/em>.<\/p>\n\n\n\n<p>L\u2019ingresso \u00e8 libero e gratuito per tutti gli appuntamenti.<\/p>\n\n\n\n<div class=\"wp-block-file\"><a id=\"wp-block-file--media-77b7f073-d81a-465f-be75-022f4c4abdf2\" href=\"https:\/\/www.umanitaria.it\/alghero\/wp-content\/uploads\/sites\/7\/2025\/09\/Il-cinema-invisibile-di-Elsa-Morante-scaled.jpg\">MANIFESTO<\/a><\/div>\n","protected":false},"excerpt":{"rendered":"<p>Come di consueto la Societ\u00e0 Umanitaria di Alghero dedica il mese di marzo alle donne, quest\u2019anno con Il cinema invisibile di Elsa Morante, ciclo di appuntamenti che indaga il travagliato rapporto con la settima arte di una delle pi\u00f9 grandi scrittrici e intellettuali del Novecento, a cinquant\u2019anni dalla pubblicazione del suo romanzo pi\u00f9 celebre, La &#8230; <a title=\"Il cinema invisibile di Elsa Morante\" class=\"read-more\" href=\"https:\/\/www.umanitaria.it\/alghero\/giornata-internazionale-della-donna-edizioni-passate\/il-cinema-invisibile-di-elsa-morante\/\" aria-label=\"Per saperne di pi\u00f9 su Il cinema invisibile di Elsa Morante\">Leggi tutto<\/a><\/p>\n","protected":false},"author":8,"featured_media":15367,"parent":15069,"menu_order":1,"comment_status":"closed","ping_status":"closed","template":"","meta":{"_acf_changed":false,"_seopress_robots_primary_cat":"","_seopress_titles_title":"","_seopress_titles_desc":"","_seopress_robots_index":"","inline_featured_image":false,"footnotes":""},"class_list":["post-15364","page","type-page","status-publish","has-post-thumbnail"],"acf":[],"_links":{"self":[{"href":"https:\/\/www.umanitaria.it\/alghero\/wp-json\/wp\/v2\/pages\/15364","targetHints":{"allow":["GET"]}}],"collection":[{"href":"https:\/\/www.umanitaria.it\/alghero\/wp-json\/wp\/v2\/pages"}],"about":[{"href":"https:\/\/www.umanitaria.it\/alghero\/wp-json\/wp\/v2\/types\/page"}],"author":[{"embeddable":true,"href":"https:\/\/www.umanitaria.it\/alghero\/wp-json\/wp\/v2\/users\/8"}],"replies":[{"embeddable":true,"href":"https:\/\/www.umanitaria.it\/alghero\/wp-json\/wp\/v2\/comments?post=15364"}],"version-history":[{"count":4,"href":"https:\/\/www.umanitaria.it\/alghero\/wp-json\/wp\/v2\/pages\/15364\/revisions"}],"predecessor-version":[{"id":15371,"href":"https:\/\/www.umanitaria.it\/alghero\/wp-json\/wp\/v2\/pages\/15364\/revisions\/15371"}],"up":[{"embeddable":true,"href":"https:\/\/www.umanitaria.it\/alghero\/wp-json\/wp\/v2\/pages\/15069"}],"wp:featuredmedia":[{"embeddable":true,"href":"https:\/\/www.umanitaria.it\/alghero\/wp-json\/wp\/v2\/media\/15367"}],"wp:attachment":[{"href":"https:\/\/www.umanitaria.it\/alghero\/wp-json\/wp\/v2\/media?parent=15364"}],"curies":[{"name":"wp","href":"https:\/\/api.w.org\/{rel}","templated":true}]}}