{"id":15406,"date":"2025-09-25T10:58:11","date_gmt":"2025-09-25T08:58:11","guid":{"rendered":"https:\/\/www.umanitaria.it\/alghero\/?page_id=15406"},"modified":"2025-09-25T10:58:12","modified_gmt":"2025-09-25T08:58:12","slug":"shes-got-a-friend","status":"publish","type":"page","link":"https:\/\/www.umanitaria.it\/alghero\/giornata-internazionale-della-donna-edizioni-passate\/shes-got-a-friend\/","title":{"rendered":"She&#8217;s got a friend"},"content":{"rendered":"\n<p>Nella sua autobiografia l\u2019ex musicista <em>punk<\/em> Richard Hell scrive che \u00abnon \u00e8 l\u2019amore romantico in senso tradizionale che definisce i nostri anni formativi. Mentre entriamo, usciamo o facciamo avanti e indietro dall\u2019adolescenza, quello che definisce i nostri anni di auto-formazione \u00e8 l\u2019amicizia\u00bb. A questo legame speciale, faticoso e necessario, la <strong>Societ\u00e0 Umanitaria di Alghero<\/strong> dedica la sua consueta rassegna di cinema al femminile <strong><em>She\u2019s got a friend<\/em><\/strong><em>, <\/em>sei film per raccontare storie, relazioni e sim-patie tra <strong><em>amiche, compagne e sorelle del cinema contemporaneo<\/em><\/strong><em>.<\/em><\/p>\n\n\n\n<p>Il ciclo di sei film, che si svolger\u00e0 tra il Cinema Miramare e la Sala Manno della Mediateca di via Marconi 10, con orario d\u2019inizio sempre alle 18.30, avr\u00e0 inizio l\u201911 marzo<strong> <\/strong>e proseguir\u00e0, con due proiezioni a settimana, fino al 26. Il primo film in programma, al Cinema Miramare, sar\u00e0 un\u2019anteprima regionale: <strong><em>Frances Ha<\/em><\/strong> di Noah Baumbach, l\u2019acclamato autore di <em>Il calamaro e la balena<\/em>, nonch\u00e9 co-sceneggiatore dei film di Wes Anderson. Recentemente uscito in Italia, dopo la partecipazione al Torino Film Festival, il film \u00e8 stato letteralmente scritto addosso all\u2019attrice protagonista Greta Gerwig, che ne ha curato anche la sceneggiatura. Il cinema ospiter\u00e0 anche le date di marted\u00ec 17 e 24 marzo. Il giorno 17 sar\u00e0 proiettato <strong><em>Difrat &#8211; Il coraggio di cambiare<\/em><\/strong>, prodotto da Angelina Jolie e diretto dal regista etiope Zeresenay Mehari. Ispirato a fatti reali, il film racconta la vicenda di Hirut, quattordicenne rapita e violentata dall\u2019uomo che la pretende in sposa, secondo le tradizioni tribali. Anche questa \u00e8 una assoluta anteprima per la Sardegna. Marted\u00ec 24 marzo sar\u00e0 la volta di <strong><em>Spring Breakers &#8211; Una vacanza da sballo<\/em><\/strong>, il film scandalo diretto dall\u2019enfant prodige del cinema indipendente americano Harmony Korine. Una storia di educazione criminale al femminile, con protagoniste quattro giovani studentesse del college, realizzato con uno stile ai confini della videoarte e del videoclip. Il film \u00e8 vietato ai minori di 14 anni. La Mediateca ospiter\u00e0 le proiezioni del 13, 19, 26 marzo. Il primo film in programma \u00e8 <strong><em>Le ricamatrici<\/em><\/strong> di \u00c9l\u00e9onore Faucher, piccolo capolavoro francese tutto al femminile; il secondo <strong><em>E ora dove andiamo?<\/em><\/strong> di Nadine Labaki, la regista libanese gi\u00e0 autrice del fortunato Caramel. Chiuder\u00e0 la rassegna la commedia statunitense <strong><em>Non dico altro<\/em><\/strong> di Nicole Holofcener, una delle ultime interpretazioni di James Gandolfini.<\/p>\n\n\n\n<p>Tutte le proiezioni sono ad ingresso libero e gratuito.<\/p>\n\n\n\n<div class=\"wp-block-file\"><a id=\"wp-block-file--media-b66eeec8-5d2a-4cd1-8019-9db5aaf2787a\" href=\"https:\/\/www.umanitaria.it\/alghero\/wp-content\/uploads\/sites\/7\/2025\/09\/Shes-got-a-friend.-Locandina-scaled.jpg\"><strong>LOCANDINA<\/strong><\/a><\/div>\n","protected":false},"excerpt":{"rendered":"<p>Nella sua autobiografia l\u2019ex musicista punk Richard Hell scrive che \u00abnon \u00e8 l\u2019amore romantico in senso tradizionale che definisce i nostri anni formativi. Mentre entriamo, usciamo o facciamo avanti e indietro dall\u2019adolescenza, quello che definisce i nostri anni di auto-formazione \u00e8 l\u2019amicizia\u00bb. A questo legame speciale, faticoso e necessario, la Societ\u00e0 Umanitaria di Alghero dedica &#8230; <a title=\"She&#8217;s got a friend\" class=\"read-more\" href=\"https:\/\/www.umanitaria.it\/alghero\/giornata-internazionale-della-donna-edizioni-passate\/shes-got-a-friend\/\" aria-label=\"Per saperne di pi\u00f9 su She&#8217;s got a friend\">Leggi tutto<\/a><\/p>\n","protected":false},"author":8,"featured_media":15408,"parent":15069,"menu_order":8,"comment_status":"closed","ping_status":"closed","template":"","meta":{"_acf_changed":false,"_seopress_robots_primary_cat":"","_seopress_titles_title":"","_seopress_titles_desc":"","_seopress_robots_index":"","inline_featured_image":false,"footnotes":""},"class_list":["post-15406","page","type-page","status-publish","has-post-thumbnail"],"acf":[],"_links":{"self":[{"href":"https:\/\/www.umanitaria.it\/alghero\/wp-json\/wp\/v2\/pages\/15406","targetHints":{"allow":["GET"]}}],"collection":[{"href":"https:\/\/www.umanitaria.it\/alghero\/wp-json\/wp\/v2\/pages"}],"about":[{"href":"https:\/\/www.umanitaria.it\/alghero\/wp-json\/wp\/v2\/types\/page"}],"author":[{"embeddable":true,"href":"https:\/\/www.umanitaria.it\/alghero\/wp-json\/wp\/v2\/users\/8"}],"replies":[{"embeddable":true,"href":"https:\/\/www.umanitaria.it\/alghero\/wp-json\/wp\/v2\/comments?post=15406"}],"version-history":[{"count":2,"href":"https:\/\/www.umanitaria.it\/alghero\/wp-json\/wp\/v2\/pages\/15406\/revisions"}],"predecessor-version":[{"id":15410,"href":"https:\/\/www.umanitaria.it\/alghero\/wp-json\/wp\/v2\/pages\/15406\/revisions\/15410"}],"up":[{"embeddable":true,"href":"https:\/\/www.umanitaria.it\/alghero\/wp-json\/wp\/v2\/pages\/15069"}],"wp:featuredmedia":[{"embeddable":true,"href":"https:\/\/www.umanitaria.it\/alghero\/wp-json\/wp\/v2\/media\/15408"}],"wp:attachment":[{"href":"https:\/\/www.umanitaria.it\/alghero\/wp-json\/wp\/v2\/media?parent=15406"}],"curies":[{"name":"wp","href":"https:\/\/api.w.org\/{rel}","templated":true}]}}