{"id":15472,"date":"2025-09-25T15:29:54","date_gmt":"2025-09-25T13:29:54","guid":{"rendered":"https:\/\/www.umanitaria.it\/alghero\/?page_id=15472"},"modified":"2025-09-26T10:21:19","modified_gmt":"2025-09-26T08:21:19","slug":"edizione-2016","status":"publish","type":"page","link":"https:\/\/www.umanitaria.it\/alghero\/giornata-internazionale-per-leliminazione-della-violenza-contro-le-donne-edizioni-passate\/edizione-2016\/","title":{"rendered":"Edizione 2016"},"content":{"rendered":"\n<p>Per il decimo anno consecutivo la <strong>Societ\u00e0 Umanitaria di Alghero <\/strong>partecipa alle celebrazioni per il 25 Novembre, la <strong>Giornata Internazionale contro la violenza sulle Donne<\/strong>, con un ciclo di proiezioni sul tema che si svolger\u00e0 tra il Cinema Miramare e la Sala Manno.<\/p>\n\n\n\n<p>Si comincia venerd\u00ec 25 novembre alle 19.00 al Cinema Miramare con <strong><em>La vita possibile<\/em><\/strong> di Ivano Di Matteo. Il film, magistralmente interpretato da Margherita Buy e Valeria Golino, racconta la storia di una donna, Anna, che fugge insieme al figlio tredicenne da un marito violento, trovando ascolto e ospitalit\u00e0 da Carla, un&#8217;amica attrice squattrinata ma piena di entusiasmo e generosit\u00e0. Mercoled\u00ec 30 novembre, sempre alle 19.00 al Cinema Miramare, sar\u00e0 la volta di <strong><em>Un padre, una figlia<\/em><\/strong> di Cristian Mungiu, il regista rumeno gi\u00e0 Palma d&#8217;Oro a Cannes nel 2007, e premiato quest&#8217;anno per la miglior regia. Anche con questo film si parla di donne e violenza, per\u00f2 dalla prospettiva di un padre. Mercoled\u00ec 7 dicembre, il Cinema Miramare ospiter\u00e0, alle 19.00, la proiezione di <strong><em>Room<\/em><\/strong> di Lenny Abrahamson, il film evento del 2016 che \u00e8 valso l\u2019Oscar come miglior attrice protagonista a Brie Larson. Il film \u00e8 tratto dal romanzo finalista al Booker Prize <em>Stanza, letto, armadio, specchio<\/em> di Emma Donoghue, a sua volta ispirato alla storia del piccolo Felix del caso Fritzl. Infine, il 13 dicembre, nella Sala Manno di via Marconi 10, con ingresso gratuito, sar\u00e0 la volta della proiezione di <strong><em>Oggi insieme domani anche<\/em><\/strong> di Antonietta De Lillo, che a quarant&#8217;anni da <em>Comizi d&#8217;amore <\/em>di Pier Paolo Pasolini e dalla legge sul divorzio, ambisce a fare il punto sulla temperatura sentimentale del paese, sulle relazioni e sul modo di intendere l&#8217;amore e la famiglia in Italia. Alla proiezione seguir\u00e0 una discussione sul tema.<\/p>\n\n\n\n<p>Le proiezioni saranno precedute dal <em>reportage<\/em> fotografico <strong><em>Ritratti<\/em><\/strong>, esito del progetto realizzato dal Liceo Artistico &#8220;F. Costantino&#8221; &#8211; Istituto d\u2019Istruzione Superiore \u201cE. Fermi\u201d di Alghero con il coordinamento delle prof.sse Carlotta Vodret e Rita Maffeo, presentato in occasione dell\u2019iniziativa <strong>L\u20198 insieme<\/strong>, promossa dall\u2019amministrazione comunale l\u20198 marzo 2016. Inoltre, lo scatto intitolato <strong><em>Diritti<\/em><\/strong>, realizzato da <strong>Maria Theresa Daga<\/strong>, \u00e8 stato utilizzato come <em>visual<\/em> del materiale promozionale dell\u2019iniziativa. Gli studenti coinvolti sono stati Laura Ara, Valeria Camerada, Matteo Campus, Maria Theresa Daga, Maria Andrea Prastaro, Silvia Pintori, Cristine Pinnetta, Giada Tuzzato.<\/p>\n\n\n\n<p><\/p>\n","protected":false},"excerpt":{"rendered":"<p>Per il decimo anno consecutivo la Societ\u00e0 Umanitaria di Alghero partecipa alle celebrazioni per il 25 Novembre, la Giornata Internazionale contro la violenza sulle Donne, con un ciclo di proiezioni sul tema che si svolger\u00e0 tra il Cinema Miramare e la Sala Manno. Si comincia venerd\u00ec 25 novembre alle 19.00 al Cinema Miramare con La &#8230; <a title=\"Edizione 2016\" class=\"read-more\" href=\"https:\/\/www.umanitaria.it\/alghero\/giornata-internazionale-per-leliminazione-della-violenza-contro-le-donne-edizioni-passate\/edizione-2016\/\" aria-label=\"Per saperne di pi\u00f9 su Edizione 2016\">Leggi tutto<\/a><\/p>\n","protected":false},"author":8,"featured_media":15474,"parent":15148,"menu_order":6,"comment_status":"closed","ping_status":"closed","template":"","meta":{"_acf_changed":false,"_seopress_robots_primary_cat":"","_seopress_titles_title":"","_seopress_titles_desc":"","_seopress_robots_index":"","inline_featured_image":false,"footnotes":""},"class_list":["post-15472","page","type-page","status-publish","has-post-thumbnail"],"acf":[],"_links":{"self":[{"href":"https:\/\/www.umanitaria.it\/alghero\/wp-json\/wp\/v2\/pages\/15472","targetHints":{"allow":["GET"]}}],"collection":[{"href":"https:\/\/www.umanitaria.it\/alghero\/wp-json\/wp\/v2\/pages"}],"about":[{"href":"https:\/\/www.umanitaria.it\/alghero\/wp-json\/wp\/v2\/types\/page"}],"author":[{"embeddable":true,"href":"https:\/\/www.umanitaria.it\/alghero\/wp-json\/wp\/v2\/users\/8"}],"replies":[{"embeddable":true,"href":"https:\/\/www.umanitaria.it\/alghero\/wp-json\/wp\/v2\/comments?post=15472"}],"version-history":[{"count":3,"href":"https:\/\/www.umanitaria.it\/alghero\/wp-json\/wp\/v2\/pages\/15472\/revisions"}],"predecessor-version":[{"id":15524,"href":"https:\/\/www.umanitaria.it\/alghero\/wp-json\/wp\/v2\/pages\/15472\/revisions\/15524"}],"up":[{"embeddable":true,"href":"https:\/\/www.umanitaria.it\/alghero\/wp-json\/wp\/v2\/pages\/15148"}],"wp:featuredmedia":[{"embeddable":true,"href":"https:\/\/www.umanitaria.it\/alghero\/wp-json\/wp\/v2\/media\/15474"}],"wp:attachment":[{"href":"https:\/\/www.umanitaria.it\/alghero\/wp-json\/wp\/v2\/media?parent=15472"}],"curies":[{"name":"wp","href":"https:\/\/api.w.org\/{rel}","templated":true}]}}