{"id":15489,"date":"2025-09-25T15:56:01","date_gmt":"2025-09-25T13:56:01","guid":{"rendered":"https:\/\/www.umanitaria.it\/alghero\/?page_id=15489"},"modified":"2025-09-26T11:05:51","modified_gmt":"2025-09-26T09:05:51","slug":"edizione-2013","status":"publish","type":"page","link":"https:\/\/www.umanitaria.it\/alghero\/giornata-internazionale-per-leliminazione-della-violenza-contro-le-donne-edizioni-passate\/edizione-2013\/","title":{"rendered":"Edizione 2013"},"content":{"rendered":"\n<p>Anche quest\u2019anno, per il settimo anno consecutivo, la <strong>Societ\u00e0 Umanitaria di Alghero<\/strong> celebra il<strong> 25 novembre Giornata Internazionale contro la violenza sulle Donne<\/strong>. Sar\u00e0 il Cinema Miramare, luned\u00ec 25 con inizio alle 17.30 ad ospitare, in contemporanea mondiale, la proiezione del film <strong><em>La moglie del poliziotto<\/em><\/strong> di Philip Gr\u00f6ning, vincitore del Premio Speciale della giuria all\u2019ultima edizione della Mostra del Cinema di Venezia.<\/p>\n\n\n\n<p>\u00abAbbiamo ritenuto significativo programmare l&#8217;uscita proprio dal 25 novembre: un contributo per mantenere alta l&#8217;attenzione su un fenomeno doloroso della nostra societ\u00e0 e rendere lo sguardo del regista, con la storia che ha scelto di raccontare, un&#8217;occasione di discussione e approfondimento\u00bb ha dichiarato Claudia Bedogni di Satine film, il distributore per l\u2019Italia. Il CSC di Alghero, in collaborazione con il <strong>Centro Antiviolenza Aurora di Sassari<\/strong>, fin dal 2007 ha lavorato con rassegne cinematografiche, dibattiti, convegni, <em>reading<\/em> e attivit\u00e0 didattiche per sensibilizzare il suo pubblico sul tema della violenza sulle donne e del femminicidio. Grazie all\u2019inaspettato Premio della Mostra Internazionale d&#8217;arte cinematografica di Venezia di quest\u2019anno, e alla lungimiranza della Satine Film che ne ha acquistato i diritti per l\u2019Italia, scegliendo proprio il 25 novembre per l\u2019uscita in sala, la Societ\u00e0 Umanitaria pu\u00f2 regalare al pubblico algherese un vero e proprio evento cinematografico.<\/p>\n\n\n\n<p>Il film, diretto da Philip Gr\u00f6ning (gi\u00e0 regista del pluripremiato <em>Il grande silenzio<\/em>) con la delicatezza che contraddistingue tutta la sua opera, segue la vita quotidiano di una famiglia tedesca che sembra il ritratto della famiglia felice: una giovane coppia, una bambina bionda, una casa accogliente, una bellissima campagna che la circonda. Ma l\u2019apparenza dei volti puliti e degli sguardi sorridenti nasconde il segreto pi\u00f9 terribile: la violenza che si annida nel focolare domestico, la sofferenza che non si pu\u00f2 gridare al mondo per proteggere i propri affetti. Gr\u00f6ning (anche produttore e sceneggiatore) osserva, senza nessuna spettacolarizzazione, l\u2019amore e la violenza che si alternano, talora intrecciandosi e fondendosi, realizzando un\u2019opera di dilaniante e sconcertante attualit\u00e0, che ha fatto innamorare Bernardo Bertolucci e la giuria del 70esimo Festival di Venezia.<\/p>\n\n\n\n<p><\/p>\n","protected":false},"excerpt":{"rendered":"<p>Anche quest\u2019anno, per il settimo anno consecutivo, la Societ\u00e0 Umanitaria di Alghero celebra il 25 novembre Giornata Internazionale contro la violenza sulle Donne. Sar\u00e0 il Cinema Miramare, luned\u00ec 25 con inizio alle 17.30 ad ospitare, in contemporanea mondiale, la proiezione del film La moglie del poliziotto di Philip Gr\u00f6ning, vincitore del Premio Speciale della giuria &#8230; <a title=\"Edizione 2013\" class=\"read-more\" href=\"https:\/\/www.umanitaria.it\/alghero\/giornata-internazionale-per-leliminazione-della-violenza-contro-le-donne-edizioni-passate\/edizione-2013\/\" aria-label=\"Per saperne di pi\u00f9 su Edizione 2013\">Leggi tutto<\/a><\/p>\n","protected":false},"author":8,"featured_media":15492,"parent":15148,"menu_order":9,"comment_status":"closed","ping_status":"closed","template":"","meta":{"_acf_changed":false,"_seopress_robots_primary_cat":"","_seopress_titles_title":"","_seopress_titles_desc":"","_seopress_robots_index":"","inline_featured_image":false,"footnotes":""},"class_list":["post-15489","page","type-page","status-publish","has-post-thumbnail"],"acf":[],"_links":{"self":[{"href":"https:\/\/www.umanitaria.it\/alghero\/wp-json\/wp\/v2\/pages\/15489","targetHints":{"allow":["GET"]}}],"collection":[{"href":"https:\/\/www.umanitaria.it\/alghero\/wp-json\/wp\/v2\/pages"}],"about":[{"href":"https:\/\/www.umanitaria.it\/alghero\/wp-json\/wp\/v2\/types\/page"}],"author":[{"embeddable":true,"href":"https:\/\/www.umanitaria.it\/alghero\/wp-json\/wp\/v2\/users\/8"}],"replies":[{"embeddable":true,"href":"https:\/\/www.umanitaria.it\/alghero\/wp-json\/wp\/v2\/comments?post=15489"}],"version-history":[{"count":3,"href":"https:\/\/www.umanitaria.it\/alghero\/wp-json\/wp\/v2\/pages\/15489\/revisions"}],"predecessor-version":[{"id":15529,"href":"https:\/\/www.umanitaria.it\/alghero\/wp-json\/wp\/v2\/pages\/15489\/revisions\/15529"}],"up":[{"embeddable":true,"href":"https:\/\/www.umanitaria.it\/alghero\/wp-json\/wp\/v2\/pages\/15148"}],"wp:featuredmedia":[{"embeddable":true,"href":"https:\/\/www.umanitaria.it\/alghero\/wp-json\/wp\/v2\/media\/15492"}],"wp:attachment":[{"href":"https:\/\/www.umanitaria.it\/alghero\/wp-json\/wp\/v2\/media?parent=15489"}],"curies":[{"name":"wp","href":"https:\/\/api.w.org\/{rel}","templated":true}]}}