{"id":15545,"date":"2025-09-26T12:38:25","date_gmt":"2025-09-26T10:38:25","guid":{"rendered":"https:\/\/www.umanitaria.it\/alghero\/?page_id=15545"},"modified":"2025-09-26T12:38:26","modified_gmt":"2025-09-26T10:38:26","slug":"giorno-della-memoria-2018","status":"publish","type":"page","link":"https:\/\/www.umanitaria.it\/alghero\/giorno-della-memoria-edizioni-passate\/giorno-della-memoria-2018\/","title":{"rendered":"Giorno della Memoria 2018"},"content":{"rendered":"\n<p>Dal 20 al 30 gennaio, per celebrare il Giorno della Memoria, la Societ\u00e0 Umanitaria di Alghero prende parte a <strong><em>La Memoria Viva: viaggio nel nostro presente<\/em><\/strong>, ideata dalla <strong>Compagnia<\/strong> <strong>Teatro d\u2019Inverno<\/strong>. Il Teatro Civico e La Sala Conferenze de Lo Quarter di Alghero ospiteranno quattro allestimenti teatrali e una proiezione cinematografica che racconteranno, da punti di vista diversi, gli anni bui attraversati dall&#8217;Europa durante il nazifascismo.<\/p>\n\n\n\n<p>A dare inizio al percorso nella memoria storica sar\u00e0 la compagnia cagliaritana <strong>Il Crogiuolo<\/strong> con lo spettacolo scritto e diretto da <strong>Rita Atzeri<\/strong> <strong><em>In un cielo di stelle gialle&#8230;bi<\/em><\/strong><strong><em>a<\/em><\/strong><strong><em>nche farfalle<\/em><\/strong><em>, <\/em>rivolto a ragazzi e ragazze dagli 8 ai 13 anni. L\u2019appuntamento \u00e8 per sabato 20 alle ore 11.00 nella Sala Conferenze de Lo Quarter. Il primo appuntamento rivolto al pubblico generico \u00e8 previsto per luned\u00ec 22, alle ore 18.30, sempre nella Sala Conferenze de Lo Quarter. Si tratta della proiezione del documentario <strong><em>Maestro<\/em><\/strong>di Alexander Valente, a cura della <strong>Societ\u00e0 Umanitaria di Alghero<\/strong>. Il film racconta la storia di Francesco Loroto, un compositore di Barletta che da 20 anni ricerca, raccoglie, trascrive ed esegue con la sua orchestra le musiche composte dagli internati nei campi di concentramento. Nelle giornate successive gli &nbsp;appuntamenti si sposteranno nel Teatro Civico. Mercoled\u00ec 24 alle ore 20.00 per il pubblico generico e gioved\u00ec 25 alle 9.30 e alle 11.30 per gli studenti e le studentesse delle scuole superiori, andr\u00e0 in scena lo spettacolo <strong><em>Una giornata particolare<\/em><\/strong>, trasposizione teatrale dell&#8217;omonima pellicola di Ettore Scola a cura di <strong>Teatro d&#8217;Inverno<\/strong> e <strong>Sarda Movie <\/strong>per la regia di <strong>Giuseppe Ligios<\/strong> che ne \u00e8 anche interprete con <strong>Elisabetta Dettori<\/strong>. Venerd\u00ec 26 alle ore 11.00 per gli studenti e in replica alle 20.00 sar\u00e0 la volta della performance di teatro-danza <strong><em>Viaggio di piombo<\/em><\/strong>a cura del <strong>Centro Studi Ichnu<\/strong> con coreografie di <strong>Alessandra Labarbiera<\/strong>, drammatizzazione di <strong>Giuseppe Ligios<\/strong>, interpretata dagli allievi dei corsi di danza e recitazione e la partecipazione dell&#8217;associazione <strong>Ammentu<\/strong>. Chiuder\u00e0 il percorso marted\u00ec 30 gennaio alle ore 18.30 nella Sala Conferenze de lo Quarter, la compagnia <strong>Abaco Teatro di Monserrato<\/strong> con <strong><em>L&#8217;ultima risata<\/em><\/strong>di e con <strong>Tiziano Polese<\/strong> e <strong>Rosalba Piras<\/strong>.<\/p>\n\n\n\n<p>Il progetto \u00e8 presentato con il contributo della Fondazione META del Comune di Alghero e della Regione Autonoma della Sardegna, e prevede appuntamenti ad ingresso libero e appuntamenti a biglietto ridotto per studenti. Info spettacoli e prenotazioni scuole 3338578630 |3475529552.<\/p>\n\n\n\n<p><\/p>\n","protected":false},"excerpt":{"rendered":"<p>Dal 20 al 30 gennaio, per celebrare il Giorno della Memoria, la Societ\u00e0 Umanitaria di Alghero prende parte a La Memoria Viva: viaggio nel nostro presente, ideata dalla Compagnia Teatro d\u2019Inverno. Il Teatro Civico e La Sala Conferenze de Lo Quarter di Alghero ospiteranno quattro allestimenti teatrali e una proiezione cinematografica che racconteranno, da punti &#8230; <a title=\"Giorno della Memoria 2018\" class=\"read-more\" href=\"https:\/\/www.umanitaria.it\/alghero\/giorno-della-memoria-edizioni-passate\/giorno-della-memoria-2018\/\" aria-label=\"Per saperne di pi\u00f9 su Giorno della Memoria 2018\">Leggi tutto<\/a><\/p>\n","protected":false},"author":8,"featured_media":15547,"parent":14993,"menu_order":6,"comment_status":"closed","ping_status":"closed","template":"","meta":{"_acf_changed":false,"_seopress_robots_primary_cat":"","_seopress_titles_title":"","_seopress_titles_desc":"","_seopress_robots_index":"","inline_featured_image":false,"footnotes":""},"class_list":["post-15545","page","type-page","status-publish","has-post-thumbnail"],"acf":[],"_links":{"self":[{"href":"https:\/\/www.umanitaria.it\/alghero\/wp-json\/wp\/v2\/pages\/15545","targetHints":{"allow":["GET"]}}],"collection":[{"href":"https:\/\/www.umanitaria.it\/alghero\/wp-json\/wp\/v2\/pages"}],"about":[{"href":"https:\/\/www.umanitaria.it\/alghero\/wp-json\/wp\/v2\/types\/page"}],"author":[{"embeddable":true,"href":"https:\/\/www.umanitaria.it\/alghero\/wp-json\/wp\/v2\/users\/8"}],"replies":[{"embeddable":true,"href":"https:\/\/www.umanitaria.it\/alghero\/wp-json\/wp\/v2\/comments?post=15545"}],"version-history":[{"count":2,"href":"https:\/\/www.umanitaria.it\/alghero\/wp-json\/wp\/v2\/pages\/15545\/revisions"}],"predecessor-version":[{"id":15548,"href":"https:\/\/www.umanitaria.it\/alghero\/wp-json\/wp\/v2\/pages\/15545\/revisions\/15548"}],"up":[{"embeddable":true,"href":"https:\/\/www.umanitaria.it\/alghero\/wp-json\/wp\/v2\/pages\/14993"}],"wp:featuredmedia":[{"embeddable":true,"href":"https:\/\/www.umanitaria.it\/alghero\/wp-json\/wp\/v2\/media\/15547"}],"wp:attachment":[{"href":"https:\/\/www.umanitaria.it\/alghero\/wp-json\/wp\/v2\/media?parent=15545"}],"curies":[{"name":"wp","href":"https:\/\/api.w.org\/{rel}","templated":true}]}}