{"id":15587,"date":"2025-10-02T18:00:32","date_gmt":"2025-10-02T16:00:32","guid":{"rendered":"https:\/\/www.umanitaria.it\/alghero\/?page_id=15587"},"modified":"2025-10-06T16:26:15","modified_gmt":"2025-10-06T14:26:15","slug":"festa-della-liberazione-2012","status":"publish","type":"page","link":"https:\/\/www.umanitaria.it\/alghero\/festa-della-liberazione-edizioni-passate\/festa-della-liberazione-2012\/","title":{"rendered":"Festa della Liberazione 2012"},"content":{"rendered":"\n<p>Anche quest&#8217;anno il <strong>Comitato Nazionale dell&#8217;ANPI <\/strong>fa appello a tutte le italiane e a tutti gli italiani affinch\u00e9 il\u00a0<strong>25 aprile\u00a0<\/strong>scendano nelle piazze a festeggiare la <strong>Liberazione<\/strong>, a ritrovarsi uniti e appassionati attorno alle radici autentiche della nostra democrazia e del futuro: Antifascismo, Resistenza, Costituzione. La <strong>sezione algherese dell&#8217;ANPI \u201cMarisa Musu\u201d<\/strong> contribuisce ai festeggiamenti con una serie di iniziative atte a far conoscere, diffondere e approfondire temi e problematiche inerenti il periodo storico.<\/p>\n\n\n\n<p>Si inizia luned\u00ec 23\u00a0aprile\u00a0alle 9.30 presso il teatro del Liceo Scientifico &#8220;E. Fermi&#8221; (via XX Settembre 119) con il monologo <strong><em>Appunti Partigiani &#8211; Storie di una certa Resistenza<\/em><\/strong> di e con <strong>Michele Vargiu<\/strong>, musiche di <strong>Salvatore Delogu<\/strong>. L&#8217;iniziativa dedicata principalmente alle ragazze e ai ragazzi delle scuole superiori di Alghero, \u00e8 aperta anche a tutti i cittadini. <strong><em>Appunti Partigiani &#8211; Storie di una certa Resistenza<\/em><\/strong> \u00e8 un monologo, un racconto, una favola per narrare anni di resistenza italiana attraverso una carrellata di personaggi, situazioni, sguardi e parole. Un modo per ricordare, ascoltare e ridere di un tempo che sembra lontanissimo, ma che \u00e8 in realt\u00e0 ancora intriso di ricordi giovani, forti e capaci di raccontare ancora molto. Questa storia viene raccontata attraverso gli occhi di Antonio, giovane partigiano appena diciottenne, inesperto, eternamente innamorato, forse un po&#8217; sciocco. Come tutti i veri eroi. L&#8217;ingresso \u00e8 libero.<\/p>\n\n\n\n<p>Il secondo appuntamento \u00e8 fissato per marted\u00ec 24\u00a0aprile\u00a0alle 19.00 presso la sala della Biblioteca catalana dell&#8217;Obra Cultural (via Arduino 44) con la presentazione del libro d&#8217;esordio di <strong>Paola Soriga<\/strong> <strong><em>Dove finisce Roma<\/em><\/strong> (Einaudi, 2012), in cui si narra della figura di una giovanissima staffetta partigiana nella Roma che sta per essere liberata dall&#8217;occupazione tedesca. Ida che \u00e8 venuta dalla Sardegna e che \u00e8 entrata nella Resistenza perch\u00e9 &#8220;l&#8217;antifascismo \u00e8 per natura&#8221;, e che ha gi\u00e0 perso pi\u00f9 uomini e donne di quelli che avrebbe potuto conoscere, se non proprio avere.\u00a0Dopo i saluti di <strong>Valdo di Nolfo<\/strong>, Presidente della locale sezione dell&#8217;ANPI interverranno\u00a0l&#8217;autrice e la scrittrice sassarese <strong>Bianca Pitzorno<\/strong>.<\/p>\n\n\n\n<p>Mercoled\u00ec\u00a025 aprile\u00a0alle ore 9.00, con ritrovo presso Piazza del Municipio, si terr\u00e0 il consueto corteo antifascista per le vie della citt\u00e0. Tutti dietro lo striscione dell&#8217;ANPI per portare in piazza la parte migliore dei cittadini, quella che non cede al disincanto e all&#8217;indifferenza, quella che \u00e8 ancora capace di indignarsi di fronte alla decadenza morale e alla corruzione diffusa, quella che aspira a una democrazia vera, fatta di uguaglianza e socialit\u00e0. Quella che vuole portare avanti i sogni, le speranze, le attese di tutti coloro che combatterono e si impegnarono per la libert\u00e0. Sar\u00e0 cos\u00ec una grande festa di popolo, in cui la memoria si unir\u00e0 alla riflessione, all\u2019impegno antifascista, alla volont\u00e0 di uscire dalla crisi con un avanzamento generale della nostra societ\u00e0 e della democrazia, nella riaffermazione dei valori di fondo della Resistenza e della Costituzione.<\/p>\n\n\n\n<p>Alle 18.30 presso il Cinema Miramare, in onore e in ricordo delle donne che \u2013 come Marisa Musu \u2013 hanno partecipato attivamente alla Resistenza e contribuito con sacrificio alla lotta di Liberazione, in collaborazione con la <strong>Societ\u00e0 Umanitaria di Alghero<\/strong>, la proiezione del film-documentario <strong><em>Bandite<\/em><\/strong> di Alessia Proietti e Giuditta Pellegrini dedicato all\u2019esperienza combattente delle donne dal \u201943 al \u201945 tra le file delle formazioni partigiane. Un racconto corale tutto al femminile per descrivere l&#8217;esperienza di quelle partigiane pronte a imbracciare le armi e a diventare guerrigliere per la liberazione di tutti. Alla serata parteciper\u00e0 la storica sassarese <strong>Marina Addis Saba<\/strong>, che ha contribuito anche alla realizzazione del documentario. Moderatori dell&#8217;incontro saranno <strong>Nadia Rondello<\/strong>, operatrice culturale della Societ\u00e0 Umanitaria di Alghero e <strong>Valdo Di Nolfo<\/strong>, Presidente della sezione ANPI di Alghero \u201cMarisa Musu\u201d. Per l&#8217;ingresso \u00e8 richiesta una sottoscrizione di 3\u20ac a copertura delle spese.<\/p>\n\n\n\n<p><\/p>\n","protected":false},"excerpt":{"rendered":"<p>Anche quest&#8217;anno il Comitato Nazionale dell&#8217;ANPI fa appello a tutte le italiane e a tutti gli italiani affinch\u00e9 il\u00a025 aprile\u00a0scendano nelle piazze a festeggiare la Liberazione, a ritrovarsi uniti e appassionati attorno alle radici autentiche della nostra democrazia e del futuro: Antifascismo, Resistenza, Costituzione. La sezione algherese dell&#8217;ANPI \u201cMarisa Musu\u201d contribuisce ai festeggiamenti con una &#8230; <a title=\"Festa della Liberazione 2012\" class=\"read-more\" href=\"https:\/\/www.umanitaria.it\/alghero\/festa-della-liberazione-edizioni-passate\/festa-della-liberazione-2012\/\" aria-label=\"Per saperne di pi\u00f9 su Festa della Liberazione 2012\">Leggi tutto<\/a><\/p>\n","protected":false},"author":8,"featured_media":15589,"parent":15086,"menu_order":6,"comment_status":"closed","ping_status":"closed","template":"","meta":{"_acf_changed":false,"_seopress_robots_primary_cat":"","_seopress_titles_title":"","_seopress_titles_desc":"","_seopress_robots_index":"","inline_featured_image":false,"footnotes":""},"class_list":["post-15587","page","type-page","status-publish","has-post-thumbnail"],"acf":[],"_links":{"self":[{"href":"https:\/\/www.umanitaria.it\/alghero\/wp-json\/wp\/v2\/pages\/15587","targetHints":{"allow":["GET"]}}],"collection":[{"href":"https:\/\/www.umanitaria.it\/alghero\/wp-json\/wp\/v2\/pages"}],"about":[{"href":"https:\/\/www.umanitaria.it\/alghero\/wp-json\/wp\/v2\/types\/page"}],"author":[{"embeddable":true,"href":"https:\/\/www.umanitaria.it\/alghero\/wp-json\/wp\/v2\/users\/8"}],"replies":[{"embeddable":true,"href":"https:\/\/www.umanitaria.it\/alghero\/wp-json\/wp\/v2\/comments?post=15587"}],"version-history":[{"count":3,"href":"https:\/\/www.umanitaria.it\/alghero\/wp-json\/wp\/v2\/pages\/15587\/revisions"}],"predecessor-version":[{"id":15592,"href":"https:\/\/www.umanitaria.it\/alghero\/wp-json\/wp\/v2\/pages\/15587\/revisions\/15592"}],"up":[{"embeddable":true,"href":"https:\/\/www.umanitaria.it\/alghero\/wp-json\/wp\/v2\/pages\/15086"}],"wp:featuredmedia":[{"embeddable":true,"href":"https:\/\/www.umanitaria.it\/alghero\/wp-json\/wp\/v2\/media\/15589"}],"wp:attachment":[{"href":"https:\/\/www.umanitaria.it\/alghero\/wp-json\/wp\/v2\/media?parent=15587"}],"curies":[{"name":"wp","href":"https:\/\/api.w.org\/{rel}","templated":true}]}}