{"id":15702,"date":"2025-10-06T17:27:27","date_gmt":"2025-10-06T15:27:27","guid":{"rendered":"https:\/\/www.umanitaria.it\/alghero\/?page_id=15702"},"modified":"2025-11-03T10:47:51","modified_gmt":"2025-11-03T09:47:51","slug":"edizione-2020","status":"publish","type":"page","link":"https:\/\/www.umanitaria.it\/alghero\/el-cicle-gaudi-a-lalguer-edizioni-passate\/edizione-2020\/","title":{"rendered":"Edizione 2020"},"content":{"rendered":"\n<p>La pandemia non ferma il progetto di cooperazione culturale nel segno del cinema, <strong>El Cicle Gaud\u00ed a l\u2019Alguer<\/strong> avr\u00e0 un\u2019edizione 2020 interamente online. Quattro appuntamenti imperdibili, quattro film che hanno partecipato al Premi Gaud\u00ed, il pi\u00f9 importante Premio cinematografico della Catalogna, saranno programmati tra novembre e dicembre sulla piattaforma <strong><mark style=\"background-color:rgba(0, 0, 0, 0)\" class=\"has-inline-color has-global-color-8-color\">onlinesardegna.umanitaria.it<\/mark><\/strong>. Come le edizioni precedenti, il ciclo \u00e8 stato reso possibile dalla partnership tra <strong>Societ\u00e0 Umanitaria di Alghero<\/strong>, ente da sempre impegnato nella diffusione della cultura cinematografica e audiovisiva, dalla <strong>Generalitat de Catalunya Delegaci\u00f2 del Govern a Italia, Ufficio di Alghero<\/strong> e dalla <strong>Plataforma per la Llengua<\/strong>, ONG che promuove l\u2019uso del catalano come strumento di coesione sociale, con la collaborazione dell\u2019<strong>Acad\u00e9mia del Cinema Catal\u00e0<\/strong>, che organizza il premio, e il supporto della <strong>Regione Sardegna<\/strong>.<\/p>\n\n\n\n<p>I quattro film in programma, inediti in Italia, saranno presentati nella versione originale in catalano con sottotitoli in italiano realizzati per l\u2019occasione. Resteranno visibili per tre giorni, gratuitamente (ma limitatamente a 300 accessi) sulla piattaforma <strong><mark style=\"background-color:rgba(0, 0, 0, 0)\" class=\"has-inline-color has-global-color-8-color\">onlinesardegna.umanitaria.it<\/mark><\/strong>, una nuova piattaforma gestita da tre Centri di Servizi Culturali della Societ\u00e0 Umanitaria in Sardegna. Si comincia con <strong><em>Pau, la for\u00e7a d\u2019un silenci<\/em><\/strong> di <strong>Manuel Huerga<\/strong>, un film che racconta un momento della vita del grande musicista Pau Casals, che a met\u00e0 degli anni Quaranta si trova in esilio volontario a Prada de Conflent e ha deciso di non suonare pi\u00f9 in pubblico fino alla caduta della dittatura franchista. Sar\u00e0 un suo giovane allievo francese a provare a convincerlo a tornare sul palcoscenico, per un concerto che sia un omaggio alla libert\u00e0. Il film sar\u00e0 disponibile online dalle 16.00 del 27 novembre alle 16.00 del 30 novembre. Il secondo film in programma, dal 4 al 7 dicembre, \u00e8 <strong><em>Els dies que vindran<\/em><\/strong> di <strong>Carlos Marqu\u00e9s-Marcet<\/strong> che racconta dettagliatamente la gravidanza di Vir e del suo compagno Llu\u00eds. Il film \u00e8 la terza parte di una trilogia sul disamore e sui pericoli della convivenza. Si tratta di una storia di finzione sulla mancanza di comunicazione che il regista inserisce nel cuore di una coppia di attori che aspettano un bambino nella vita reale.\u00a0Si prosegue, dall\u201911 al 14 dicembre, con <em><strong>El viatge de la Marta<\/strong> <\/em>di <strong>Neus Ball\u00f9s<\/strong>. Il film narra, in una forma vicina al documentario, del viaggio della diciassettenne Marta in un resort in Africa insieme a suo padre a suo fratello minore. Marta preferisce passare il tempo con i giovani che lavorano nell\u2019hotel piuttosto che con la sua famiglia, e questo metter\u00e0 a dura prova il rapporto con suo padre. Infine, dal 18 al 21 dicembre, verr\u00e0 programmato<em> <strong>Brava<\/strong><\/em><strong> <\/strong>di <strong>Roser Aguilar<\/strong>. \u00c8 la storia di Janine, che subisce un trauma dopo un\u2019aggressione in metropolitana e decide di cercare la pace nel villaggio dove vive suo padre.<\/p>\n\n\n\n<p>Tutti i film prevedono una sorta di \u201ccontenuto speciale\u201d, creato apposta per il ciclo: sar\u00e0 possibile, dalla stessa piattaforma o dalle pagine social degli organizzatori, vedere un intervento di attori e autori.<\/p>\n\n\n\n<p><\/p>\n","protected":false},"excerpt":{"rendered":"<p>La pandemia non ferma il progetto di cooperazione culturale nel segno del cinema, El Cicle Gaud\u00ed a l\u2019Alguer avr\u00e0 un\u2019edizione 2020 interamente online. Quattro appuntamenti imperdibili, quattro film che hanno partecipato al Premi Gaud\u00ed, il pi\u00f9 importante Premio cinematografico della Catalogna, saranno programmati tra novembre e dicembre sulla piattaforma onlinesardegna.umanitaria.it. Come le edizioni precedenti, il &#8230; <a title=\"Edizione 2020\" class=\"read-more\" href=\"https:\/\/www.umanitaria.it\/alghero\/el-cicle-gaudi-a-lalguer-edizioni-passate\/edizione-2020\/\" aria-label=\"Per saperne di pi\u00f9 su Edizione 2020\">Leggi tutto<\/a><\/p>\n","protected":false},"author":8,"featured_media":15704,"parent":15139,"menu_order":5,"comment_status":"closed","ping_status":"closed","template":"","meta":{"_acf_changed":false,"_seopress_robots_primary_cat":"","_seopress_titles_title":"","_seopress_titles_desc":"","_seopress_robots_index":"","inline_featured_image":false,"footnotes":""},"class_list":["post-15702","page","type-page","status-publish","has-post-thumbnail"],"acf":[],"_links":{"self":[{"href":"https:\/\/www.umanitaria.it\/alghero\/wp-json\/wp\/v2\/pages\/15702","targetHints":{"allow":["GET"]}}],"collection":[{"href":"https:\/\/www.umanitaria.it\/alghero\/wp-json\/wp\/v2\/pages"}],"about":[{"href":"https:\/\/www.umanitaria.it\/alghero\/wp-json\/wp\/v2\/types\/page"}],"author":[{"embeddable":true,"href":"https:\/\/www.umanitaria.it\/alghero\/wp-json\/wp\/v2\/users\/8"}],"replies":[{"embeddable":true,"href":"https:\/\/www.umanitaria.it\/alghero\/wp-json\/wp\/v2\/comments?post=15702"}],"version-history":[{"count":2,"href":"https:\/\/www.umanitaria.it\/alghero\/wp-json\/wp\/v2\/pages\/15702\/revisions"}],"predecessor-version":[{"id":15705,"href":"https:\/\/www.umanitaria.it\/alghero\/wp-json\/wp\/v2\/pages\/15702\/revisions\/15705"}],"up":[{"embeddable":true,"href":"https:\/\/www.umanitaria.it\/alghero\/wp-json\/wp\/v2\/pages\/15139"}],"wp:featuredmedia":[{"embeddable":true,"href":"https:\/\/www.umanitaria.it\/alghero\/wp-json\/wp\/v2\/media\/15704"}],"wp:attachment":[{"href":"https:\/\/www.umanitaria.it\/alghero\/wp-json\/wp\/v2\/media?parent=15702"}],"curies":[{"name":"wp","href":"https:\/\/api.w.org\/{rel}","templated":true}]}}