{"id":517,"date":"2025-03-24T15:04:00","date_gmt":"2025-03-24T15:04:00","guid":{"rendered":"https:\/\/www.umanitaria.it\/home\/grkint\/domains\/www.umanitaria.it\/public_html\/?page_id=2"},"modified":"2026-03-31T16:51:37","modified_gmt":"2026-03-31T14:51:37","slug":"sample-page","status":"publish","type":"page","link":"https:\/\/www.umanitaria.it\/cagliari\/","title":{"rendered":"Home Page"},"content":{"rendered":"\n<div class=\"gb-element-143a2b0d\">\n<div class=\"banner-container \">\n<div class=\"banner-sedi\">\n<div class=\"wp-block-superblockslider-slider superblockslider\" style=\"height:60vh;width:100%\" data-transition-duration=\".6s\" data-animation=\"cubic-bezier(0.46, 0.03, 0.52, 0.96)\" data-slide-navigation=\"none\"><div class=\"superblockslider__window\"><div class=\"superblockslider__track\" style=\"width:300%;transform:translateX(-0.0000%);transition-duration:.6s;transition-timing-function:cubic-bezier(0.46, 0.03, 0.52, 0.96)\">\n<div class=\"wp-block-superblockslider-slide superblockslider__slide superblockslider__slide--active is-vertical-center\" data-slide-index=\"0\"><div class=\"superblockslider__slide__bg\"><img fetchpriority=\"high\" decoding=\"async\" class=\"image--xl visible--xl visible--sm visible--md visible--lg\" src=\"https:\/\/www.umanitaria.it\/cagliari\/wp-content\/uploads\/sites\/12\/2025\/10\/La-tua-memoria.png\" width=\"1000\" height=\"500\" title=\"La tua memoria\" alt=\"\" loading=\"eager\" srcset=\"https:\/\/www.umanitaria.it\/cagliari\/wp-content\/uploads\/sites\/12\/2025\/10\/La-tua-memoria-150x150.png 150w,https:\/\/www.umanitaria.it\/cagliari\/wp-content\/uploads\/sites\/12\/2025\/10\/La-tua-memoria-300x150.png 300w,https:\/\/www.umanitaria.it\/cagliari\/wp-content\/uploads\/sites\/12\/2025\/10\/La-tua-memoria.png 1000w,\" sizes=\"(max-width: 1000px) 100vw, 1000px\" style=\"object-fit:cover;object-position:55.00000000000001% 26%\"\/><\/div><div class=\"superblockslider__slide__overlay\"><\/div><div class=\"superblockslider__slide_inner\"><div class=\"inner-blocks\">\n<div class=\"container\">\n<div class=\"half-width\">\n<h1 class=\"wp-block-heading\"><mark style=\"background-color:rgba(0, 0, 0, 0)\" class=\"has-inline-color has-base-3-color\">La tua memoria \u00e8 la nostra storia<\/mark><\/h1>\n\n\n\n<p><mark><mark style=\"background-color:rgba(0, 0, 0, 0)\" class=\"has-inline-color has-base-3-color\">L\u2019archivio della memoria privata e familiare dei sardi<\/mark><\/mark><\/p>\n\n\n\n<div class=\"wp-block-buttons is-layout-flex wp-block-buttons-is-layout-flex\">\n<div class=\"wp-block-button\"><a class=\"wp-block-button__link wp-element-button\" href=\"https:\/\/www.umanitaria.it\/cagliari\/progetti-regionali\/la-tua-memoria-e-la-nostra-storia\/\" target=\"_blank\" rel=\"noreferrer noopener\">SCOPRI DI PI\u00da<\/a><\/div>\n<\/div>\n<\/div>\n<\/div>\n<\/div><\/div><\/div>\n\n\n\n<div class=\"wp-block-superblockslider-slide superblockslider__slide is-vertical-center\" data-slide-index=\"1\"><div class=\"superblockslider__slide__bg\"><img decoding=\"async\" class=\"image--xl visible--xl visible--sm visible--md visible--lg\" src=\"https:\/\/www.umanitaria.it\/cagliari\/wp-content\/uploads\/sites\/12\/2025\/11\/re-fr.webp\" width=\"1024\" height=\"585\" title=\"re-fr\" alt=\"\" loading=\"eager\" srcset=\"https:\/\/www.umanitaria.it\/cagliari\/wp-content\/uploads\/sites\/12\/2025\/11\/re-fr-150x150.webp 150w,https:\/\/www.umanitaria.it\/cagliari\/wp-content\/uploads\/sites\/12\/2025\/11\/re-fr-300x171.webp 300w,https:\/\/www.umanitaria.it\/cagliari\/wp-content\/uploads\/sites\/12\/2025\/11\/re-fr.webp 1024w,\" sizes=\"(max-width: 1024px) 100vw, 1024px\" style=\"object-fit:cover;object-position:45% 61%\"\/><\/div><div class=\"superblockslider__slide__overlay\"><\/div><div class=\"superblockslider__slide_inner\"><div class=\"inner-blocks\">\n<div class=\"container\">\n<div class=\"half-width\">\n<div class=\"wp-block-buttons is-content-justification-right is-layout-flex wp-container-core-buttons-is-layout-02b0700d wp-block-buttons-is-layout-flex\">\n<div class=\"wp-block-button\"><a class=\"wp-block-button__link wp-element-button\" href=\"https:\/\/www.umanitaria.it\/cagliari\/appuntamento\/re-framing-home-movies-4-presentazione-finale\/\">SCOPRI DI PI\u00da<\/a><\/div>\n<\/div>\n<\/div>\n<\/div>\n<\/div><\/div><\/div>\n\n\n\n<div class=\"wp-block-superblockslider-slide superblockslider__slide is-vertical-center\" data-slide-index=\"2\"><div class=\"superblockslider__slide__bg\"><img decoding=\"async\" class=\"image--xl visible--xl visible--sm visible--md visible--lg\" src=\"https:\/\/www.umanitaria.it\/cagliari\/wp-content\/uploads\/sites\/12\/2025\/12\/WhatsApp-Image-2025-11-24-at-09.53.59-1.webp\" width=\"1600\" height=\"666\" title=\"WhatsApp Image 2025-11-24 at 09.53.59 (1)\" alt=\"\" loading=\"eager\" srcset=\"https:\/\/www.umanitaria.it\/cagliari\/wp-content\/uploads\/sites\/12\/2025\/12\/WhatsApp-Image-2025-11-24-at-09.53.59-1-150x150.webp 150w,https:\/\/www.umanitaria.it\/cagliari\/wp-content\/uploads\/sites\/12\/2025\/12\/WhatsApp-Image-2025-11-24-at-09.53.59-1-300x125.webp 300w,https:\/\/www.umanitaria.it\/cagliari\/wp-content\/uploads\/sites\/12\/2025\/12\/WhatsApp-Image-2025-11-24-at-09.53.59-1-1024x426.webp 1024w,https:\/\/www.umanitaria.it\/cagliari\/wp-content\/uploads\/sites\/12\/2025\/12\/WhatsApp-Image-2025-11-24-at-09.53.59-1.webp 1600w,\" sizes=\"(max-width: 1600px) 100vw, 1600px\" style=\"object-fit:cover;object-position:100% 49%\"\/><\/div><div class=\"superblockslider__slide__overlay\"><\/div><div class=\"superblockslider__slide_inner\"><div class=\"inner-blocks\">\n<div class=\"container\">\n<div class=\"half-width\">\n<h1 class=\"wp-block-heading\"><strong><mark style=\"background-color:rgba(0, 0, 0, 0)\" class=\"has-inline-color has-global-color-8-color\">Torna Gira che ti riGira!<\/mark><\/strong><\/h1>\n\n\n\n<p><mark style=\"background-color:rgba(0, 0, 0, 0)\" class=\"has-inline-color has-contrast-color\"><strong>Il concorso cinematografico per le scuole<\/strong><\/mark><\/p>\n\n\n\n<div class=\"wp-block-buttons is-layout-flex wp-block-buttons-is-layout-flex\">\n<div class=\"wp-block-button\"><a class=\"wp-block-button__link wp-element-button\" href=\"https:\/\/www.umanitaria.it\/cagliari\/progetti-regionali\/gira-che-ti-rigira\/\" target=\"_blank\" rel=\"noreferrer noopener\">SCOPRI DI PI\u00da<\/a><\/div>\n<\/div>\n<\/div>\n<\/div>\n<\/div><\/div><\/div>\n<\/div><\/div><div class=\"superblockslider__controls superblockslider__navigation\"><button class=\"superblockslider__button__navigation superblockslider__button__previous\" aria-label=\"Previous slide\"><span class=\"superblockslider__button__previous--icon\"><svg width=\"85\" height=\"85\" xmlns=\"http:\/\/www.w3.org\/2000\/svg\" viewBox=\"0 0 85 85\" role=\"img\" aria-hidden=\"true\" focusable=\"false\"><path d=\"M 65.863 7.136 L 57.367 0 L 19.137 42.478 L 57.367 84.955 L 65.863 77.819 L 33.41 42.478 L 65.863 7.136 Z\"><\/path><\/svg><\/span><\/button><button class=\"superblockslider__button__navigation superblockslider__button__next\" aria-label=\"Next slide\"><span class=\"superblockslider__button__next--icon\"><svg width=\"85\" height=\"85\" xmlns=\"http:\/\/www.w3.org\/2000\/svg\" viewBox=\"0 0 85 85\" role=\"img\" aria-hidden=\"true\" focusable=\"false\"><path d=\"M 19.137 7.136 L 27.633 0 L 65.863 42.478 L 27.633 84.955 L 19.137 77.819 L 51.59 42.478 L 19.137 7.136 Z\"><\/path><\/svg><\/span><\/button><\/div><\/div>\n\n\n\n<div class=\"h2\">\n<h2 class=\"wp-block-heading\">Cagliari<\/h2>\n<\/div>\n<\/div>\n<\/div>\n\n\n\n<div class=\"gb-element-8847ef69 le-sede container-padding\">\n<h2 class=\"wp-block-heading\"><a href=\"https:\/\/www.umanitaria.it\/cagliari\/chi-siamo\/\" data-type=\"page\" data-id=\"985\"><strong>Il valore pubblico della cultura audiovisiva<\/strong><\/a><\/h2>\n\n\n\n<p><strong>Il Centro di Servizi Culturali della Societ\u00e0 Umanitaria di Cagliari<\/strong>&nbsp;costituisce un punto di riferimento importante nell\u2019ambito dei servizi culturali, con un valore di servizio pubblico che \u00e8 stato acquisito attraverso attivit\u00e0 permanenti rivolte alla formazione e all\u2019educazione della cittadinanza, alla promozione della conoscenza degli audiovisivi, ma in particolare specializzando una parte del proprio lavoro intorno alla conservazione, la digitalizzazione, la catalogazione e la promozione dei beni culturali cinematografici .&nbsp;<strong>La presenza del Centro in Sardegna, con il suo lavoro quotidiano, ha consentito nel tempo la formazione di centinaia di persone che operano nella cultura in tutto il territorio regionale, anche in ambiti diversi dal settore audiovisivo.<\/strong><\/p>\n\n\n\n<p>Le attivit\u00e0 rivolte alle comunit\u00e0 hanno consentito di sviluppare un modello educativo e di diffusione delle conoscenze, una visione del lavoro culturale ancora oggi efficace, che stimola la crescita civile, promuove una coscienza moderna dei beni culturali volta alla valorizzazione degli stessi come fondamento dell\u2019identit\u00e0. L\u2019azione capillare nel territorio sardo ha fatto s\u00ec che si creasse il contesto ideale per la maturazione di una domanda e di un\u2019offerta (che si manifesta sempre di pi\u00f9 sul terreno della multimedialit\u00e0) oggi molto rilevante, densa di contenuti di grande pregnanza culturale, formativa e di alta qualit\u00e0. Ci\u00f2 ha reso possibile inoltre la maturazione e l\u2019emersione di nuove competenze nei campi dell\u2019acquisizione digitale, della conservazione, della catalogazione, della fruizione e della produzione cinematografica.<\/p>\n\n\n\n<p><strong>Il Centro ha consolidato e rafforzato nel tempo e in tutto il territorio sardo la sua presenza e ha ampliato conseguentemente le sue attivit\u00e0, operando secondo un\u2019articolazione complessa di servizi, modalit\u00e0 e azioni che promuove a 360 gradi il mondo dell\u2019esperienza audiovisiva.<\/strong>&nbsp;Il Centro di Servizi Culturali, oltre a svolgere e gestire attivit\u00e0 dirette e sviluppate a partire dalle proprie risorse intellettuali e materiali, incentiva e sostiene, in varie forme, anche attivit\u00e0 e progetti culturali e sociali posti in essere da altri organismi (pubblici e privati) in ambito regionale.&nbsp;<strong>Inoltre svolge la fondamentale azione di ricerca, recupero, studio e salvaguardia di tutti i materiali, audiovisivi e non, considerati beni culturali e archivio della memoria della Sardegna.<\/strong><\/p>\n<\/div>\n\n\n\n<div class=\"gb-element-27502feb container-padding\"><\/div>\n\n\n<div class=\"container flex no-padding next-events\"><h2>I prossimi <strong><mark class=\"has-inline-color has-accent-color\">appuntamenti<\/mark><\/strong><\/h2><\/div><div class='home-blog'>\n                   <div id='home_news_left'><a href='\/cagliari\/cultura'><span>Scopri gli appuntamenti in programma a CAGLIARI<\/span><\/a><\/div>\n                        <div id='home_news_right'><div id='loader'><\/div><ul class='lista-eventi'><\/ul><div id='home_news_prev'><img src='\/wp-content\/themes\/generatepress_child\/assets\/images\/prev-left.svg' alt='precedente'\/> <\/div>\n<div id='home_news_next'><img src='\/wp-content\/themes\/generatepress_child\/assets\/images\/next-right.svg' alt='prossimo'\/> <\/div><\/div><div class='home-eventi-nav'><\/div><\/div>\n\n\n\n<div class=\"gb-element-eeb52804 quick-links-sedi\">\n<div class=\"dett-quick-link\">\n<a class=\"gb-element-14971901 dett-quick-link-title\" href=\"\/cagliari\/cinema-di-famiglia\/\">\n<h3 class=\"gb-text\"><strong>Servizi<\/strong><\/h3>\n<\/a>\n\n\n\n<a class=\"gb-element-782f5edd dett-quick-link-spiega\" href=\"https:\/\/www.umanitaria.it\/cagliari\/servizi\/\">\n<figure class=\"wp-block-image size-full\"><img loading=\"lazy\" decoding=\"async\" width=\"1000\" height=\"500\" src=\"https:\/\/www.umanitaria.it\/cagliari\/wp-content\/uploads\/sites\/12\/2025\/10\/servizi.webp\" alt=\"\" class=\"wp-image-15773\" srcset=\"https:\/\/www.umanitaria.it\/cagliari\/wp-content\/uploads\/sites\/12\/2025\/10\/servizi.webp 1000w, https:\/\/www.umanitaria.it\/cagliari\/wp-content\/uploads\/sites\/12\/2025\/10\/servizi-300x150.webp 300w, https:\/\/www.umanitaria.it\/cagliari\/wp-content\/uploads\/sites\/12\/2025\/10\/servizi-768x384.webp 768w\" sizes=\"auto, (max-width: 1000px) 100vw, 1000px\" \/><\/figure>\n\n\n\n<h4 class=\"gb-text\">Mediateca, restauri e digitalizzazioni<\/h4>\n\n\n\n<p>Le attivit\u00e0 e i servizi offerti dal CSC di Cagliari spaziano dall\u2019ambito culturale a quello educativo, dalla promozione cinematografica alla conservazione, al restauro e alla digitalizzazione del patrimonio audiovisivo.<\/p>\n<\/a>\n<\/div>\n\n\n\n<div class=\"dett-quick-link\">\n<a class=\"gb-element-e78cf4bd dett-quick-link-title\" href=\"\/cagliari\/formazione\">\n<h3 class=\"gb-text\"><strong>Attivit\u00e0 con le scuole<\/strong><\/h3>\n<\/a>\n\n\n\n<a class=\"gb-element-03f57504 dett-quick-link-spiega\" href=\"\/cagliari\/formazione\/\">\n<figure class=\"wp-block-image size-full\"><img loading=\"lazy\" decoding=\"async\" width=\"1000\" height=\"500\" src=\"https:\/\/www.umanitaria.it\/cagliari\/wp-content\/uploads\/sites\/12\/2025\/10\/Laboratori.png\" alt=\"\" class=\"wp-image-15052\" srcset=\"https:\/\/www.umanitaria.it\/cagliari\/wp-content\/uploads\/sites\/12\/2025\/10\/Laboratori.png 1000w, https:\/\/www.umanitaria.it\/cagliari\/wp-content\/uploads\/sites\/12\/2025\/10\/Laboratori-300x150.png 300w, https:\/\/www.umanitaria.it\/cagliari\/wp-content\/uploads\/sites\/12\/2025\/10\/Laboratori-768x384.png 768w\" sizes=\"auto, (max-width: 1000px) 100vw, 1000px\" \/><\/figure>\n\n\n\n<h4 class=\"gb-text\">Incontri e laboratori<\/h4>\n\n\n\n<p>La Cineteca Sarda della Societ\u00e0 Umanitaria riserva da sempre un\u2019attenzione particolare al mondo della scuola, cui offre gratuitamente una vasta gamma di servizi.<\/p>\n<\/a>\n<\/div>\n\n\n\n<div class=\"dett-quick-link\">\n<a class=\"gb-element-3211eb69 dett-quick-link-title\" href=\"\/cagliari\/cultura\/\">\n<h3 class=\"gb-text\"><strong>Cultura<\/strong><\/h3>\n<\/a>\n\n\n\n<a class=\"gb-element-f1892407 dett-quick-link-spiega\" href=\"\/cagliari\/cultura\/\">\n<figure class=\"wp-block-image size-full\"><img loading=\"lazy\" decoding=\"async\" width=\"1000\" height=\"500\" src=\"https:\/\/www.umanitaria.it\/cagliari\/wp-content\/uploads\/sites\/12\/2025\/10\/Cultura.png\" alt=\"\" class=\"wp-image-15191\" srcset=\"https:\/\/www.umanitaria.it\/cagliari\/wp-content\/uploads\/sites\/12\/2025\/10\/Cultura.png 1000w, https:\/\/www.umanitaria.it\/cagliari\/wp-content\/uploads\/sites\/12\/2025\/10\/Cultura-300x150.png 300w, https:\/\/www.umanitaria.it\/cagliari\/wp-content\/uploads\/sites\/12\/2025\/10\/Cultura-768x384.png 768w\" sizes=\"auto, (max-width: 1000px) 100vw, 1000px\" \/><\/figure>\n\n\n\n<h4 class=\"gb-text\">Rassegne ed eventi<\/h4>\n\n\n\n<p>Il Centro di Servizi Culturali della Societ\u00e0 Umanitaria di Cagliari promuove e organizza una ricca programmazione culturale, con rassegne, incontri con autor\u025c, presentazioni di libri, convegni e mostre.  <\/p>\n<\/a>\n<\/div>\n\n\n\n<div class=\"dett-quick-link\">\n<a class=\"gb-element-9d52d30b dett-quick-link-title\" href=\"\/cagliari\/archivi\/\">\n<h3 class=\"gb-text\"><strong>Archivi<\/strong><\/h3>\n<\/a>\n\n\n\n<a class=\"gb-element-640fd02b dett-quick-link-spiega\" href=\"\/cagliari\/archivi\/\">\n<figure class=\"wp-block-image size-full\"><img loading=\"lazy\" decoding=\"async\" width=\"1000\" height=\"500\" src=\"https:\/\/www.umanitaria.it\/cagliari\/wp-content\/uploads\/sites\/12\/2025\/10\/Valigette-1.png\" alt=\"\" class=\"wp-image-15193\" srcset=\"https:\/\/www.umanitaria.it\/cagliari\/wp-content\/uploads\/sites\/12\/2025\/10\/Valigette-1.png 1000w, https:\/\/www.umanitaria.it\/cagliari\/wp-content\/uploads\/sites\/12\/2025\/10\/Valigette-1-300x150.png 300w, https:\/\/www.umanitaria.it\/cagliari\/wp-content\/uploads\/sites\/12\/2025\/10\/Valigette-1-768x384.png 768w\" sizes=\"auto, (max-width: 1000px) 100vw, 1000px\" \/><\/figure>\n\n\n\n<h4 class=\"gb-text\">Pellicole, supporti digitali e fotografie<\/h4>\n\n\n\n<p>L\u2019Archivio \u2013 Cineteca \u00e8 costituito da tutto il materiale audiovisivo raccolto durante l\u2019attivit\u00e0 dei Centri Servizi Culturali della Sardegna.<\/p>\n<\/a>\n<\/div>\n<\/div>\n<\/div>\n\n\n\n<p><\/p>\n","protected":false},"excerpt":{"rendered":"<p>Cagliari Il valore pubblico della cultura audiovisiva Il Centro di Servizi Culturali della Societ\u00e0 Umanitaria di Cagliari&nbsp;costituisce un punto di riferimento importante nell\u2019ambito dei servizi culturali, con un valore di servizio pubblico che \u00e8 stato acquisito attraverso attivit\u00e0 permanenti rivolte alla formazione e all\u2019educazione della cittadinanza, alla promozione della conoscenza degli audiovisivi, ma in particolare &#8230; <a title=\"Home Page\" class=\"read-more\" href=\"https:\/\/www.umanitaria.it\/cagliari\/\" aria-label=\"Per saperne di pi\u00f9 su Home Page\">Leggi tutto<\/a><\/p>\n","protected":false},"author":1,"featured_media":0,"parent":14665,"menu_order":15,"comment_status":"closed","ping_status":"closed","template":"","meta":{"_acf_changed":false,"_seopress_robots_primary_cat":"","_seopress_titles_title":"","_seopress_titles_desc":"","_seopress_robots_index":"","inline_featured_image":false,"footnotes":""},"class_list":["post-517","page","type-page","status-publish"],"acf":[],"_links":{"self":[{"href":"https:\/\/www.umanitaria.it\/cagliari\/wp-json\/wp\/v2\/pages\/517","targetHints":{"allow":["GET"]}}],"collection":[{"href":"https:\/\/www.umanitaria.it\/cagliari\/wp-json\/wp\/v2\/pages"}],"about":[{"href":"https:\/\/www.umanitaria.it\/cagliari\/wp-json\/wp\/v2\/types\/page"}],"author":[{"embeddable":true,"href":"https:\/\/www.umanitaria.it\/cagliari\/wp-json\/wp\/v2\/users\/1"}],"replies":[{"embeddable":true,"href":"https:\/\/www.umanitaria.it\/cagliari\/wp-json\/wp\/v2\/comments?post=517"}],"version-history":[{"count":152,"href":"https:\/\/www.umanitaria.it\/cagliari\/wp-json\/wp\/v2\/pages\/517\/revisions"}],"predecessor-version":[{"id":16535,"href":"https:\/\/www.umanitaria.it\/cagliari\/wp-json\/wp\/v2\/pages\/517\/revisions\/16535"}],"up":[{"embeddable":true,"href":"https:\/\/www.umanitaria.it\/cagliari\/wp-json\/wp\/v2\/pages\/14665"}],"wp:attachment":[{"href":"https:\/\/www.umanitaria.it\/cagliari\/wp-json\/wp\/v2\/media?parent=517"}],"curies":[{"name":"wp","href":"https:\/\/api.w.org\/{rel}","templated":true}]}}