{"id":985,"date":"2025-05-13T08:40:46","date_gmt":"2025-05-13T06:40:46","guid":{"rendered":"https:\/\/www.umanitaria.it\/demo\/?page_id=985"},"modified":"2025-10-23T10:59:32","modified_gmt":"2025-10-23T08:59:32","slug":"chi-siamo","status":"publish","type":"page","link":"https:\/\/www.umanitaria.it\/cagliari\/chi-siamo\/","title":{"rendered":"Chi Siamo"},"content":{"rendered":"\n<figure class=\"wp-block-image size-full is-resized\"><img loading=\"lazy\" decoding=\"async\" width=\"1000\" height=\"435\" src=\"https:\/\/www.umanitaria.it\/cagliari\/wp-content\/uploads\/sites\/12\/2025\/09\/Ingresso-Cineteca.png\" alt=\"\" class=\"wp-image-14855\" style=\"width:1320px;height:auto\" srcset=\"https:\/\/www.umanitaria.it\/cagliari\/wp-content\/uploads\/sites\/12\/2025\/09\/Ingresso-Cineteca.png 1000w, https:\/\/www.umanitaria.it\/cagliari\/wp-content\/uploads\/sites\/12\/2025\/09\/Ingresso-Cineteca-300x131.png 300w, https:\/\/www.umanitaria.it\/cagliari\/wp-content\/uploads\/sites\/12\/2025\/09\/Ingresso-Cineteca-768x334.png 768w\" sizes=\"auto, (max-width: 1000px) 100vw, 1000px\" \/><\/figure>\n\n\n\n<p><\/p>\n\n\n\n<p>Il Centro di Servizi Culturali di Cagliari della Societ\u00e0 Umanitaria \u00e8 un luogo dove la cultura prende forma ogni giorno. Non \u00e8 solo uno spazio di conservazione e ricerca, ma un laboratorio vivo che unisce memoria e innovazione. Qui si custodiscono e si rendono accessibili beni audiovisivi rari, attraverso processi di digitalizzazione, catalogazione e valorizzazione, ma allo stesso tempo si creano occasioni di formazione, percorsi di educazione e iniziative dedicate alla conoscenza del patrimonio culturale cinematografico. Negli anni, grazie a questo lavoro costante, il Centro ha contribuito a far crescere intere generazioni di professionisti della cultura in Sardegna, che oggi operano in diversi ambiti, dentro e oltre il settore audiovisivo.<\/p>\n\n\n\n<p><strong>La Societ\u00e0 Umanitaria incominci\u00f2 a operare in Sardegna nel 1958 col &#8220;Progetto Sardegna&#8221; dell&#8217;OECE\/OCSE per lo sviluppo economico e sociale nell&#8217;alto oristanese.<\/strong> Nel 1963, concluso il progetto Sardegna-OECE, ha proseguito in proprio l\u2019attivit\u00e0 in campo audiovisivo con l\u2019istituzione di un Ufficio Sardo per la fornitura di materiali didattici e sussidi audiovisivi, di assistenza tecnica, formazione e aggiornamento ad animatori culturali e audiovisivi e insegnanti.<strong> Nel 1966, grazie all\u2019intuizione e all\u2019impulso di<\/strong> <a href=\"https:\/\/it.wikipedia.org\/wiki\/Fabio_Masala\"><strong>Fabio Masala<\/strong><\/a>, <strong>fond\u00f2 la Cineteca Sarda<\/strong> come servizio a sostegno delle attivit\u00e0 di educazione degli adulti e dell&#8217;associazionismo.<\/p>\n\n\n\n<p><strong>Nel 1967 la Cassa del Mezzogiorno istitu\u00ec in tutte le regioni del sud i Centri di Servizi Culturali <\/strong>con il compito di &#8220;affiancare allo sviluppo economico un adeguato sviluppo culturale&#8221;. <strong>Alla Societ\u00e0 Umanitaria venne affidata in Sardegna la gestione dei Centri di Cagliari, Alghero e Iglesias.<\/strong><\/p>\n\n\n\n<p>Al CSC di Cagliari fu affidato l&#8217;incarico di realizzare un programma di respiro regionale articolato in due settori: 1. sostegno delle biblioteche comunali della provincia cagliaritana e, pi\u00f9 in generale, assistenza a iniziative di educazione degli adulti della regione; 2. rafforzamento e funzionamento della cineteca regionale, collegata con la rete dei circoli del cinema gi\u00e0 esistente. <strong>Nel 1972 una delibera del Cipe trasfer\u00ec i Centri di Servizi Culturali alla competenza delle Regioni. In Sardegna con legge regionale n. 37\/1978 e successive modifiche la Regione stabil\u00ec le modalit\u00e0 di finanziamento. <\/strong>Dal 1\u00b0 gennaio 2017 il Centro di Cagliari ha preso l&#8217;attuale denominazione: \u201cCentro Servizi Culturali Cagliari della Societ\u00e0 Umanitaria\u201d, con un proprio codice fiscale.<\/p>\n","protected":false},"excerpt":{"rendered":"<p>Il Centro di Servizi Culturali di Cagliari della Societ\u00e0 Umanitaria \u00e8 un luogo dove la cultura prende forma ogni giorno. Non \u00e8 solo uno spazio di conservazione e ricerca, ma un laboratorio vivo che unisce memoria e innovazione. Qui si custodiscono e si rendono accessibili beni audiovisivi rari, attraverso processi di digitalizzazione, catalogazione e valorizzazione, &#8230; <a title=\"Chi Siamo\" class=\"read-more\" href=\"https:\/\/www.umanitaria.it\/cagliari\/chi-siamo\/\" aria-label=\"Per saperne di pi\u00f9 su Chi Siamo\">Leggi tutto<\/a><\/p>\n","protected":false},"author":1,"featured_media":0,"parent":0,"menu_order":16,"comment_status":"closed","ping_status":"closed","template":"","meta":{"_acf_changed":false,"_seopress_robots_primary_cat":"","_seopress_titles_title":"","_seopress_titles_desc":"","_seopress_robots_index":"","inline_featured_image":false,"footnotes":""},"class_list":["post-985","page","type-page","status-publish"],"acf":[],"_links":{"self":[{"href":"https:\/\/www.umanitaria.it\/cagliari\/wp-json\/wp\/v2\/pages\/985","targetHints":{"allow":["GET"]}}],"collection":[{"href":"https:\/\/www.umanitaria.it\/cagliari\/wp-json\/wp\/v2\/pages"}],"about":[{"href":"https:\/\/www.umanitaria.it\/cagliari\/wp-json\/wp\/v2\/types\/page"}],"author":[{"embeddable":true,"href":"https:\/\/www.umanitaria.it\/cagliari\/wp-json\/wp\/v2\/users\/1"}],"replies":[{"embeddable":true,"href":"https:\/\/www.umanitaria.it\/cagliari\/wp-json\/wp\/v2\/comments?post=985"}],"version-history":[{"count":14,"href":"https:\/\/www.umanitaria.it\/cagliari\/wp-json\/wp\/v2\/pages\/985\/revisions"}],"predecessor-version":[{"id":15764,"href":"https:\/\/www.umanitaria.it\/cagliari\/wp-json\/wp\/v2\/pages\/985\/revisions\/15764"}],"wp:attachment":[{"href":"https:\/\/www.umanitaria.it\/cagliari\/wp-json\/wp\/v2\/media?parent=985"}],"curies":[{"name":"wp","href":"https:\/\/api.w.org\/{rel}","templated":true}]}}