{"id":15384,"date":"2026-03-12T10:49:30","date_gmt":"2026-03-12T09:49:30","guid":{"rendered":"https:\/\/www.umanitaria.it\/carbonia\/?post_type=appuntamento&#038;p=15384"},"modified":"2026-03-26T13:15:57","modified_gmt":"2026-03-26T12:15:57","slug":"sguardi-plurali-sullitalia-plurale-3-edizione","status":"publish","type":"appuntamento","link":"https:\/\/www.umanitaria.it\/carbonia\/appuntamento\/sguardi-plurali-sullitalia-plurale-3-edizione\/","title":{"rendered":"Sguardi plurali sull&#8217;Italia plurale &#8211; 3\u00b0 edizione"},"content":{"rendered":"\n<p>Dopo il successo delle precedenti edizioni del 2021 e del 2024, torna \u201cSguardi Plurali sull\u2019Italia Plurale\u201d, bando di concorso per selezionare e premiare&nbsp;<strong>opere fotografiche realizzate da giovani con un retroterra migratorio<\/strong>. L\u2019iniziativa \u00e8 promossa da Memory Lab, centro di ricerca del Dipartimento di Storia Cultura e Civilt\u00e0 dell\u2019Universit\u00e0 di Bologna, FIERI, centro studi con una ventennale esperienza di ricerca sulle migrazioni, CSC Carbonia della Societ\u00e0 Umanitaria \u2013 La Fabbrica del Cinema, con la collaborazione di ARCI nazionale e dell\u2019associazione di cultura fotografica Zona.<\/p>\n\n\n\n<p>I&nbsp;<strong>requisiti per partecipazione<\/strong>&nbsp;al presente bando sono:<\/p>\n\n\n\n<ul class=\"wp-block-list\">\n<li>Avere la residenza in Italia;<\/li>\n\n\n\n<li>Essere nati\/e all\u2019estero e immigrati\/e in Italia o essere nati\/e in Italia da almeno un genitore di origine straniera;<\/li>\n\n\n\n<li>Avere un\u2019et\u00e0 inferiore a 35 anni (non ancora compiuti al momento della presentazione della candidatura)<\/li>\n<\/ul>\n\n\n\n<p>Il progetto potr\u00e0 avere sia le caratteristiche di un lavoro documentaristico, di reportage, ma anche avvalersi degli archivi o aprirsi alle molteplici forme di contaminazione linguistica e creativa legate alla fotografia. Dovr\u00e0 essere ambientato in Italia e potr\u00e0 riguardare svariati ambiti della quotidianit\u00e0, in cui emerga la pluralit\u00e0 culturale e sociale contemporanea.<\/p>\n\n\n\n<p>I materiali inviati dovranno essere inediti e mai presentati al pubblico attraverso mostre o pubblicazioni.<\/p>\n\n\n\n<p><strong>La giuria sar\u00e0 composta da nove membri<\/strong>, ed includer\u00e0 studiosi, curatrici e critiche d\u2019arte, fotografi ed esperti di alto profilo. Valuter\u00e0 i lavori secondo criteri di qualit\u00e0 e innovativit\u00e0 contenutistica e secondo criteri di qualit\u00e0 e maturit\u00e0 estetica e attribuir\u00e0, a proprio insindacabile giudizio, i seguenti&nbsp;<strong>premi<\/strong>:<\/p>\n\n\n\n<ul class=\"wp-block-list\">\n<li><strong>1\u00b0 Premio: 1.500 euro (lordi)<\/strong><\/li>\n\n\n\n<li><strong>2\u00b0 Premio: 1.000 euro (lordi)<\/strong><\/li>\n\n\n\n<li><strong>3\u00b0 Premio: 500 euro (lordi)<\/strong><\/li>\n<\/ul>\n\n\n\n<p>I risultati saranno pubblicati sui siti degli Enti promotori e I lavori premiati, accompagnati da una selezione di immagini dagli altri lavori partecipanti, saranno oggetto di una&nbsp;<strong>esposizione itinerante<\/strong>.<\/p>\n\n\n\n<p>Per partecipare al bando occorre compilare e firmare il modulo \u201cDomanda di ammissione\u201d.<br>Tutti i materiali (modulo incluso) devono essere inviati esclusivamente in formato digitale tramite il sito gratuito di file sharing WeTransfer, all\u2019indirizzo mail fieri@fieri.it con OGGETTO la dicitura \u201cBando Sguardi Plurali \u2013 terza edizione\u201d <strong>non oltre le ore 24.00 del giorno 14 giugno 2026<\/strong>.<\/p>\n\n\n\n<p><strong>Le ragioni di questo bando<\/strong><\/p>\n\n\n\n<p>Le immagini fotografiche e video giocano un ruolo centrale nella formazione degli immaginari collettivi e delle opinioni pubbliche, e contribuiscono in modo determinante alla creazione di comunit\u00e0 immaginate su scala nazionale e sovranazionale.<br>Nonostante l\u2019Italia sia di fatto un paese plurale, nel quale si esprimono sguardi e sensibilit\u00e0 complesse e stratificate, le istituzioni politiche e culturali tendono a rappresentare l\u2019identit\u00e0 nazionale in maniera molto uniforme, riproducendo immaginari inattuali e stereotipati.<br>Inoltre, le immagini fotografiche diffuse dai media e dalle istituzioni che raccontano realt\u00e0 sociali e culturali legate alle migrazioni sono quasi esclusivamente prodotte da professionisti privi di esperienza migratoria a livello personale o familiare.<br>Tuttavia oggi non sono pochi i giovani con un retroterra migratorio che in Italia hanno svolto o stanno svolgendo percorsi formativi nell\u2019ambito delle arti grafiche e fotografiche, che stanno iniziando a lavorare come professionisti del settore o che coltivano questa passione a fianco di altri percorsi professionali e di studio.<\/p>\n\n\n\n<div class=\"wp-block-file\"><a id=\"wp-block-file--media-6750d843-8efb-44d4-9d3a-ec0214cebfbb\" href=\"https:\/\/www.umanitaria.it\/carbonia\/?attachment_id=15388\">BANDO Sguardi plurali sull\u2019Italia plurale<\/a><a href=\"https:\/\/www.umanitaria.it\/carbonia\/wp-content\/uploads\/sites\/10\/2026\/03\/BANDO-Sguardi-plurali-sullItalia-plurale.pdf\" class=\"wp-block-file__button wp-element-button\" download aria-describedby=\"wp-block-file--media-6750d843-8efb-44d4-9d3a-ec0214cebfbb\">Download<\/a><\/div>\n\n\n\n<div class=\"wp-block-file\"><a id=\"wp-block-file--media-5ccffa66-bd65-4e4d-a10c-0355a7047796\" href=\"https:\/\/www.umanitaria.it\/carbonia\/?attachment_id=15389\">DOMANDA DI AMMISSIONE Sguardi plurali sull\u2019Italia plurale<\/a><a href=\"https:\/\/www.umanitaria.it\/carbonia\/wp-content\/uploads\/sites\/10\/2026\/03\/DOMANDA-DI-AMMISSIONE-Sguardi-plurali-sullItalia-plurale.pdf\" class=\"wp-block-file__button wp-element-button\" download aria-describedby=\"wp-block-file--media-5ccffa66-bd65-4e4d-a10c-0355a7047796\">Download<\/a><\/div>\n\n\n\n<p><\/p>\n","protected":false},"featured_media":15387,"template":"","meta":{"_acf_changed":false,"_seopress_robots_primary_cat":"","_seopress_titles_title":"","_seopress_titles_desc":"","_seopress_robots_index":"","inline_featured_image":false},"cultura":[175],"tag-cultura":[406],"class_list":["post-15384","appuntamento","type-appuntamento","status-publish","has-post-thumbnail","hentry","cultura-attivita","tag-cultura-altre-attivita"],"acf":[],"_links":{"self":[{"href":"https:\/\/www.umanitaria.it\/carbonia\/wp-json\/wp\/v2\/appuntamento\/15384","targetHints":{"allow":["GET"]}}],"collection":[{"href":"https:\/\/www.umanitaria.it\/carbonia\/wp-json\/wp\/v2\/appuntamento"}],"about":[{"href":"https:\/\/www.umanitaria.it\/carbonia\/wp-json\/wp\/v2\/types\/appuntamento"}],"wp:featuredmedia":[{"embeddable":true,"href":"https:\/\/www.umanitaria.it\/carbonia\/wp-json\/wp\/v2\/media\/15387"}],"wp:attachment":[{"href":"https:\/\/www.umanitaria.it\/carbonia\/wp-json\/wp\/v2\/media?parent=15384"}],"wp:term":[{"taxonomy":"cultura","embeddable":true,"href":"https:\/\/www.umanitaria.it\/carbonia\/wp-json\/wp\/v2\/cultura?post=15384"},{"taxonomy":"tag-cultura","embeddable":true,"href":"https:\/\/www.umanitaria.it\/carbonia\/wp-json\/wp\/v2\/tag-cultura?post=15384"}],"curies":[{"name":"wp","href":"https:\/\/api.w.org\/{rel}","templated":true}]}}

<p>Dopo il successo delle precedenti edizioni del 2021 e del 2024, torna “Sguardi Plurali sull’Italia Plurale”, bando di concorso per selezionare e premiare&nbsp;<strong>opere fotografiche realizzate da giovani con un retroterra migratorio</strong>. L’iniziativa è promossa da Memory Lab, centro di ricerca del Dipartimento di Storia Cultura e Civiltà dell’Università di Bologna, FIERI, centro studi con una ventennale esperienza di ricerca sulle migrazioni, CSC Carbonia della Società Umanitaria – La Fabbrica del Cinema, con la collaborazione di ARCI nazionale e dell’associazione di cultura fotografica Zona.</p>



<p>I&nbsp;<strong>requisiti per partecipazione</strong>&nbsp;al presente bando sono:</p>



<ul class="wp-block-list">
<li>Avere la residenza in Italia;</li>



<li>Essere nati/e all’estero e immigrati/e in Italia o essere nati/e in Italia da almeno un genitore di origine straniera;</li>



<li>Avere un’età inferiore a 35 anni (non ancora compiuti al momento della presentazione della candidatura)</li>
</ul>



<p>Il progetto potrà avere sia le caratteristiche di un lavoro documentaristico, di reportage, ma anche avvalersi degli archivi o aprirsi alle molteplici forme di contaminazione linguistica e creativa legate alla fotografia. Dovrà essere ambientato in Italia e potrà riguardare svariati ambiti della quotidianità, in cui emerga la pluralità culturale e sociale contemporanea.</p>



<p>I materiali inviati dovranno essere inediti e mai presentati al pubblico attraverso mostre o pubblicazioni.</p>



<p><strong>La giuria sarà composta da nove membri</strong>, ed includerà studiosi, curatrici e critiche d’arte, fotografi ed esperti di alto profilo. Valuterà i lavori secondo criteri di qualità e innovatività contenutistica e secondo criteri di qualità e maturità estetica e attribuirà, a proprio insindacabile giudizio, i seguenti&nbsp;<strong>premi</strong>:</p>



<ul class="wp-block-list">
<li><strong>1° Premio: 1.500 euro (lordi)</strong></li>



<li><strong>2° Premio: 1.000 euro (lordi)</strong></li>



<li><strong>3° Premio: 500 euro (lordi)</strong></li>
</ul>



<p>I risultati saranno pubblicati sui siti degli Enti promotori e I lavori premiati, accompagnati da una selezione di immagini dagli altri lavori partecipanti, saranno oggetto di una&nbsp;<strong>esposizione itinerante</strong>.</p>



<p>Per partecipare al bando occorre compilare e firmare il modulo “Domanda di ammissione”.<br>Tutti i materiali (modulo incluso) devono essere inviati esclusivamente in formato digitale tramite il sito gratuito di file sharing WeTransfer, all’indirizzo mail fieri@fieri.it con OGGETTO la dicitura “Bando Sguardi Plurali – terza edizione” <strong>non oltre le ore 24.00 del giorno 14 giugno 2026</strong>.</p>



<p><strong>Le ragioni di questo bando</strong></p>



<p>Le immagini fotografiche e video giocano un ruolo centrale nella formazione degli immaginari collettivi e delle opinioni pubbliche, e contribuiscono in modo determinante alla creazione di comunità immaginate su scala nazionale e sovranazionale.<br>Nonostante l’Italia sia di fatto un paese plurale, nel quale si esprimono sguardi e sensibilità complesse e stratificate, le istituzioni politiche e culturali tendono a rappresentare l’identità nazionale in maniera molto uniforme, riproducendo immaginari inattuali e stereotipati.<br>Inoltre, le immagini fotografiche diffuse dai media e dalle istituzioni che raccontano realtà sociali e culturali legate alle migrazioni sono quasi esclusivamente prodotte da professionisti privi di esperienza migratoria a livello personale o familiare.<br>Tuttavia oggi non sono pochi i giovani con un retroterra migratorio che in Italia hanno svolto o stanno svolgendo percorsi formativi nell’ambito delle arti grafiche e fotografiche, che stanno iniziando a lavorare come professionisti del settore o che coltivano questa passione a fianco di altri percorsi professionali e di studio.</p>



<div class="wp-block-file"><a id="wp-block-file--media-6750d843-8efb-44d4-9d3a-ec0214cebfbb" href="https://www.umanitaria.it/carbonia/?attachment_id=15388">BANDO Sguardi plurali sull’Italia plurale</a><a href="https://www.umanitaria.it/carbonia/wp-content/uploads/sites/10/2026/03/BANDO-Sguardi-plurali-sullItalia-plurale.pdf" class="wp-block-file__button wp-element-button" download aria-describedby="wp-block-file--media-6750d843-8efb-44d4-9d3a-ec0214cebfbb">Download</a></div>



<div class="wp-block-file"><a id="wp-block-file--media-5ccffa66-bd65-4e4d-a10c-0355a7047796" href="https://www.umanitaria.it/carbonia/?attachment_id=15389">DOMANDA DI AMMISSIONE Sguardi plurali sull’Italia plurale</a><a href="https://www.umanitaria.it/carbonia/wp-content/uploads/sites/10/2026/03/DOMANDA-DI-AMMISSIONE-Sguardi-plurali-sullItalia-plurale.pdf" class="wp-block-file__button wp-element-button" download aria-describedby="wp-block-file--media-5ccffa66-bd65-4e4d-a10c-0355a7047796">Download</a></div>



<p></p>
