{"id":15461,"date":"2026-04-15T12:26:51","date_gmt":"2026-04-15T10:26:51","guid":{"rendered":"https:\/\/www.umanitaria.it\/carbonia\/?post_type=appuntamento&#038;p=15461"},"modified":"2026-04-15T16:59:25","modified_gmt":"2026-04-15T14:59:25","slug":"il-partigiano-sardo-fausto-cossu-in-un-filmato-inedito-del-1944","status":"publish","type":"appuntamento","link":"https:\/\/www.umanitaria.it\/carbonia\/appuntamento\/il-partigiano-sardo-fausto-cossu-in-un-filmato-inedito-del-1944\/","title":{"rendered":"Il partigiano sardo Fausto Cossu in un filmato inedito del 1944"},"content":{"rendered":"\n<p>Nell\u2019ambito delle iniziative promosse in occasione dell\u201981\u00b0 anniversario della Liberazione dal Nazifascimo, gioved\u00ec 23 aprile ore 18.00, presso il Circolo Soci Euralcoop di Carbonia, \u00e8 in programma un appuntamento dal titolo \u201cIl partigiano sardo Fausto Cossu in un filmato inedito del 1944 &#8211; Il ritrovamento della pellicola e la ricerca storica sulle immagini\u201d. Nel corso dell&#8217;incontro sar\u00e0 proiettato il filmato Bianco, custodito dall&#8217;archivio Superottimisti, in cui compare il comandante partigiano di Tempio Pausania Fausto Cossu. A seguire Giulia Mazzarelli presenter\u00e0 la ricerca storica condotta sulle immagini e sar\u00e0 mostrato un estratto delle interviste realizzate con i figli dei partigiani che compaiono nel filmato.<br>La serata \u00e8 organizzata dal CSC Carbonia della Societ\u00e0 Umanitaria, insieme al CSC di Cagliari e a Superottimisti &#8211; Archivio regionale di Film di Famiglia, in collaborazione con ANPI Carbonia, Circolo Soci Euralcoop, SBIS e con il patrocinio del Comune di Carbonia.<\/p>\n\n\n\n<p><\/p>\n","protected":false},"featured_media":15464,"template":"","meta":{"_acf_changed":true,"_seopress_robots_primary_cat":"","_seopress_titles_title":"","_seopress_titles_desc":"","_seopress_robots_index":"","inline_featured_image":false},"cultura":[],"tag-cultura":[],"class_list":["post-15461","appuntamento","type-appuntamento","status-publish","has-post-thumbnail","hentry"],"acf":[],"_links":{"self":[{"href":"https:\/\/www.umanitaria.it\/carbonia\/wp-json\/wp\/v2\/appuntamento\/15461","targetHints":{"allow":["GET"]}}],"collection":[{"href":"https:\/\/www.umanitaria.it\/carbonia\/wp-json\/wp\/v2\/appuntamento"}],"about":[{"href":"https:\/\/www.umanitaria.it\/carbonia\/wp-json\/wp\/v2\/types\/appuntamento"}],"wp:featuredmedia":[{"embeddable":true,"href":"https:\/\/www.umanitaria.it\/carbonia\/wp-json\/wp\/v2\/media\/15464"}],"wp:attachment":[{"href":"https:\/\/www.umanitaria.it\/carbonia\/wp-json\/wp\/v2\/media?parent=15461"}],"wp:term":[{"taxonomy":"cultura","embeddable":true,"href":"https:\/\/www.umanitaria.it\/carbonia\/wp-json\/wp\/v2\/cultura?post=15461"},{"taxonomy":"tag-cultura","embeddable":true,"href":"https:\/\/www.umanitaria.it\/carbonia\/wp-json\/wp\/v2\/tag-cultura?post=15461"}],"curies":[{"name":"wp","href":"https:\/\/api.w.org\/{rel}","templated":true}]}}

<p>Nell’ambito delle iniziative promosse in occasione dell’81° anniversario della Liberazione dal Nazifascimo, giovedì 23 aprile ore 18.00, presso il Circolo Soci Euralcoop di Carbonia, è in programma un appuntamento dal titolo “Il partigiano sardo Fausto Cossu in un filmato inedito del 1944 &#8211; Il ritrovamento della pellicola e la ricerca storica sulle immagini”. Nel corso dell&#8217;incontro sarà proiettato il filmato Bianco, custodito dall&#8217;archivio Superottimisti, in cui compare il comandante partigiano di Tempio Pausania Fausto Cossu. A seguire Giulia Mazzarelli presenterà la ricerca storica condotta sulle immagini e sarà mostrato un estratto delle interviste realizzate con i figli dei partigiani che compaiono nel filmato.<br>La serata è organizzata dal CSC Carbonia della Società Umanitaria, insieme al CSC di Cagliari e a Superottimisti &#8211; Archivio regionale di Film di Famiglia, in collaborazione con ANPI Carbonia, Circolo Soci Euralcoop, SBIS e con il patrocinio del Comune di Carbonia.</p>



<p></p>
