{"id":14419,"date":"2025-08-29T12:03:30","date_gmt":"2025-08-29T10:03:30","guid":{"rendered":"https:\/\/www.umanitaria.it\/carbonia\/?page_id=14419"},"modified":"2025-10-06T10:28:22","modified_gmt":"2025-10-06T08:28:22","slug":"produzioni","status":"publish","type":"page","link":"https:\/\/www.umanitaria.it\/carbonia\/produzioni\/","title":{"rendered":"Produzioni"},"content":{"rendered":"\n<h2 class=\"wp-block-heading has-accent-color has-text-color has-link-color wp-elements-2cc82ee5fae271238baf88e66d82e3b2\">Salvaguardare la memoria audiovisiva della Sardegna<\/h2>\n\n\n\n<p>Il lavoro di <strong>costruzione della memoria storica della Sardegna<\/strong> passa attraverso una serie di azioni produttive e coproduttive, mirate anche all\u2019acquisizione del girato dei film in produzione, che individuano prima gli elementi pi\u00f9 a rischio di perdita della memoria e poi interviene con un\u2019opera di ricognizione audiovisiva della storia che va perdendosi. <br>Su questa idea si consolida lentamente ma senza interruzioni la volont\u00e0 di progettare <strong>interventi di salvaguardia della memoria.<\/strong><\/p>\n\n\n\n<div class=\"border-top\">    \n\n    <ul class='submenu-complete-acf'><li class='incorso'><a href='\/carbonia\/wp-json\/wp\/v2\/pages\/14419sembrava-non-finire-mai'> <picture>\n                                        <img width='100' src='https:\/\/www.umanitaria.it\/carbonia\/wp-content\/uploads\/sites\/10\/2025\/09\/sembranonfiniremaiposter.png' alt='Sembrava non finire mai' class='evento-immagine' \/>\n                                    <\/picture><h4>Sembrava non finire mai<\/h4><p>Italia, 2022<\/p><\/a><\/li><li class='incorso'><a href='\/carbonia\/wp-json\/wp\/v2\/pages\/14419come-scintille-nel-buio'> <picture>\n                                        <img width='100' src='https:\/\/www.umanitaria.it\/carbonia\/wp-content\/uploads\/sites\/10\/2025\/09\/Come-scintille-nel-buio.jpg' alt='Come scintille nel buio' class='evento-immagine' \/>\n                                    <\/picture><h4>Come scintille nel buio<\/h4><p>Italia, 2022<\/p><\/a><\/li><\/ul>\n<\/div>\n\n\n\n<div class=\"wp-block-columns border-top link-dvd is-layout-flex wp-container-core-columns-is-layout-9d6595d7 wp-block-columns-is-layout-flex\">\n<div class=\"wp-block-column is-layout-flow wp-block-column-is-layout-flow\" style=\"flex-basis:33.33%\">\n<figure class=\"wp-block-image size-large\"><img loading=\"lazy\" decoding=\"async\" width=\"1024\" height=\"1024\" src=\"https:\/\/www.umanitaria.it\/carbonia\/wp-content\/uploads\/sites\/10\/2025\/09\/Pubblicazioni-Sardegna-1024x1024.jpg\" alt=\"\" class=\"wp-image-14739\" srcset=\"https:\/\/www.umanitaria.it\/carbonia\/wp-content\/uploads\/sites\/10\/2025\/09\/Pubblicazioni-Sardegna-1024x1024.jpg 1024w, https:\/\/www.umanitaria.it\/carbonia\/wp-content\/uploads\/sites\/10\/2025\/09\/Pubblicazioni-Sardegna-300x300.jpg 300w, https:\/\/www.umanitaria.it\/carbonia\/wp-content\/uploads\/sites\/10\/2025\/09\/Pubblicazioni-Sardegna-150x150.jpg 150w, https:\/\/www.umanitaria.it\/carbonia\/wp-content\/uploads\/sites\/10\/2025\/09\/Pubblicazioni-Sardegna-768x768.jpg 768w, https:\/\/www.umanitaria.it\/carbonia\/wp-content\/uploads\/sites\/10\/2025\/09\/Pubblicazioni-Sardegna.jpg 1150w\" sizes=\"auto, (max-width: 1024px) 100vw, 1024px\" \/><\/figure>\n<\/div>\n\n\n\n<div class=\"wp-block-column is-layout-flow wp-block-column-is-layout-flow\" style=\"flex-basis:66.66%\">\n<h2 class=\"wp-block-heading\">I DVD<\/h2>\n\n\n\n<p>Scopri la sezione dedicata ai <strong>DVD realizzati grazie ai progetti del Polo cineportuale della Fabbrica del Cinema: <\/strong>un patrimonio di opere che raccontano la Sardegna attraverso film, documentari e materiali audiovisivi, contribuendo a costruire e tramandare la memoria storica dell\u2019isola.<\/p>\n\n\n\n<div class=\"wp-block-buttons is-layout-flex wp-block-buttons-is-layout-flex\">\n<div class=\"wp-block-button\"><a class=\"wp-block-button__link wp-element-button\" href=\"\/collana\/dvd\/\">Scopri la sezione<\/a><\/div>\n<\/div>\n<\/div>\n<\/div>\n","protected":false},"excerpt":{"rendered":"<p>Salvaguardare la memoria audiovisiva della Sardegna Il lavoro di costruzione della memoria storica della Sardegna passa attraverso una serie di azioni produttive e coproduttive, mirate anche all\u2019acquisizione del girato dei film in produzione, che individuano prima gli elementi pi\u00f9 a rischio di perdita della memoria e poi interviene con un\u2019opera di ricognizione audiovisiva della storia &#8230; <a title=\"Come scintille nel buio\" class=\"read-more\" href=\"https:\/\/www.umanitaria.it\/carbonia\/produzione\/come-scintille-nel-buio\/\" aria-label=\"Per saperne di pi\u00f9 su Come scintille nel buio\">Leggi tutto<\/a><\/p>\n","protected":false},"author":1,"featured_media":0,"parent":0,"menu_order":8,"comment_status":"closed","ping_status":"closed","template":"","meta":{"_acf_changed":false,"_seopress_robots_primary_cat":"","_seopress_titles_title":"Attivit\u00e0 culturali alla Societ\u00e0 Umanitaria","_seopress_titles_desc":"La Societ\u00e0 Umanitaria propone un ampio programma culturale aperto a tutti, con incontri e eventi su temi attuali per stimolare riflessione, partecipazione e confronto su scala locale e globale.","_seopress_robots_index":"","inline_featured_image":false,"footnotes":""},"class_list":["post-14419","page","type-page","status-publish","hentry"],"acf":[],"_links":{"self":[{"href":"https:\/\/www.umanitaria.it\/carbonia\/wp-json\/wp\/v2\/pages\/14419","targetHints":{"allow":["GET"]}}],"collection":[{"href":"https:\/\/www.umanitaria.it\/carbonia\/wp-json\/wp\/v2\/pages"}],"about":[{"href":"https:\/\/www.umanitaria.it\/carbonia\/wp-json\/wp\/v2\/types\/page"}],"author":[{"embeddable":true,"href":"https:\/\/www.umanitaria.it\/carbonia\/wp-json\/wp\/v2\/users\/1"}],"replies":[{"embeddable":true,"href":"https:\/\/www.umanitaria.it\/carbonia\/wp-json\/wp\/v2\/comments?post=14419"}],"version-history":[{"count":11,"href":"https:\/\/www.umanitaria.it\/carbonia\/wp-json\/wp\/v2\/pages\/14419\/revisions"}],"predecessor-version":[{"id":15010,"href":"https:\/\/www.umanitaria.it\/carbonia\/wp-json\/wp\/v2\/pages\/14419\/revisions\/15010"}],"wp:attachment":[{"href":"https:\/\/www.umanitaria.it\/carbonia\/wp-json\/wp\/v2\/media?parent=14419"}],"curies":[{"name":"wp","href":"https:\/\/api.w.org\/{rel}","templated":true}]}}