{"id":14684,"date":"2025-09-05T12:30:19","date_gmt":"2025-09-05T10:30:19","guid":{"rendered":"https:\/\/www.umanitaria.it\/carbonia\/?page_id=14684"},"modified":"2025-09-16T18:49:04","modified_gmt":"2025-09-16T16:49:04","slug":"edizione-2023","status":"publish","type":"page","link":"https:\/\/www.umanitaria.it\/carbonia\/cinema-sotto-le-stelle-edizioni-passate\/edizione-2023\/","title":{"rendered":"Edizione 2023"},"content":{"rendered":"\n<p>Cinema sotto le stelle 2023 a Carbonia<\/p>\n\n\n\n<p>Arena Mirastelle del Teatro Centrale \u2013 piazza Roma<\/p>\n\n\n\n<p>27 giugno ~ 04-10-18-25 luglio ~ 01-08 agosto<\/p>\n\n\n\n<p><strong>INGRESSO<\/strong><\/p>\n\n\n\n<p>Posto unico non numerato<br>Intero: \u20ac 4,00<br>*Ridotto: \u20ac 3,00<\/p>\n\n\n\n<p>*Riduzione valida per i tesserati FICC e ARCI e per i giovani fino ai 21 anni di et\u00e0.<\/p>\n\n\n\n<p><strong>REGOLE D\u2019ACCESSO<\/strong><\/p>\n\n\n\n<p>N.B. Il botteghino aprir\u00e0 un\u2019ora prima dell\u2019inizio di ciascuno spettacolo presso la biglietteria del Cine-Teatro Centrale. In caso di maltempo, vento, pioggia o condizioni climatiche avverse, le proiezioni si terranno all\u2019interno dei locali del Cine-Teatro Centrale.<\/p>\n\n\n\n<p><strong>PER INFO<\/strong><\/p>\n\n\n\n<p>chiama il 0781.671527<br>WhatsApp o SMS 348.0031794 340.5839520<\/p>\n\n\n\n<p>&nbsp;<strong>PROGRAMMA<\/strong><\/p>\n\n\n\n<p>\ufe0fMARTED\u00cc 27 GIUGNO \u2013 ore 21.30<br><br><strong>SICCIT\u00c0<\/strong> di Paolo Virz\u00ec<br>Italia 2022, col, 124\u2019<br>con Silvio Orlando, Valerio Mastandrea, Elena Lietti, Tommaso Ragno, Claudia Pandolfi, Vinicio Marchioni, Monica Bellucci, Diego Ribon, Max Tortora, Emanuela Fanelli, Gabriel Montesi, Sara Serraiocco.<\/p>\n\n\n\n<p>MARTED\u00cc 04 LUGLIO \u2013 ore 21.30<br><br><strong>FINALE A SORPRESA \u2013 OFFICIAL COMPETITION<\/strong> di Mariano Cohn e Gast\u00f3n Duprat<br>Spagna\/Argentina 2021, col, 114\u2019<br>con Pen\u00e9lope Cruz, Antonio Banderas, Oscar Martinez, Irene Escolar, Melina Matthews, Pilar Castro, Manolo Solo, Carlos Hip\u00f3lito.<\/p>\n\n\n\n<p>LUNED\u00cc 10 LUGLIO \u2013 ore 21.30<\/p>\n\n\n\n<p><strong>CUT! ZOMBI CONTRO ZOMBI<\/strong> di Michel Hazanavicius<br>Francia 2022, col, 110\u2019<br>con Romain Duris, B\u00e9r\u00e9nice Bejo, Matilda Lutz, Lu\u00e0na Bajrami, Finnegan Oldfield, Gr\u00e9gory Gadebois, Marie Petiot, Jean-Pascal Zadi, Ra\u00efka Hazanavicius, Rapha\u00ebl Quenard, Yumi Narita, Simone Hazanavicius, S\u00e9bastien Chassagne, Ly\u00e8s Salem, Florence Janas, Agn\u00e8s Hurstel, Charlie Dupont, L\u00e9a Millet.<\/p>\n\n\n\n<p>MARTED\u00cc 18 LUGLIO \u2013 ore 21.30<\/p>\n\n\n\n<p><strong>LE RAGAZZE NON PIANGONO<\/strong> di Andrea Zuliani<br>Italia 2022, col, 103\u2019<br>con Emma Benini, Anastasia Doaga, Matteo Martari, Max Mazzotta, Yuri Casagrande, Irene Maiorino.<br><em>Incontro con la sceneggiatrice del film Francesca Scanu e le attrici protagoniste Emma Benini e Anastasia Doaga.<\/em><\/p>\n\n\n\n<p>MARTED\u00cc 25 LUGLIO \u2013 ore 21.30<\/p>\n\n\n\n<p><strong>IL GATTO CON GLI STIVALI 2 \u2013 L\u2019ULTIMO DESIDERIO<\/strong> di Joel Crawford<br>USA 2022, col, 102\u2019<br>con Salma Hayek, Antonio Banderas, Florence Pugh, Olivia Colman, Samson Kayo, Harvey Guillen, John Mulaney, Wagner Moura, Anthony Mendez.<\/p>\n\n\n\n<p>MARTED\u00cc 01 AGOSTO \u2013 ore 21.30<\/p>\n\n\n\n<p><strong>LA TERRA DELLE DONNE<\/strong> di Marisa Vallone<br>Italia 2023, col, 104\u2019<br>con Paola Sini, Valentina Lodovini, Jan Bijvoet, Syama Rayner, Hal Yamanouchi, Alessandro Haber, Freddie Fox.<br><em>Incontro con la sceneggiatrice e attrice protagonista del film Paola Sini.<\/em><\/p>\n\n\n\n<p>MARTED\u00cc 08 AGOSTO \u2013 ore 21.30<\/p>\n\n\n\n<p><strong>MIXED BY ERRY<\/strong> di Sydney Sibilia<br>Italia 2023, col, 110\u2019<br>con Luigi D&#8217;Oriano, Giuseppe Arena, Emanuele Palumbo, Francesco Di Leva, Cristiana Dell&#8217;Anna, Adriano Pantaleo, Chiara Celotto, Greta Esposito, Fabrizio Gifuni.<\/p>\n\n\n\n<p><strong>SINOSSI<\/strong><\/p>\n\n\n\n<p><strong>SICCIT\u00c0<\/strong> di Paolo Virz\u00ec<br><em>A Roma non piove da circa tre anni. Questa arsura provoca una mancanza di acqua e la conseguente sete nella popolazione, che in preda alla ricerca di qualche goccia si ritrova con la mente alterata, arrivando a stravolgere le regole su cui si basa l&#8217;intera comunit\u00e0. Mossi da una disperata ricerca di redenzione, i destini di un autista (Valerio Mastandrea), un avvocato (Vinicio Marchioni), un attore (Tommaso Ragno) e un detenuto (Silvio Orlando) si intrecciano, mentre lottano per la propria sopravvivenza e le loro vite si legano le une alle altre in modo drammaticamente ironico.<\/em><\/p>\n\n\n\n<p>Virz\u00ec torna alla commedia corale con un film che \u00e8 anche la metafora storica di una societ\u00e0 \u201cconfinata\u201d, stretta tra eco-ansia e l\u2019ansia pandemica. Film ricco anche di effetti visivi che hanno permesso di rendere la citt\u00e0 arida e &#8220;desertificare&#8221; il Tevere. David di Donatello a Emanuela Fanelli come miglior attrice non protagonista e a Marco Geracitano per i migliori effetti speciali visivi. Presentato in anteprima alla 79\u00aa Mostra internazionale d&#8217;arte cinematografica di Venezia.<\/p>\n\n\n\n<p><strong>FINALE A SORPRESA \u2013 OFFICIAL COMPETITION<\/strong> di Mariano Cohn e Gast\u00f3n Duprat<\/p>\n\n\n\n<p><em>A un&#8217;eccentrica e affermata regista di nome Lola Cuevas (Penelope Cruz) viene commissionata la regia di un film da un imprenditore miliardario megalomane deciso a lasciare il segno nella storia.<\/em> <em>L&#8217;ambiziosa impresa richiede i pi\u00f9 grandi talenti, cos\u00ec vengono scritturate due stelle della recitazione: il divo sciupafemmine di Hollywood, F\u00e9lix Rivero (Antonio Banderas) e il capofila del cinema e del teatro impegnato, Iv\u00e1n Torres (Oscar Mart\u00ednez). Due attori agli antipodi ma entrambi leggende, con un carisma e un ego ineguagliabili, sono costretti da Lola ad affrontare delle prove esilaranti e originali che li metteranno a dura prova. Riusciranno a superare la loro rivalit\u00e0 per dare vita a un capolavoro?<\/em><\/p>\n\n\n\n<p>Il mondo del cinema, visto nelle sue brutali idiosincrasie, in chiave di commedia. Un gioco delle parti raffinato, messo in scena con abilit\u00e0 da Duprat e Cohn, con il corollario di lotte quotidiane fra ego, ipocrisia e insicurezza. Con un fantastico trio di interpreti perfettamente a servizio dello spirito del copione. Il film \u00e8 stato presentato in anteprima il 4 settembre 2021 in concorso alla 78\u00aa Mostra internazionale d&#8217;arte cinematografica di Venezia e nello stesso mese al Toronto International Film Festival.<\/p>\n\n\n\n<p><strong>CUT! ZOMBI CONTRO ZOMBI<\/strong> di Michel Hazanavicius<br><em>Un vecchio edificio abbandonato diventa il set di un film di zombie a basso budget. La troupe \u00e8 ridotta, ma al suo interno c&#8217;\u00e8 di tutto: dal regista Remi (Romain Duris), sempre vicino a perdere il controllo, ai due attori principali, l&#8217;intenso e serioso Rapha\u00ebl (Finnegan Oldfield) e la star dei social Ava (Matilda Lutz). Le scene non funzionano, gli imprevisti abbondano e anche dietro la macchina da presa i tecnici fanno del loro meglio con alterne fortune. Tra le tensioni personali e quelle professionali, il cinema viene comunque prima di tutto anche se la realt\u00e0 e la finzione iniziano a confondersi.<\/em><\/p>\n\n\n\n<p>Il regista Michel Hazanavicius, Premio Oscar per \u201cThe Artist\u201d, firma questo remake del film cult giapponese del 2017 \u201cOne Cut of the Dead\u201d, a sua volta ispirato a uno spettacolo teatrale e uscito in Italia col titolo di \u201cZombie contro Zombie\u201d, e celebra il Cinema attraverso una commedia dai toni surreali e spassosi che ci ricorda come esso sia sempre uno sforzo collettivo capace di reagire e far fronte a ogni imprevisto. Meta-Cinema intriso di passione per i generi, l\u2019operazione di Hazanavicius esalta la magia del Cinema. Film di apertura a Cannes nel 2022.<\/p>\n\n\n\n<p><strong>LE RAGAZZE NON PIANGONO<\/strong> di Andrea Zuliani<br><em>Mia (Anastasia Doaga) ed Ele (Emma Benini) non potrebbero essere pi\u00f9 diverse: la prima \u00e8 dovuta crescere troppo in fretta, la seconda \u00e8 incastrata in un\u2019adolescenza che non sembra voler abbandonare. Si incontrano per caso, nelle loro solitudini diventano complici e i loro mondi, apparentemente cos\u00ec lontani, collidono. Entrambe si ritrovano a fuggire, percorrendo a bordo di un vecchio camper le strade del nostro Paese dal profondo sud al profondo nord. Le due ragazze condividono un viaggio importante: quello che le costringer\u00e0 entrambe a fare i conti coi propri fantasmi, e a crescere.<\/em> Un viaggio alla scoperta di paesaggi mozzafiato, luoghi, persone, ma soprattutto se stesse.<\/p>\n\n\n\n<p>Il primo lungometraggio di Andrea Zuliani, finalista dei David di Donatello col pluripremiato cortometraggio \u201cPer Anna\u201d, \u00e8 un coming of age intimo e al tempo stesso avventuroso che mette al centro due personaggi femminili difficili da dimenticare. Presentato in anteprima al Beijing International Film Festival e in Italia ad Alice nella citt\u00e0 durante la 17esima edizione della Festa del cinema di Roma, \u00e8 ora nelle sale mentre ancora viaggia per i festival<\/p>\n\n\n\n<p><strong>IL GATTO CON GLI STIVALI 2 \u2013 L\u2019ULTIMO DESIDERIO<\/strong> di Joel Crawford<br><em>Il Gatto con gli Stivali ha appena scoperto di aver esaurito otto delle sue nove vite, e ha incontrato un Lupo Cattivo che gli ricorda come, a questo giro, anche lui dovr\u00e0 morire. Dunque Gatto va alla caccia di una stella caduta nella Foresta Oscura che possa esaudire il suo pi\u00f9 grande desiderio: ripristinare le numerose vite perdute. Ma non \u00e8 il solo ad avere una grande aspirazione esistenziale, ci sono anche Kitty Zampe di Velluto, Riccioli d&#8217;Oro e i tre Orsi e Jack Horner, un megalomane squilibrato uscito da una filastrocca di Mamma Oca. Ad affiancare il Gatto e la (sua?) Kitty c&#8217;\u00e8 un microscopico cane travestito da felino che si offre volontario per la pet therapy ed \u00e8 l&#8217;unico ad essere contento della propria vita cos\u00ec com&#8217;\u00e8. In una gara di velocit\u00e0 per assicurarsi la Stella dei Desideri tutti i personaggi dovranno rivalutare le loro priorit\u00e0.<\/em><\/p>\n\n\n\n<p>Un decennio dopo il primo spin-off su uno dei personaggi pi\u00f9 divertenti di \u201cShrek\u201d (nonch\u00e9 uno dei personaggi pi\u00f9 noti delle favole popolari) il volume secondo realizza un sequel coraggioso, creativo e divertente, con una morale parafilosofica che fa riflettere e numerosi rimandi cinefili come le partiture da spaghetti western di Ennio Morricone, con tanto di utilizzo evocativo del fischio.<\/p>\n\n\n\n<p><strong>LA TERRA DELLE DONNE<\/strong> di Marisa Vallone<\/p>\n\n\n\n<p><em>In una Sardegna rurale a cavallo della Seconda Guerra Mondiale, Fidela (Paola Sini) \u00e8, suo malgrado, la strega del villaggio: cura i malefici e fa nascere i bimbi di tutte, ma mai i suoi. \u00c8 la regola: nessun uomo pu\u00f2 toccarla, ma pu\u00f2 adottare una femmina nata settima come lei, per tramandarle il suo sapere. In una famiglia bramosa di un figlio maschio, lei che \u00e8 settima di una prole di sole donne, impara ad accettare quel ruolo sociale come unica fonte di rispetto, castrando nella sua solitaria intimit\u00e0 i suoi istinti pi\u00f9 sinceri e la sua fragilit\u00e0. Quando Bastiana, figlia illegittima, diventer\u00e0 \u201csua\u201d, tutti gli antichi dogmi non avranno pi\u00f9 senso, perch\u00e9 Fidela si scoprir\u00e0 MADRE, magnificando il coraggio delle donne.<\/em><\/p>\n\n\n\n<p>Nato dalla collaborazione tra la regista barese Marisa Vallone e l\u2019attrice sarda Paola Sini, qui in veste anche di sceneggiatrice e ideatrice e scrittrice del soggetto, il film \u00e8 un&#8217;opera prima complessa, ipnotica e appassionata, capace di evocare una Sardegna atavica, magica e selvaggia. Presentato in anteprima al Bifest di Bari dove Paola Sini ha vinto il \u201cPremio Mariangela Melato\u201d come miglior attrice protagonista nella sezione Italia Film Fest \/ Nuovo Cinema Italiano.<\/p>\n\n\n\n<p><strong>MIXED BY ERRY<\/strong> di Sydney Sibilia<br><em>Napoli, 1976. Peppe (Giuseppe Arena), Enrico (Luigi D\u2019Oriano) e Angelo (Emanuele Palumbo) Frattasio sono tre fratelli che campano di espedienti. Enrico ha un sogno: diventare disc jockey, nell&#8217;epoca in cui esserlo voleva dire stare in cima al mondo. A met\u00e0 anni &#8217;80 sar\u00e0 proprio il suo talento per realizzare compilation musicali su cassette a creare un&#8217;opportunit\u00e0 di fama e di ricchezza per i tre fratelli, che trasformano quelle playlist in un business da miliardi di lire e diventeranno di fatto &#8220;la prima etichetta discografica in Italia&#8221;, capace di far arrivare sule bancarelle le canzoni di Sanremo mentre il Festival era ancora in corso. La masterizzazione e la vendita delle musicassette contraffatte, per\u00f2, si trasformer\u00e0 in un&#8217;avventura internazionale, che trasformer\u00e0 per sempre le loro vite. Le mixtape note sotto &#8220;Mixed By Erry&#8221;, come se fosse un marchio di fabbrica, non solo proietteranno la musica nelle case e nella vita di tutti giorni, ma daranno anche un nuovo senso al concetto di pirateria nel nostro Paese.<\/em><\/p>\n\n\n\n<p>Con il piglio anarchico e allergico alle convenzioni, che era gi\u00e0 evidente nella saga di \u201cSmetto quando voglio\u201d, Sibilia racconta, con tono da commedia, la storia vera di un gruppo di antieroi in qualche misura donchisciotteschi perch\u00e9 combattono contro un sistema &#8211; accademico, monetario, discografico &#8211; che lascia immancabilmente ai margini i giovani animati da qualsiasi iniziativa imprenditoriale, descrivendo alla perfezione una Napoli in cui c\u2019erano anche grandi gioie collettive, come Maradona e lo Scudetto, e una creativit\u00e0 in ebollizione che cercava di reinventare, con desiderio di riscatto, la vita in una citt\u00e0 divisa tra tragiche alternative, stereotipi centenari e drammatici problemi reali.<\/p>\n\n\n\n<p><\/p>\n","protected":false},"excerpt":{"rendered":"<p>Cinema sotto le stelle 2023 a Carbonia Arena Mirastelle del Teatro Centrale \u2013 piazza Roma 27 giugno ~ 04-10-18-25 luglio ~ 01-08 agosto INGRESSO Posto unico non numeratoIntero: \u20ac 4,00*Ridotto: \u20ac 3,00 *Riduzione valida per i tesserati FICC e ARCI e per i giovani fino ai 21 anni di et\u00e0. REGOLE D\u2019ACCESSO N.B. Il botteghino &#8230; <a title=\"Edizione 2023\" class=\"read-more\" href=\"https:\/\/www.umanitaria.it\/carbonia\/cinema-sotto-le-stelle-edizioni-passate\/edizione-2023\/\" aria-label=\"Per saperne di pi\u00f9 su Edizione 2023\">Leggi tutto<\/a><\/p>\n","protected":false},"author":5,"featured_media":14685,"parent":14665,"menu_order":0,"comment_status":"closed","ping_status":"closed","template":"","meta":{"_acf_changed":false,"_seopress_robots_primary_cat":"","_seopress_titles_title":"","_seopress_titles_desc":"","_seopress_robots_index":"","inline_featured_image":false,"footnotes":""},"class_list":["post-14684","page","type-page","status-publish","has-post-thumbnail"],"acf":[],"_links":{"self":[{"href":"https:\/\/www.umanitaria.it\/carbonia\/wp-json\/wp\/v2\/pages\/14684","targetHints":{"allow":["GET"]}}],"collection":[{"href":"https:\/\/www.umanitaria.it\/carbonia\/wp-json\/wp\/v2\/pages"}],"about":[{"href":"https:\/\/www.umanitaria.it\/carbonia\/wp-json\/wp\/v2\/types\/page"}],"author":[{"embeddable":true,"href":"https:\/\/www.umanitaria.it\/carbonia\/wp-json\/wp\/v2\/users\/5"}],"replies":[{"embeddable":true,"href":"https:\/\/www.umanitaria.it\/carbonia\/wp-json\/wp\/v2\/comments?post=14684"}],"version-history":[{"count":2,"href":"https:\/\/www.umanitaria.it\/carbonia\/wp-json\/wp\/v2\/pages\/14684\/revisions"}],"predecessor-version":[{"id":14815,"href":"https:\/\/www.umanitaria.it\/carbonia\/wp-json\/wp\/v2\/pages\/14684\/revisions\/14815"}],"up":[{"embeddable":true,"href":"https:\/\/www.umanitaria.it\/carbonia\/wp-json\/wp\/v2\/pages\/14665"}],"wp:featuredmedia":[{"embeddable":true,"href":"https:\/\/www.umanitaria.it\/carbonia\/wp-json\/wp\/v2\/media\/14685"}],"wp:attachment":[{"href":"https:\/\/www.umanitaria.it\/carbonia\/wp-json\/wp\/v2\/media?parent=14684"}],"curies":[{"name":"wp","href":"https:\/\/api.w.org\/{rel}","templated":true}]}}