{"id":14657,"date":"2025-08-19T10:34:28","date_gmt":"2025-08-19T08:34:28","guid":{"rendered":"https:\/\/www.umanitaria.it\/milano\/?page_id=14657"},"modified":"2025-08-19T10:34:29","modified_gmt":"2025-08-19T08:34:29","slug":"xxxix-stagione-2023-2024-2","status":"publish","type":"page","link":"https:\/\/www.umanitaria.it\/milano\/concerti-edizioni-passate\/xxxix-stagione-2023-2024-2\/","title":{"rendered":"XXXIX Stagione 2023\/2024"},"content":{"rendered":"\n<div class=\"archivi-edizioni\">\n<h2 class=\"wp-block-heading\">39\u00b0 Stagione de &#8220;I Concerti dell\u2019Umanitaria&#8221;<\/h2>\n\n\n\n<p>La <strong>trentanovesima Stagione dei Concerti dell\u2019Umanitaria <\/strong>presenta un programma variegato e pieno di spunti di interesse sia per le musiche proposte sia per gli esecutori. Come sempre questi ultimi sono giovani musicisti emergenti in diversi casi vincitori del Premio Nazionale delle Arti, manifestazione organizzata dal Ministero dell\u2019Universit\u00e0 e della Ricerca, o di competizioni a livello nazionale ed internazionale.<\/p>\n\n\n\n<p>Ad inaugurare ci sar\u00e0 <strong>Josef Edoardo Mossali<\/strong>, pianista poco pi\u00f9 che ventenne, che ha al suo attivo gi\u00e0 una importante carriera concertistica. Si esibir\u00e0 in un programma incentrato su pagine pianistiche del grande repertorio romantico tra Germania e Russia. Sempre con brani della stessa epoca e area geografiche, il percorso presentato, nel secondo appuntamento, dal duo violoncello e pianoforte composto da <strong>Gioele Pes<\/strong> e <strong>Simone Anelli<\/strong>. <strong>Luca Kaufman<\/strong>, vincitore della recente edizione del Premio del Conservatorio di Milano, ci regaler\u00e0 con la sorella Valentina, un recital che partendo da Bach arriva fino ad Augusta Read Thomas, compositrice statunitense vivente, attraverso pagine di Brahms, Grieg, Kreisler e Saint-Sa\u00ebns.<br>Il concerto natalizio vedr\u00e0 sul palco del Salone degli Affreschi un gal\u00e0 di canto a cura di studenti del Conservatorio di Milano. Un modo gioioso e spumeggiante di farsi gli auguri per il Nuovo Anno.<\/p>\n\n\n\n<p>Nuovo anno che si aprir\u00e0 con un altro concerto dedicato al violoncello che, partendo dal mondo tedesco di Beethoven e Schumann, virer\u00e0 verso l\u2019America Latina per portarci nelle calde e vibranti atmosfere del Tango di Astor Piazzolla. Vincitori del Premio delle Arti, categoria Musica da camera, il duo violino e pianoforte di <strong>Letizia Gullino <\/strong>e <strong>Luca Guido Troncarelli <\/strong>che si cimenter\u00e0 con musiche di Schubert, Brahms e Falla mentre, proseguendo tra i vincitori del Premio istituito dal MUR, avremo il pianista <strong>Daniele Martinelli<\/strong>, con musiche di Mozart, Chopin e Schumann, il corno di<strong> Daniele Maffei<\/strong> e l\u2019arpa di <strong>Francesco Andorno<\/strong>. Questi ultimi due appuntamenti ci daranno l\u2019occasione di presentare solisti e strumenti che, ingiustamente, appaiono di rado nelle stagioni concertistiche.<br>A completamento della programmazione, il 24 marzo, ci sar\u00e0 il<strong> Quartetto Thum\u00f3s<\/strong>, un giovane complesso d\u2019archi che ci condurr\u00e0 in un viaggio imperniato sulla musica del primo novecento con pagine di Prokof\u2019ev e Ravel.<\/p>\n\n\n\n<p>Una stagione, questa, che come sempre sapr\u00e0 affascinarci per la maestria e la bravura di questi giovanissimi interpreti che, ne siamo certi, in un prossimo futuro calcheranno palcoscenici importanti a livello internazionale.<\/p>\n\n\n\n<p>Con voi e il vostro sostegno potremo proseguire nel solco tracciato, ormai pi\u00f9 di un secolo fa, dal nostro Ente in favore della divulgazione della musica classica e della valorizzazione dei nostri talenti artistici.<\/p>\n\n\n\n<div class=\"border-top\">\n<p><a href=\"\/milano\/wp-content\/uploads\/sites\/6\/2025\/08\/2023_XXXIX_stagione_2023_2024.pdf\" target=\"_blank\" rel=\"noreferrer noopener\">Libretto XXXIX Stagione di Concerti<\/a><\/p>\n<\/div>\n<\/div>\n","protected":false},"excerpt":{"rendered":"<p>39\u00b0 Stagione de &#8220;I Concerti dell\u2019Umanitaria&#8221; La trentanovesima Stagione dei Concerti dell\u2019Umanitaria presenta un programma variegato e pieno di spunti di interesse sia per le musiche proposte sia per gli esecutori. Come sempre questi ultimi sono giovani musicisti emergenti in diversi casi vincitori del Premio Nazionale delle Arti, manifestazione organizzata dal Ministero dell\u2019Universit\u00e0 e della &#8230; <a title=\"XXXIX Stagione 2023\/2024\" class=\"read-more\" href=\"https:\/\/www.umanitaria.it\/milano\/concerti-edizioni-passate\/xxxix-stagione-2023-2024-2\/\" aria-label=\"Per saperne di pi\u00f9 su XXXIX Stagione 2023\/2024\">Leggi tutto<\/a><\/p>\n","protected":false},"author":5,"featured_media":14664,"parent":14168,"menu_order":0,"comment_status":"closed","ping_status":"closed","template":"","meta":{"_acf_changed":false,"_seopress_robots_primary_cat":"","_seopress_titles_title":"","_seopress_titles_desc":"","_seopress_robots_index":"","inline_featured_image":false,"footnotes":""},"class_list":["post-14657","page","type-page","status-publish","has-post-thumbnail"],"acf":[],"_links":{"self":[{"href":"https:\/\/www.umanitaria.it\/milano\/wp-json\/wp\/v2\/pages\/14657","targetHints":{"allow":["GET"]}}],"collection":[{"href":"https:\/\/www.umanitaria.it\/milano\/wp-json\/wp\/v2\/pages"}],"about":[{"href":"https:\/\/www.umanitaria.it\/milano\/wp-json\/wp\/v2\/types\/page"}],"author":[{"embeddable":true,"href":"https:\/\/www.umanitaria.it\/milano\/wp-json\/wp\/v2\/users\/5"}],"replies":[{"embeddable":true,"href":"https:\/\/www.umanitaria.it\/milano\/wp-json\/wp\/v2\/comments?post=14657"}],"version-history":[{"count":1,"href":"https:\/\/www.umanitaria.it\/milano\/wp-json\/wp\/v2\/pages\/14657\/revisions"}],"predecessor-version":[{"id":14666,"href":"https:\/\/www.umanitaria.it\/milano\/wp-json\/wp\/v2\/pages\/14657\/revisions\/14666"}],"up":[{"embeddable":true,"href":"https:\/\/www.umanitaria.it\/milano\/wp-json\/wp\/v2\/pages\/14168"}],"wp:featuredmedia":[{"embeddable":true,"href":"https:\/\/www.umanitaria.it\/milano\/wp-json\/wp\/v2\/media\/14664"}],"wp:attachment":[{"href":"https:\/\/www.umanitaria.it\/milano\/wp-json\/wp\/v2\/media?parent=14657"}],"curies":[{"name":"wp","href":"https:\/\/api.w.org\/{rel}","templated":true}]}}