{"id":14695,"date":"2025-08-19T12:14:13","date_gmt":"2025-08-19T10:14:13","guid":{"rendered":"https:\/\/www.umanitaria.it\/milano\/?page_id=14695"},"modified":"2026-04-16T14:47:06","modified_gmt":"2026-04-16T12:47:06","slug":"ambasciatori-dei-diritti-umani-leonardo","status":"publish","type":"page","link":"https:\/\/www.umanitaria.it\/milano\/ambasciatori-dei-diritti-umani-leonardo\/","title":{"rendered":"Ambasciatori dei Diritti Umani"},"content":{"rendered":"\n<p class=\"has-accent-color has-text-color has-link-color wp-elements-2bb59a0b88421708478b3647a2693995\"><strong>Obiettivi<\/strong><\/p>\n\n\n\n<ul class=\"wp-block-list\">\n<li>la promozione del protagonismo e della partecipazione attiva dei giovani<\/li>\n\n\n\n<li>l\u2019implementazione di servizi e opportunit\u00e0 per i giovani nei loro territori e nelle loro comunit\u00e0 locali<\/li>\n\n\n\n<li>la promozione di un coinvolgimento attivo e responsabile dei giovani nella tutela dell\u2019ambiente e nella costruzione di uno sviluppo sostenibile<\/li>\n<\/ul>\n\n\n\n<p class=\"has-accent-color has-text-color has-link-color wp-elements-724f9fd3f29f0e30fc70628c89e6c78e\"><strong>Descrizione<\/strong><\/p>\n\n\n\n<p>Il progetto Ambasciatori dei Diritti Umani per far conoscere lo spirito che anima la Dichiarazione dei Diritti Umani ed i valori che essa veicola, con l&#8217;obiettivo di sensibilizzare i giovani all&#8217;uso responsabile della libert\u00e0 in rapporti di consapevole e reciproco rispetto, tanto pi\u00f9 necessario in una societ\u00e0 globale e composita.<br>Concorso destinato agli studenti del quinto e del quarto anno delle scuole Secondarie di Secondo grado che abbiano compiuto la maggiore et\u00e0 alla data del viaggio-premio.<br>Il progetto, il cui obiettivo \u00e8 contribuire alla maturazione nei giovani di una sempre pi\u00f9 profonda e proficua consapevolezza della fondamentale rilevanza dei Diritti Umani, prevede l\u2019attribuzione di nove premi consistenti in un viaggio in una citt\u00e0 significativa per la presenza di istituzioni internazionali.<\/p>\n\n\n\n<p class=\"has-accent-color has-text-color has-link-color wp-elements-9645200e1b6e2d3ad4976a889d15f111\"><strong>Output<\/strong><\/p>\n\n\n\n<p>Concorso e viaggio premio che avr\u00e0 luogo a giugno a Strasburgo per partecipare all\u2019<em>European Youth Event<\/em>, iniziativa organizzata dal Parlamento europeo dedicata ai giovani.<\/p>\n\n\n\n<p class=\"has-accent-color has-text-color has-link-color wp-elements-79c587818536f3958c1b28ac90ca64bd\"><strong>Risultati attesi e indicatori quali\/quantitativi<\/strong><\/p>\n\n\n\n<p>Il Concorso, consistente nello svolgimento di un elaborato scritto in presenza nella sede di Societ\u00e0 Umanitaria prevede una ampia partecipazione. Per i primi classificati \u00e8 previsto inoltre la partecipazione ad un corso di formazione su tematiche attinenti ai diritti umani organizzato dalla SIOI.<\/p>\n","protected":false},"excerpt":{"rendered":"<p>Obiettivi Descrizione Il progetto Ambasciatori dei Diritti Umani per far conoscere lo spirito che anima la Dichiarazione dei Diritti Umani ed i valori che essa veicola, con l&#8217;obiettivo di sensibilizzare i giovani all&#8217;uso responsabile della libert\u00e0 in rapporti di consapevole e reciproco rispetto, tanto pi\u00f9 necessario in una societ\u00e0 globale e composita.Concorso destinato agli studenti &#8230; <a title=\"Ambasciatori dei Diritti Umani\" class=\"read-more\" href=\"https:\/\/www.umanitaria.it\/milano\/ambasciatori-dei-diritti-umani-leonardo\/\" aria-label=\"Per saperne di pi\u00f9 su Ambasciatori dei Diritti Umani\">Leggi tutto<\/a><\/p>\n","protected":false},"author":5,"featured_media":0,"parent":0,"menu_order":2,"comment_status":"closed","ping_status":"closed","template":"","meta":{"_acf_changed":false,"_seopress_robots_primary_cat":"","_seopress_titles_title":"","_seopress_titles_desc":"","_seopress_robots_index":"","inline_featured_image":false,"footnotes":""},"class_list":["post-14695","page","type-page","status-publish"],"acf":[],"_links":{"self":[{"href":"https:\/\/www.umanitaria.it\/milano\/wp-json\/wp\/v2\/pages\/14695","targetHints":{"allow":["GET"]}}],"collection":[{"href":"https:\/\/www.umanitaria.it\/milano\/wp-json\/wp\/v2\/pages"}],"about":[{"href":"https:\/\/www.umanitaria.it\/milano\/wp-json\/wp\/v2\/types\/page"}],"author":[{"embeddable":true,"href":"https:\/\/www.umanitaria.it\/milano\/wp-json\/wp\/v2\/users\/5"}],"replies":[{"embeddable":true,"href":"https:\/\/www.umanitaria.it\/milano\/wp-json\/wp\/v2\/comments?post=14695"}],"version-history":[{"count":4,"href":"https:\/\/www.umanitaria.it\/milano\/wp-json\/wp\/v2\/pages\/14695\/revisions"}],"predecessor-version":[{"id":14864,"href":"https:\/\/www.umanitaria.it\/milano\/wp-json\/wp\/v2\/pages\/14695\/revisions\/14864"}],"wp:attachment":[{"href":"https:\/\/www.umanitaria.it\/milano\/wp-json\/wp\/v2\/media?parent=14695"}],"curies":[{"name":"wp","href":"https:\/\/api.w.org\/{rel}","templated":true}]}}