{"id":15025,"date":"2025-08-22T11:28:09","date_gmt":"2025-08-22T09:28:09","guid":{"rendered":"https:\/\/www.umanitaria.it\/milano\/?page_id=15025"},"modified":"2025-08-26T16:35:18","modified_gmt":"2025-08-26T14:35:18","slug":"club-del-libro","status":"publish","type":"page","link":"https:\/\/www.umanitaria.it\/milano\/liceo-artistico-internazionale\/didattica\/didattica-studenti\/progetti\/club-del-libro\/","title":{"rendered":"Club del libro"},"content":{"rendered":"\n<p>Il Club del libro del liceo nasce come spazio di incontro, confronto e crescita, dove la lettura diventa un mezzo per riflettere sui grandi temi dell\u2019attualit\u00e0 e della convivenza civile.<\/p>\n\n\n\n<p>Pensato come parte integrante del percorso di <strong>educazione civica<\/strong>, il club si propone di affrontare, attraverso romanzi, saggi, graphic novel e testimonianze, argomenti fondamentali per la formazione di cittadini consapevoli e attivi. <\/p>\n\n\n\n<p>Diritti umani, ambiente, giustizia sociale, diversit\u00e0, legalit\u00e0, memoria, parit\u00e0 di genere: ogni mese un nuovo libro, un nuovo sguardo sul mondo.<br><br>Il Club del libro \u00e8 aperto a tutti gli studenti e studentesse del liceo che desiderano:<\/p>\n\n\n\n<ul class=\"wp-block-list\">\n<li>approfondire temi civili e sociali attraverso la lettura<\/li>\n\n\n\n<li>confrontarsi in modo aperto e rispettoso con compagni e docenti<\/li>\n\n\n\n<li>sviluppare senso critico, empatia e capacit\u00e0 di dialogo<\/li>\n<\/ul>\n\n\n\n<p>Gli incontri si svolgono con cadenza regolare durante l\u2019anno scolastico e si svolgono in presenza o in collaborazione con la Biblioteca Sormani di Milano per arricchire l\u2019esperienza di lettura con nuove prospettive.<\/p>\n\n\n\n<p>Per un liceo artistico, la lettura \u00e8 anche fonte d\u2019ispirazione: molti degli incontri si concludono con la creazione di <strong>opere visive<\/strong>, <strong>illustrazioni<\/strong> o <strong>progetti artistici<\/strong> ispirati ai testi letti, in un dialogo continuo tra parola e immagine.<\/p>\n","protected":false},"excerpt":{"rendered":"<p>Il Club del libro del liceo nasce come spazio di incontro, confronto e crescita, dove la lettura diventa un mezzo per riflettere sui grandi temi dell\u2019attualit\u00e0 e della convivenza civile. Pensato come parte integrante del percorso di educazione civica, il club si propone di affrontare, attraverso romanzi, saggi, graphic novel e testimonianze, argomenti fondamentali per &#8230; <a title=\"Club del libro\" class=\"read-more\" href=\"https:\/\/www.umanitaria.it\/milano\/liceo-artistico-internazionale\/didattica\/didattica-studenti\/progetti\/club-del-libro\/\" aria-label=\"Per saperne di pi\u00f9 su Club del libro\">Leggi tutto<\/a><\/p>\n","protected":false},"author":5,"featured_media":0,"parent":14528,"menu_order":0,"comment_status":"closed","ping_status":"closed","template":"","meta":{"_acf_changed":false,"_seopress_robots_primary_cat":"","_seopress_titles_title":"","_seopress_titles_desc":"","_seopress_robots_index":"","inline_featured_image":false,"footnotes":""},"class_list":["post-15025","page","type-page","status-publish"],"acf":[],"_links":{"self":[{"href":"https:\/\/www.umanitaria.it\/milano\/wp-json\/wp\/v2\/pages\/15025","targetHints":{"allow":["GET"]}}],"collection":[{"href":"https:\/\/www.umanitaria.it\/milano\/wp-json\/wp\/v2\/pages"}],"about":[{"href":"https:\/\/www.umanitaria.it\/milano\/wp-json\/wp\/v2\/types\/page"}],"author":[{"embeddable":true,"href":"https:\/\/www.umanitaria.it\/milano\/wp-json\/wp\/v2\/users\/5"}],"replies":[{"embeddable":true,"href":"https:\/\/www.umanitaria.it\/milano\/wp-json\/wp\/v2\/comments?post=15025"}],"version-history":[{"count":6,"href":"https:\/\/www.umanitaria.it\/milano\/wp-json\/wp\/v2\/pages\/15025\/revisions"}],"predecessor-version":[{"id":15400,"href":"https:\/\/www.umanitaria.it\/milano\/wp-json\/wp\/v2\/pages\/15025\/revisions\/15400"}],"up":[{"embeddable":true,"href":"https:\/\/www.umanitaria.it\/milano\/wp-json\/wp\/v2\/pages\/14528"}],"wp:attachment":[{"href":"https:\/\/www.umanitaria.it\/milano\/wp-json\/wp\/v2\/media?parent=15025"}],"curies":[{"name":"wp","href":"https:\/\/api.w.org\/{rel}","templated":true}]}}