{"id":1617,"date":"2025-06-23T12:06:18","date_gmt":"2025-06-23T10:06:18","guid":{"rendered":"https:\/\/www.umanitaria.it\/milano\/?page_id=1617"},"modified":"2025-10-03T12:55:52","modified_gmt":"2025-10-03T10:55:52","slug":"regolamento-corsi","status":"publish","type":"page","link":"https:\/\/www.umanitaria.it\/napoli\/corsi-humaniter\/corsi\/regolamento-corsi\/","title":{"rendered":"Regolamento Corsi anno 2025\/26"},"content":{"rendered":"\n<p>Humaniter \u00e8 una attivit\u00e0 della Societ\u00e0 Umanitaria con lo scopo sociale di contribuire alla formazione culturale degli iscritti e di favorirne la partecipazione alla vita sociale mediante l\u2019offerta di corsi periodici, conferenze, dibattiti, concerti, visite guidate, gite culturali, viaggi organizzati ed altre analoghe iniziative.<\/p>\n\n\n\n<p>L\u2019iscritto Humaniter \u00e8 anche socio della Societ\u00e0 Umanitaria e pu\u00f2 quindi accedere gratuitamente o a prezzo ridotto alle sue attivit\u00e0. Pu\u00f2 inoltre partecipare all\u2019Assemblea dei Soci per l\u2019elezione dei membri del Consiglio Direttivo e del Collegio dei Delegati, se socio per due anni consecutivi al 31 dicembre di ogni anno.<\/p>\n\n\n\n<ol class=\"wp-block-list\">\n<li><strong>I corsi inizieranno <\/strong>a partire da<strong> luned\u00ec 6 ottobre <\/strong>sia<strong> in presenza <\/strong>che<strong> online<\/strong>.<strong>Iscrizione ai corsi<\/strong>: l\u2019iscrizione alla Societ\u00e0 Umanitaria d\u00e0 diritto ad un\u2019ampia scelta di corsi Humaniter sia in presenza che online. Per i <strong>corsi in presenza<\/strong> \u00e8 possibile l\u2019iscrizione ad un <strong>massimo di 5 corsi da seguire in sede + 2 corsi online + eventuali corsi di movimento <\/strong>oppure a <strong>2 corsi in sede + 1 corso online + eventuali corsi di movimento <\/strong>(un corso, sia in presenza che online, va inteso come corso <strong><u>annuale<\/u><\/strong> per cui si possono inserire pi\u00f9 corsi mensili, trimestrali o quadrimestrali consecutivi, fino a coprire un intero anno scolastico). Coloro che seguiranno solo i <strong>corsi online<\/strong>, potranno scegliere dall\u2019elenco <strong>massimo 4 corsi annuali tra quelli proposti da tutte le sedi + eventuali corsi di movimento in palestra<\/strong>.Per offrire a tutti i soci la possibilit\u00e0 di fruire dei nostri corsi, si consiglia l\u2019iscrizione ai corsi che si intendono effettivamente frequentare. Non \u00e8 consentito inserire pi\u00f9 di un corso programmato nello stesso giorno e allo stesso orario.<strong> <\/strong>Pertanto, sar\u00e0 possibile la scelta di 2 soli corsi della stessa lingua, di belle arti o di teatro da seguire in sede, ma si potranno inserire eventuali altri corsi in lista d\u2019attesa.Per la ceramica ci si potr\u00e0 iscrivere ad 1 solo corso a quadrimestre e si potr\u00e0 inserire un altro corso in lista d\u2019attesa per i 2\u00b0 quadrimestre. La priorit\u00e0 andr\u00e0 ai nuovi iscritti.<\/li>\n\n\n\n<li>I <strong>corsi<\/strong> sono a numero chiuso di partecipanti. L\u2019iscrizione avviene in ordine cronologico cos\u00ec come eventuali inserimenti di corsi in lista d\u2019attesa. <strong>Tre assenze consecutive ingiustificate<\/strong>, comportano la cancellazione, previa telefonata, dal corso dell\u2019iscritto ed il subentro, al suo posto, del primo in lista d\u2019attesa. Pertanto, l\u2019iscritto che, per sopraggiunti motivi, si trovasse impossibilitato a frequentare per un periodo prolungato uno o pi\u00f9 corsi deve ricordarsi di darne tempestiva comunicazione alla segreteria. \u00a0Nel corso dell\u2019anno, sar\u00e0 possibile apportare modifiche ai corsi scelti.<\/li>\n\n\n\n<li><strong>Corsi di movimento<\/strong>: <strong>l\u2019iscrizione ai corsi \u00e8 subordinata all\u2019iscrizione di socio frequentatore ai corsi Humaniter, in presenza e\/o online<\/strong>. Per l\u2019accesso a tutte le attivit\u00e0 di movimento, che si svolgono nella struttura esterna da noi convenzionata, \u00e8 prevista una quota di <strong>tesseramento di \u20ac 5.00<\/strong> a Societ\u00e0 Umanitaria Societ\u00e0 Sportiva Dilettantistica A.R.L. (comprensiva di polizza assicurativa), che non \u00e8 rimborsabile in alcun caso, ed \u00e8 richiesto un <strong>certificato medico per<\/strong> <strong>attivit\u00e0 sportiva <em><u>non<\/u> <\/em>agonistica ad opera di un medico dello sport<\/strong>. Il certificato dovr\u00e0 essere consegnato in segreteria entro il<strong> 26 settembre 2025<\/strong> per l\u2019inoltro alla nostra assicurazione.<\/li>\n\n\n\n<li><strong>La quota di iscrizione non \u00e8 rimborsabile in alcun caso<\/strong><em>. <\/em>I supplementi possono essere rimborsati, dietro richiesta scritta e a insindacabile giudizio della Direzione, solo in caso di effettiva e documentata impossibilit\u00e0 alla frequenza\u00a0entro il <strong>12 dicembre 2025<em>. <\/em><\/strong>Inoltre, il cambiamento di orario o eventuali sospensioni e\/o annullamento di alcune attivit\u00e0 didattiche <strong>NON d\u00e0 diritto ad alcun rimborso. <\/strong>Per questo motivo, <strong>i corsi scelti devono essere minimo 2<\/strong> ed \u00e8 consigliabile la scelta di pi\u00f9 discipline da tenersi in alternativa al proprio interesse principale.<\/li>\n\n\n\n<li><strong>Mancato svolgimento delle lezioni<\/strong>. L\u2019assenza del docente verr\u00e0 comunicata agli iscritti in sede con appositi avvisi ai piani. La notizia verr\u00e0 comunicata anche tramite <strong>messaggio Whatsapp e via mail per i corsi online.<\/strong> Permarr\u00e0 la consueta comunicazione telefonica per coloro che sono ancora sprovvisti di cellulare.  In caso di <strong>sciopero<\/strong> dei trasporti pubblici vi invitiamo a contattarci ai numeri 081\/5782485 e 081\/19560772 per accertarvi del regolare svolgimento delle lezioni. <\/li>\n\n\n\n<li>La Direzione non risponde di eventuali <strong>cambi d\u2019orario, giorno del corso o assenze dei docenti<\/strong> che operano in regime di volontariato. La Direzione si riserva inoltre il diritto insindacabile di operare in qualsiasi momento dell\u2019anno accademico cambiamenti, cancellazioni o sospensioni qualora la situazione lo richieda, senza obiezioni opponibili. Ci adopereremo per sostituire eventuali corsi soppressi.<\/li>\n\n\n\n<li>I corsi si svolgono da ottobre a maggio, dal luned\u00ec al venerd\u00ec secondo l\u2019orario stabilito nella programmazione. Ogni corso inizier\u00e0 al raggiungimento di un <strong>numero minimo di iscritti<\/strong> stabilito in base alle capienze delle aule e alla tipologia di corso e potr\u00e0 essere sospeso se il numero, nell\u2019arco dell\u2019anno, venisse a mancare. Le aule vengono assegnate dalla Direzione in base alle disponibilit\u00e0 della fascia oraria tenendo conto il pi\u00f9 possibile delle necessit\u00e0 di ogni disciplina. L\u2019assegnazione delle aule \u00e8 suscettibile di variazioni.<\/li>\n\n\n\n<li>Il costo dei<strong> materiali<\/strong> (fotocopie etc.) occorrenti per la realizzazione del programma di studio \u00e8 a carico dei corsisti.<\/li>\n\n\n\n<li>A suo insindacabile giudizio, la Direzione dell\u2019Humaniter si riserva il diritto di <strong>escludere<\/strong> <strong>dalla partecipazione ai corsi<\/strong> tutti coloro che, con il loro comportamento, dovessero arrecare disturbo all\u2019interno della sede e\/o comunque intralciassero il normale svolgimento delle lezioni.<br><\/li>\n\n\n\n<li>Le attivit\u00e0 del <strong>programma sociale<\/strong> (eventi, concerti, conferenze, spettacoli, etc.) verranno periodicamente comunicate via mail, whatsapp e con locandine distribuite in sede.<br><\/li>\n\n\n\n<li>Per non arrecare disturbo ai docenti e agli altri iscritti, si prega di <strong>silenziare i cellulari e di evitare di accedere alle aule a lezione gi\u00e0 iniziata<\/strong>. La durata della lezione \u00e8 di <strong>55 minuti<\/strong>, per consentire una turnazione pi\u00f9 ordinata.<br><\/li>\n\n\n\n<li>Per non arrecare disturbo ai <strong>condomini del palazzo<\/strong> si invitano i soci a: dare la precedenza ai condomini per l\u2019accesso in ascensore ed accompagnare la chiusura della porta; non sostare e non fumare sui pianerottoli; usare un tono di voce basso durante la sosta ai piani.<br><\/li>\n<\/ol>\n","protected":false},"excerpt":{"rendered":"<p>Humaniter \u00e8 una attivit\u00e0 della Societ\u00e0 Umanitaria con lo scopo sociale di contribuire alla formazione culturale degli iscritti e di favorirne la partecipazione alla vita sociale mediante l\u2019offerta di corsi periodici, conferenze, dibattiti, concerti, visite guidate, gite culturali, viaggi organizzati ed altre analoghe iniziative. L\u2019iscritto Humaniter \u00e8 anche socio della Societ\u00e0 Umanitaria e pu\u00f2 quindi &#8230; <a title=\"Regolamento Corsi anno 2025\/26\" class=\"read-more\" href=\"https:\/\/www.umanitaria.it\/napoli\/corsi-humaniter\/corsi\/regolamento-corsi\/\" aria-label=\"Per saperne di pi\u00f9 su Regolamento Corsi anno 2025\/26\">Leggi tutto<\/a><\/p>\n","protected":false},"author":1,"featured_media":0,"parent":1621,"menu_order":3,"comment_status":"closed","ping_status":"closed","template":"","meta":{"_acf_changed":false,"_seopress_robots_primary_cat":"","_seopress_titles_title":"","_seopress_titles_desc":"","_seopress_robots_index":"","inline_featured_image":false,"footnotes":""},"class_list":["post-1617","page","type-page","status-publish"],"acf":[],"_links":{"self":[{"href":"https:\/\/www.umanitaria.it\/napoli\/wp-json\/wp\/v2\/pages\/1617","targetHints":{"allow":["GET"]}}],"collection":[{"href":"https:\/\/www.umanitaria.it\/napoli\/wp-json\/wp\/v2\/pages"}],"about":[{"href":"https:\/\/www.umanitaria.it\/napoli\/wp-json\/wp\/v2\/types\/page"}],"author":[{"embeddable":true,"href":"https:\/\/www.umanitaria.it\/napoli\/wp-json\/wp\/v2\/users\/1"}],"replies":[{"embeddable":true,"href":"https:\/\/www.umanitaria.it\/napoli\/wp-json\/wp\/v2\/comments?post=1617"}],"version-history":[{"count":5,"href":"https:\/\/www.umanitaria.it\/napoli\/wp-json\/wp\/v2\/pages\/1617\/revisions"}],"predecessor-version":[{"id":15181,"href":"https:\/\/www.umanitaria.it\/napoli\/wp-json\/wp\/v2\/pages\/1617\/revisions\/15181"}],"up":[{"embeddable":true,"href":"https:\/\/www.umanitaria.it\/napoli\/wp-json\/wp\/v2\/pages\/1621"}],"wp:attachment":[{"href":"https:\/\/www.umanitaria.it\/napoli\/wp-json\/wp\/v2\/media?parent=1617"}],"curies":[{"name":"wp","href":"https:\/\/api.w.org\/{rel}","templated":true}]}}