{"id":1673,"date":"2025-06-23T15:01:32","date_gmt":"2025-06-23T13:01:32","guid":{"rendered":"https:\/\/www.umanitaria.it\/milano\/?page_id=1673"},"modified":"2025-09-22T16:11:15","modified_gmt":"2025-09-22T14:11:15","slug":"accedi-o-registrati","status":"publish","type":"page","link":"https:\/\/www.umanitaria.it\/napoli\/corsi-humaniter\/corsi\/accedi-o-registrati\/","title":{"rendered":"Accedi o Registrati"},"content":{"rendered":"\n<p>Iscriversi on-line \u00e8 semplice, veloce e comodo!<\/p>\n\n\n\n<div class=\"wp-block-columns colonne-protagonisti is-layout-flex wp-container-core-columns-is-layout-9d6595d7 wp-block-columns-is-layout-flex\">\n<div class=\"wp-block-column is-layout-flow wp-block-column-is-layout-flow\">\n<h2 class=\"wp-block-heading\">Prima iscrizione<\/h2>\n\n\n\n<h3 class=\"wp-block-heading\">Non ho un account<\/h3>\n\n\n\n<p>Se si sta effettuando la prima iscrizione come socio della Societ\u00e0 Umanitaria, \u00e8 necessario creare il proprio account cliccando su <strong>registrati<\/strong>.<\/p>\n\n\n\n<div class=\"wp-block-buttons links is-layout-flex wp-block-buttons-is-layout-flex\">\n<div class=\"wp-block-button\"><a class=\"wp-block-button__link wp-element-button\" href=\"https:\/\/servizi.umanitaria.it\/Gestione\/associazione\/PortaleDiventaSocio.do?sede=NA&amp;categoria=F\" target=\"_blank\" rel=\"noreferrer noopener nofollow\">Registrati<\/a><\/div>\n<\/div>\n<\/div>\n\n\n\n<div class=\"wp-block-column is-layout-flow wp-block-column-is-layout-flow\">\n<h2 class=\"wp-block-heading\">Rinnovo iscrizione<\/h2>\n\n\n\n<h3 class=\"wp-block-heading\">Ho gi\u00e0 un account<\/h3>\n\n\n\n<p>Tutti i soci che, nell&#8217;anno scolastico 2025\/26, si sono iscritti in segreteria dovranno accedere con il codice fiscale come Login e <em>Umanitaria1893<\/em> come Password.<br>Per tutti i soci che si sono iscritti prima dell&#8217;anno scolastico 2025\/26 o per il recupero della password, sar\u00e0 sufficiente digitare il codice fiscale nel campo username e cliccare su &#8220;Hai dimenticato la password&#8221; per ricevere la nuova via e-mail.<\/p>\n\n\n\n<div class=\"wp-block-buttons links is-layout-flex wp-block-buttons-is-layout-flex\">\n<div class=\"wp-block-button\"><a class=\"wp-block-button__link wp-element-button\" href=\"https:\/\/servizi.umanitaria.it\/Gestione\" target=\"_blank\" rel=\"noreferrer noopener nofollow\">Accedi<\/a><\/div>\n<\/div>\n<\/div>\n<\/div>\n\n\n\n<div class=\"border-top\">\n<div class=\"wp-block-file\"><a id=\"wp-block-file--media-8b46c2bb-d3c1-457d-ae05-063d9aba992a\" href=\"https:\/\/www.umanitaria.it\/milano\/wp-content\/uploads\/sites\/6\/2025\/06\/Guida-iscrizioni-online-Corsi-Humaniter.pdf\">Guida \u2014 ISCRIZIONE ONLINE AI CORSI HUMANITER<\/a><\/div>\n<\/div>\n\n\n\n<p><\/p>\n","protected":false},"excerpt":{"rendered":"<p>Iscriversi on-line \u00e8 semplice, veloce e comodo! Prima iscrizione Non ho un account Se si sta effettuando la prima iscrizione come socio della Societ\u00e0 Umanitaria, \u00e8 necessario creare il proprio account cliccando su registrati. Rinnovo iscrizione Ho gi\u00e0 un account Tutti i soci che, nell&#8217;anno scolastico 2025\/26, si sono iscritti in segreteria dovranno accedere con &#8230; <a title=\"Accedi o Registrati\" class=\"read-more\" href=\"https:\/\/www.umanitaria.it\/napoli\/corsi-humaniter\/corsi\/accedi-o-registrati\/\" aria-label=\"Per saperne di pi\u00f9 su Accedi o Registrati\">Leggi tutto<\/a><\/p>\n","protected":false},"author":1,"featured_media":0,"parent":1621,"menu_order":2,"comment_status":"closed","ping_status":"closed","template":"","meta":{"_acf_changed":false,"_seopress_robots_primary_cat":"","_seopress_titles_title":"","_seopress_titles_desc":"","_seopress_robots_index":"","inline_featured_image":false,"footnotes":""},"class_list":["post-1673","page","type-page","status-publish"],"acf":[],"_links":{"self":[{"href":"https:\/\/www.umanitaria.it\/napoli\/wp-json\/wp\/v2\/pages\/1673","targetHints":{"allow":["GET"]}}],"collection":[{"href":"https:\/\/www.umanitaria.it\/napoli\/wp-json\/wp\/v2\/pages"}],"about":[{"href":"https:\/\/www.umanitaria.it\/napoli\/wp-json\/wp\/v2\/types\/page"}],"author":[{"embeddable":true,"href":"https:\/\/www.umanitaria.it\/napoli\/wp-json\/wp\/v2\/users\/1"}],"replies":[{"embeddable":true,"href":"https:\/\/www.umanitaria.it\/napoli\/wp-json\/wp\/v2\/comments?post=1673"}],"version-history":[{"count":2,"href":"https:\/\/www.umanitaria.it\/napoli\/wp-json\/wp\/v2\/pages\/1673\/revisions"}],"predecessor-version":[{"id":14745,"href":"https:\/\/www.umanitaria.it\/napoli\/wp-json\/wp\/v2\/pages\/1673\/revisions\/14745"}],"up":[{"embeddable":true,"href":"https:\/\/www.umanitaria.it\/napoli\/wp-json\/wp\/v2\/pages\/1621"}],"wp:attachment":[{"href":"https:\/\/www.umanitaria.it\/napoli\/wp-json\/wp\/v2\/media?parent=1673"}],"curies":[{"name":"wp","href":"https:\/\/api.w.org\/{rel}","templated":true}]}}