{"id":995,"date":"2025-05-13T08:56:00","date_gmt":"2025-05-13T06:56:00","guid":{"rendered":"https:\/\/www.umanitaria.it\/demo\/?page_id=995"},"modified":"2025-09-23T13:04:14","modified_gmt":"2025-09-23T11:04:14","slug":"corsi-humaniter","status":"publish","type":"page","link":"https:\/\/www.umanitaria.it\/napoli\/corsi-humaniter\/","title":{"rendered":"Corsi Humaniter"},"content":{"rendered":"\n<div>\n<p><strong>I Corsi Humaniter per il tempo libero<\/strong>\u00a0dal 1997, in Piazza Vanvitelli 15, nel cuore del Vomero sono tutti tenuti da docenti volontari, esperti conoscitori della materia che con passione e dedizione, trasmettono e condividono il loro sapere con le centinaia di persone iscritte. I corsi, <strong><a href=\"https:\/\/www.umanitaria.it\/napoli\/corsi-humaniter\/corsi\/\" data-type=\"page\" data-id=\"1621\">oltre 180 in presenza e 50 online<\/a><\/strong>, si svolgono dal luned\u00ec al venerd\u00ec dalle 9:00 alle 20:00, coprono i pi\u00f9 svariati argomenti e sono aperti a tutti, senza limiti di et\u00e0. Tutte le attivit\u00e0 vengono ospitate in strutture adeguate: aule spaziose, laboratori, aule multimediali. I corsi di movimento si svolgono in una palestra convenzionata situata nelle immediate adiacenze della nostra sede.\u00a0<\/p>\n\n\n\n<p>&nbsp;La forza di Humaniter sta nel suo essere un\u2019oasi aggregante per tante persone che hanno voglia di condividere interessi e coltivare passioni e dove gli stessi fruitori dei servizi offerti diventano i principali promotori di idee e progetti da realizzare sia in sede, sia a beneficio della citt\u00e0. Il progetto Humaniter, oltre a costituire di fatto un luogo d\u2019istruzione e di promozione culturale, d\u2019aggregazione sociale e d\u2019incontro tra generazioni, di scambio e di progettazione, \u00e8 strutturato per svolgere la funzione di Centro di Cultura Popolare, nel senso pi\u00f9 dinamico del termine. Pertanto, i Corsi Humaniter per il Tempo Libero, messi a punto per Napoli, nel ventaglio amplissimo di proposte, ambiscono in primo luogo a fare riemergere il senso di dignit\u00e0 e l\u2019orgoglio di appartenenza a una citt\u00e0 e a un territorio che hanno espresso nel passato una forma di civilt\u00e0 tanto originale quanto capace di affascinare. Ma vi \u00e8 una \u201cfilosofia\u201d pi\u00f9 generale che anima i corsi Humaniter. Attraverso un rapporto didattico non tradizionale, ma impostato sul colloquio e il mutuo arricchimento culturale tra docenti e discenti, si vuole realizzare un&nbsp;<strong>programma di<\/strong>&nbsp;<strong>educazione permanente<\/strong>, volto a sollecitare curiosit\u00e0 e interessi con la variet\u00e0 delle materie, moltiplicando il pi\u00f9 possibile le occasioni di aggregazione e intensificando cos\u00ec il processo di socializzazione. La scoperta di proprie potenzialit\u00e0, trascurate o ignorate, potr\u00e0 infine favorire l\u2019inserimento in attivit\u00e0 volontaristiche sul territorio cittadino.<\/p>\n\n\n\n<p><em>Una speciale Agor\u00e0 dove far confluire idee, progetti e risorse umane. Non solo attivit\u00e0 per il tempo libero; ma stimolo di cambiamento e risorsa di innovazione<\/em>.<\/p>\n<\/div>\n\n\n\n<div class=\"border-top\"><ul class=\"submenu-complete-intro\"><li><a href=\"https:\/\/www.umanitaria.it\/napoli\/corsi-humaniter\/corsi\/\"><h3><span>Corsi<\/span><\/h3><div><picture><img decoding=\"async\" src=\"https:\/\/www.umanitaria.it\/napoli\/wp-content\/uploads\/sites\/8\/2025\/10\/aula-magna-1-conferenze-1-2.jpg\" alt=\"Corsi Humaniter\" \/><\/picture><p>I Corsi Humaniter per il tempo libero sono condotti da volontari esperti, che con passione condividono le loro conoscenze con migliaia di iscritti.<\/p><\/div><\/a><\/li><li><a href=\"https:\/\/www.umanitaria.it\/napoli\/corsi-humaniter\/segreteria\/\"><h3><span>Segreteria<\/span><\/h3><div><picture><img decoding=\"async\" src=\"https:\/\/www.umanitaria.it\/napoli\/wp-content\/uploads\/sites\/8\/2025\/09\/Orari-Segreteria-Roma.jpg\" alt=\"Corsi Humaniter\" \/><\/picture><p>Orari di apertura al pubblico e contatti della segreteria dei Corsi Humaniter.<\/p><\/div><\/a><\/li><li><a href=\"https:\/\/www.umanitaria.it\/napoli\/corsi-humaniter\/novita\/\"><h3><span>Novit\u00e0<\/span><\/h3><div><picture><img decoding=\"async\" src=\"https:\/\/www.umanitaria.it\/napoli\/wp-content\/uploads\/sites\/8\/2025\/09\/Novita-Humaniter-Roma.jpg\" alt=\"Corsi Humaniter\" \/><\/picture><p>Avvisi, comunicazioni, aggiornamenti: tutto quello che c'\u00e8 da sapere per rimanere aggiornati con il mondo Humaniter.<\/p><\/div><\/a><\/li><li><a href=\"https:\/\/www.umanitaria.it\/napoli\/corsi-humaniter\/attivita\/\"><h3><span>Attivit\u00e0 Aggregative<\/span><\/h3><div><picture><img decoding=\"async\" src=\"https:\/\/www.umanitaria.it\/napoli\/wp-content\/uploads\/sites\/8\/2025\/09\/attivita_aggregative_na-1024x427.jpg\" alt=\"Corsi Humaniter\" \/><\/picture><p>Ogni anno vengono organizzati viaggi, visite e gite culturali, brevi o pi\u00f9 lunghi, per scoprire e riscoprire le bellezze del territorio e della Bella Italia.<\/p><\/div><\/a><\/li><li><a href=\"https:\/\/www.umanitaria.it\/napoli\/corsi-humaniter\/diventa-volontario\/\"><h3><span>Diventa volontario<\/span><\/h3><div><picture><img decoding=\"async\" src=\"https:\/\/www.umanitaria.it\/napoli\/wp-content\/uploads\/sites\/8\/2025\/09\/volontariato.png\" alt=\"Corsi Humaniter\" \/><\/picture><p>Scegli di trasmettere la tua passione agli altri diventando docente volontario nei corsi per il tempo libero Humaniter.<\/p><\/div><\/a><\/li><li><a href=\"https:\/\/www.umanitaria.it\/napoli\/corsi-humaniter\/convenzioni\/\"><h3><span>Convenzioni<\/span><\/h3><div><picture><img decoding=\"async\" src=\"https:\/\/www.umanitaria.it\/napoli\/wp-content\/uploads\/sites\/8\/2025\/09\/convenzioni_napoli-1024x427.jpg\" alt=\"Corsi Humaniter\" \/><\/picture><p>Con le nostre convenzioni puoi contare su una rete di agevolazioni e sconti dedicati in salute, benessere, cultura e tempo libero.<\/p><\/div><\/a><\/li><\/ul>\n<\/div>\n","protected":false},"excerpt":{"rendered":"<p>I Corsi Humaniter per il tempo libero\u00a0dal 1997, in Piazza Vanvitelli 15, nel cuore del Vomero sono tutti tenuti da docenti volontari, esperti conoscitori della materia che con passione e dedizione, trasmettono e condividono il loro sapere con le centinaia di persone iscritte. I corsi, oltre 180 in presenza e 50 online, si svolgono dal &#8230; <a title=\"Corsi Humaniter\" class=\"read-more\" href=\"https:\/\/www.umanitaria.it\/napoli\/corsi-humaniter\/\" aria-label=\"Per saperne di pi\u00f9 su Corsi Humaniter\">Leggi tutto<\/a><\/p>\n","protected":false},"author":1,"featured_media":0,"parent":0,"menu_order":5,"comment_status":"closed","ping_status":"closed","template":"","meta":{"_acf_changed":false,"_seopress_robots_primary_cat":"","_seopress_titles_title":"","_seopress_titles_desc":"","_seopress_robots_index":"","inline_featured_image":false,"footnotes":""},"class_list":["post-995","page","type-page","status-publish"],"acf":[],"_links":{"self":[{"href":"https:\/\/www.umanitaria.it\/napoli\/wp-json\/wp\/v2\/pages\/995","targetHints":{"allow":["GET"]}}],"collection":[{"href":"https:\/\/www.umanitaria.it\/napoli\/wp-json\/wp\/v2\/pages"}],"about":[{"href":"https:\/\/www.umanitaria.it\/napoli\/wp-json\/wp\/v2\/types\/page"}],"author":[{"embeddable":true,"href":"https:\/\/www.umanitaria.it\/napoli\/wp-json\/wp\/v2\/users\/1"}],"replies":[{"embeddable":true,"href":"https:\/\/www.umanitaria.it\/napoli\/wp-json\/wp\/v2\/comments?post=995"}],"version-history":[{"count":7,"href":"https:\/\/www.umanitaria.it\/napoli\/wp-json\/wp\/v2\/pages\/995\/revisions"}],"predecessor-version":[{"id":14989,"href":"https:\/\/www.umanitaria.it\/napoli\/wp-json\/wp\/v2\/pages\/995\/revisions\/14989"}],"wp:attachment":[{"href":"https:\/\/www.umanitaria.it\/napoli\/wp-json\/wp\/v2\/media?parent=995"}],"curies":[{"name":"wp","href":"https:\/\/api.w.org\/{rel}","templated":true}]}}