{"id":985,"date":"2025-05-13T08:40:46","date_gmt":"2025-05-13T06:40:46","guid":{"rendered":"https:\/\/www.umanitaria.it\/demo\/?page_id=985"},"modified":"2025-09-25T15:18:02","modified_gmt":"2025-09-25T13:18:02","slug":"chi-siamo","status":"publish","type":"page","link":"https:\/\/www.umanitaria.it\/roma\/chi-siamo\/","title":{"rendered":"Chi siamo"},"content":{"rendered":"\n<div class=\"wp-block-columns colonne-protagonisti is-layout-flex wp-container-core-columns-is-layout-9d6595d7 wp-block-columns-is-layout-flex\">\n<div class=\"wp-block-column is-layout-flow wp-block-column-is-layout-flow\">\n<figure class=\"wp-block-image size-large normal-height\"><img loading=\"lazy\" decoding=\"async\" width=\"1024\" height=\"768\" src=\"https:\/\/www.umanitaria.it\/roma\/wp-content\/uploads\/sites\/9\/2025\/09\/Sede-Di-Roma-1024x768.jpg\" alt=\"\" class=\"wp-image-14532\" srcset=\"https:\/\/www.umanitaria.it\/roma\/wp-content\/uploads\/sites\/9\/2025\/09\/Sede-Di-Roma-1024x768.jpg 1024w, https:\/\/www.umanitaria.it\/roma\/wp-content\/uploads\/sites\/9\/2025\/09\/Sede-Di-Roma-300x225.jpg 300w, https:\/\/www.umanitaria.it\/roma\/wp-content\/uploads\/sites\/9\/2025\/09\/Sede-Di-Roma-768x576.jpg 768w, https:\/\/www.umanitaria.it\/roma\/wp-content\/uploads\/sites\/9\/2025\/09\/Sede-Di-Roma-1536x1152.jpg 1536w, https:\/\/www.umanitaria.it\/roma\/wp-content\/uploads\/sites\/9\/2025\/09\/Sede-Di-Roma.jpg 2000w\" sizes=\"auto, (max-width: 1024px) 100vw, 1024px\" \/><\/figure>\n<\/div>\n\n\n\n<div class=\"wp-block-column is-layout-flow wp-block-column-is-layout-flow\">\n<p><strong>Istituita nel 2007<\/strong>, la <strong>sede di Roma della Societ\u00e0 Umanitaria<\/strong> \u00e8 la pi\u00f9 recente in ordine di tempo ed \u00e8 situata in Via Ulisse Aldrovandi 16 negli spazi che ospitano l&#8217;<a href=\"http:\/\/www.associazioniregionaliunar.it\/\" data-type=\"link\" data-id=\"http:\/\/www.associazioniregionaliunar.it\/\" target=\"_blank\" rel=\"noreferrer noopener\">UnAR<\/a>, l\u2019<strong>Unione Associazioni Regionali di Roma e del Lazio<\/strong>, con cui sussiste una fattiva e sinergica collaborazione.<\/p>\n\n\n\n<p>In linea con la programmazione della sede centrale, <strong>la sede di Roma ripropone fedelmente su scala locale un complesso di iniziative socio-culturali rivolte a tutte le fasce d\u2019et\u00e0.<\/strong><\/p>\n\n\n\n<p>Sul fronte dell\u2019educazione degli adulti<strong>\u00a0<\/strong>trovano ampio spazio i\u00a0<strong><a href=\"https:\/\/www.umanitaria.it\/roma\/corsi-humaniter\/\" data-type=\"page\" data-id=\"995\">Corsi per il Tempo Libero Humaniter<\/a><\/strong>\u00a0(frequentabili sia in presenza che in modalit\u00e0 online) e le numerose attivit\u00e0 di\u00a0<strong><a href=\"https:\/\/www.umanitaria.it\/roma\/cultura\/\" data-type=\"page\" data-id=\"1833\">intrattenimento culturale<\/a><\/strong>\u00a0che spaziano da incontri, conferenze e dibattiti periodici su temi di interesse sociale a pomeriggi dedicati all\u2019educazione alimentare e ad uno stile di vita sano, da attivit\u00e0 laboratoriali artistiche a percorsi di storia della musica, da circoli di lettura a cineforum, alle rassegne di teatro; mentre, per l\u2019ambito della<strong> <a href=\"https:\/\/www.umanitaria.it\/roma\/formazione\/\" data-type=\"page\" data-id=\"993\">Formazione continua<\/a><\/strong> vengono organizzati ed erogati corsi rivolti sia ai giornalisti che agli insegnanti.<\/p>\n<\/div>\n<\/div>\n\n\n\n<div class=\"border-top\">\n<p>La Societ\u00e0 Umanitaria organizza attivit\u00e0 per le <a href=\"https:\/\/www.umanitaria.it\/roma\/attivita-per-le-scuole\/\" data-type=\"page\" data-id=\"997\">scuole<\/a> come il\u00a0<strong><a href=\"https:\/\/www.umanitaria.it\/roma\/categoria-attivita\/studenti-studentesse\/\" data-type=\"categoria-attivita\" data-id=\"101\">Concorso Ambasciatori dei Diritti Umani<\/a><\/strong>, che coinvolge numerosi Istituti scolastici del territorio e premia giovani studenti con dei viaggi d\u2019istruzione. \u00c8 inoltre attiva nel campo della prevenzione e del contrasto al fenomeno della dispersione scolastica portando negli Istituti primari e secondari di primo grado il\u00a0<strong><a href=\"https:\/\/www.umanitaria.it\/roma\/sociale\/programma-mentore\/\" data-type=\"page\" data-id=\"1572\">Programma Mentore<\/a><\/strong>.<\/p>\n\n\n\n<p>L\u2019attenzione rivolta alle giovani generazioni prosegue con la promozione dei talenti musicali organizzando gli appuntamenti romani della&nbsp;<strong><a href=\"https:\/\/www.umanitaria.it\/roma\/cultura\/musica\/\" data-type=\"cultura\" data-id=\"71\">Stagione dei Concerti<\/a><\/strong>&nbsp;nella prestigiosa e suggestiva Sala Casella della storica <a href=\"https:\/\/www.filarmonicaromana.org\/\" target=\"_blank\" rel=\"noreferrer noopener\">Accademia Filarmonica Romana<\/a>.<\/p>\n\n\n\n<p>Spazio \u00e8 riservato anche anche a \u00a0<strong><a href=\"https:\/\/www.umanitaria.it\/roma\/attivita\/\" data-type=\"page\" data-id=\"1623\">visite guidate<\/a><\/strong>\u00a0a mostre, musei, parchi e giardini cittadini, oppure ad escursioni giornaliere o brevi viaggi. Nel periodo estivo si svolgono numerosi appuntamenti della rassegna\u00a0<strong><a href=\"https:\/\/www.umanitaria.it\/roma\/attivita\/\" data-type=\"page\" data-id=\"1623\">Se siete rimasti a casa\u2026 vacanze romane con noi<\/a><\/strong>, appositamente pensata per coinvolgere quelle persone che durante l&#8217;estate rimangono in citt\u00e0 e per incentivare la partecipazione alle opportunit\u00e0 culturali e ricreative proposte dalla Capitale.<\/p>\n<\/div>\n","protected":false},"excerpt":{"rendered":"<p>Istituita nel 2007, la sede di Roma della Societ\u00e0 Umanitaria \u00e8 la pi\u00f9 recente in ordine di tempo ed \u00e8 situata in Via Ulisse Aldrovandi 16 negli spazi che ospitano l&#8217;UnAR, l\u2019Unione Associazioni Regionali di Roma e del Lazio, con cui sussiste una fattiva e sinergica collaborazione. In linea con la programmazione della sede centrale, &#8230; <a title=\"Chi siamo\" class=\"read-more\" href=\"https:\/\/www.umanitaria.it\/roma\/chi-siamo\/\" aria-label=\"Per saperne di pi\u00f9 su Chi siamo\">Leggi tutto<\/a><\/p>\n","protected":false},"author":1,"featured_media":0,"parent":0,"menu_order":4,"comment_status":"closed","ping_status":"closed","template":"","meta":{"_acf_changed":false,"_seopress_robots_primary_cat":"","_seopress_titles_title":"","_seopress_titles_desc":"","_seopress_robots_index":"","inline_featured_image":false,"footnotes":""},"class_list":["post-985","page","type-page","status-publish"],"acf":[],"_links":{"self":[{"href":"https:\/\/www.umanitaria.it\/roma\/wp-json\/wp\/v2\/pages\/985","targetHints":{"allow":["GET"]}}],"collection":[{"href":"https:\/\/www.umanitaria.it\/roma\/wp-json\/wp\/v2\/pages"}],"about":[{"href":"https:\/\/www.umanitaria.it\/roma\/wp-json\/wp\/v2\/types\/page"}],"author":[{"embeddable":true,"href":"https:\/\/www.umanitaria.it\/roma\/wp-json\/wp\/v2\/users\/1"}],"replies":[{"embeddable":true,"href":"https:\/\/www.umanitaria.it\/roma\/wp-json\/wp\/v2\/comments?post=985"}],"version-history":[{"count":13,"href":"https:\/\/www.umanitaria.it\/roma\/wp-json\/wp\/v2\/pages\/985\/revisions"}],"predecessor-version":[{"id":14723,"href":"https:\/\/www.umanitaria.it\/roma\/wp-json\/wp\/v2\/pages\/985\/revisions\/14723"}],"wp:attachment":[{"href":"https:\/\/www.umanitaria.it\/roma\/wp-json\/wp\/v2\/media?parent=985"}],"curies":[{"name":"wp","href":"https:\/\/api.w.org\/{rel}","templated":true}]}}